{"id":689900,"date":"2025-08-27T13:48:49","date_gmt":"2025-08-27T10:48:49","guid":{"rendered":"https:\/\/roveyayinevi.com.tr\/index.php\/urun\/satrancta-kazandiran-harika-oyunlar\/"},"modified":"2026-04-16T01:59:26","modified_gmt":"2026-04-15T22:59:26","slug":"satrancta-kazandiran-harika-oyunlar","status":"publish","type":"product","link":"https:\/\/roveyayinevi.com.tr\/index.php\/urun\/satrancta-kazandiran-harika-oyunlar\/","title":{"rendered":"Satran\u00e7ta Kazand\u0131ran Harika Oyunlar"},"content":{"rendered":"<p>En \u00fcst d\u00fczeyde oynanan bir satran\u00e7 ma\u00e7\u0131n\u0131 anlamak, saatler boyu \u00e7al\u0131\u015fman\u0131n, tahta \u00fczerindeki m\u00fccadelelerin ve \u00e7ok say\u0131da yenilginin kar\u015f\u0131l\u0131\u011f\u0131nda sahip olunan bir \u00f6d\u00fcld\u00fcr! B\u00fcy\u00fckustalar\u0131n oyunlar\u0131n\u0131 hamle hamle incelerken, Bu ta\u015f\u0131 niye feda etti? yahut Niye bu kareye hamle yapmad\u0131? tarz\u0131ndaki sorular bazen i\u00e7inden \u00e7\u0131k\u0131lmaz bir hal alabilir. Uluslararas\u0131 B\u00fcy\u00fckusta Yasser Seirawan, Satran\u00e7ta Kazand\u0131ran Dizisi\u2019nin yedinci ve son kitab\u0131 olan Harika Oyunlar\u2019da sizi bu tarz sorular\u0131n cevaplar\u0131n\u0131 birlikte aramaya davet ediyor. D\u00fcnyan\u0131n en me\u015fhur satran\u00e7\u00e7\u0131lar\u0131 taraf\u0131ndan son 25 y\u0131lda oynanm\u0131\u015f en iyi 12 oyunun ayr\u0131nt\u0131l\u0131 analizlerini e\u011flenceli diliyle zevkli bir yolculu\u011fa d\u00f6n\u00fc\u015ft\u00fcr\u00fcyor. &#8211; Oyun nas\u0131l bir atmosferde oynan\u0131yordu? &#8211; Kar\u015f\u0131la\u015fan rakipler kimlerdi? &#8211; A\u00e7\u0131l\u0131\u015f hamlelerinin ard\u0131nda ne gibi stratejiler yat\u0131yordu? &#8211; Oyunortas\u0131nda iki taraf i\u00e7in ta\u015f geli\u015fimi olanaklar\u0131 ve taktik hesaplar nelerdi? &#8211; Oyunsonu yorumlar\u0131 &#8211; Bu oyunlar\u0131 harika k\u0131lan s\u0131rad\u0131\u015f\u0131 ilham ve yarat\u0131c\u0131l\u0131k anlar\u0131 &#8211; Rakibinizin kar\u015f\u0131n\u0131za \u00e7\u0131karabilece\u011fi her engeli \u00f6ng\u00f6r\u00fcn &#8211; Son darbeyi indirmenizi sa\u011flayacak r\u00fcyalar\u0131n\u0131z\u0131n kombinasyonunu ve oyunsonunu haz\u0131rlay\u0131n Yasser Seirawan\u2019\u0131n e\u011flenceli ve kolay izlenen y\u00f6ntemiyle b\u00fcy\u00fckustalar\u0131n unutulmaz ma\u00e7lar\u0131n\u0131 \u00e7ok daha iyi anlayacak, o hamleleri siz de yarat\u0131c\u0131 bir \u015fekilde uygulayabileceksiniz. Unutmay\u0131n! Bu y\u00f6ntemle, Beyaz da oynasan\u0131z, Siyah da oynasan\u0131z avantaj sizde! Yasser Seirawan, ABD\u2019nin en y\u00fcksek puanl\u0131 satran\u00e7 oyuncular\u0131ndand\u0131r. Bobby Fischer\u2019den sonra d\u00fcnya \u015fampiyonlu\u011funa aday olan ilk Amerikal\u0131 satran\u00e7\u00e7\u0131d\u0131r. 1989 y\u0131l\u0131nda Bat\u0131 Yar\u0131k\u00fcre \u015eampiyonu olmu\u015f, d\u00f6rt kez ABD \u015fampiyonlu\u011funu kazanm\u0131\u015f, on kez de ABD Satran\u00e7 Olimpiyat\u0131 tak\u0131m\u0131na se\u00e7ilmi\u015ftir. D\u00fcnya \u015fampiyonu Anatoli Karpov ile Gari Kasparov\u2019u yenebilmi\u015f az say\u0131da oyuncudan biri olarak satran\u00e7 d\u00fcnyas\u0131nda se\u00e7kin bir yere sahiptir.<\/p>\n","protected":false},"excerpt":{"rendered":"<p>En \u00fcst d\u00fczeyde oynanan bir satran\u00e7 ma\u00e7\u0131n\u0131 anlamak, saatler boyu \u00e7al\u0131\u015fman\u0131n, tahta \u00fczerindeki m\u00fccadelelerin ve \u00e7ok say\u0131da yenilginin kar\u015f\u0131l\u0131\u011f\u0131nda sahip olunan bir \u00f6d\u00fcld\u00fcr! B\u00fcy\u00fckustalar\u0131n oyunlar\u0131n\u0131 hamle<span class=\"excerpt-hellip\"> [\u2026]<\/span><\/p>\n","protected":false},"featured_media":0,"template":"","meta":{"_monsterinsights_skip_tracking":false,"_monsterinsights_sitenote_active":false,"_monsterinsights_sitenote_note":"","_monsterinsights_sitenote_category":0},"product_brand":[],"product_cat":[12312,12304],"product_tag":[],"class_list":{"0":"post-689900","1":"product","2":"type-product","3":"status-publish","5":"product_cat-diger","6":"product_cat-tarih","7":"pa_cilt-ciltsiz","8":"pa_tur-kitap","9":"pa_yayinevi-is-bankasi-kultur-yayinlari","10":"pa_yazar-yasser-seirawan","12":"first","13":"instock","14":"sale","15":"shipping-taxable","16":"purchasable","17":"product-type-simple"},"_links":{"self":[{"href":"https:\/\/roveyayinevi.com.tr\/index.php\/wp-json\/wp\/v2\/product\/689900","targetHints":{"allow":["GET"]}}],"collection":[{"href":"https:\/\/roveyayinevi.com.tr\/index.php\/wp-json\/wp\/v2\/product"}],"about":[{"href":"https:\/\/roveyayinevi.com.tr\/index.php\/wp-json\/wp\/v2\/types\/product"}],"wp:attachment":[{"href":"https:\/\/roveyayinevi.com.tr\/index.php\/wp-json\/wp\/v2\/media?parent=689900"}],"wp:term":[{"taxonomy":"product_brand","embeddable":true,"href":"https:\/\/roveyayinevi.com.tr\/index.php\/wp-json\/wp\/v2\/product_brand?post=689900"},{"taxonomy":"product_cat","embeddable":true,"href":"https:\/\/roveyayinevi.com.tr\/index.php\/wp-json\/wp\/v2\/product_cat?post=689900"},{"taxonomy":"product_tag","embeddable":true,"href":"https:\/\/roveyayinevi.com.tr\/index.php\/wp-json\/wp\/v2\/product_tag?post=689900"}],"curies":[{"name":"wp","href":"https:\/\/api.w.org\/{rel}","templated":true}]}}