{"id":689890,"date":"2025-08-27T13:48:47","date_gmt":"2025-08-27T10:48:47","guid":{"rendered":"https:\/\/roveyayinevi.com.tr\/index.php\/urun\/devlet-i-aliyye\/"},"modified":"2026-04-16T01:59:26","modified_gmt":"2026-04-15T22:59:26","slug":"devlet-i-aliyye","status":"publish","type":"product","link":"https:\/\/roveyayinevi.com.tr\/index.php\/urun\/devlet-i-aliyye\/","title":{"rendered":"Devlet-i Aliyye"},"content":{"rendered":"<p>Devlet-i &#8216;Aliyye, Osmanl\u0131 tarih\u00e7ili\u011finin \u00e7a\u011f\u0131m\u0131zdaki en b\u00fcy\u00fck isimlerinden Halil \u0130nalc\u0131k&#8217;\u0131n yar\u0131m y\u00fczy\u0131l\u0131 a\u015fan \u00e7al\u0131\u015fmalar\u0131n\u0131n bir \u00fcr\u00fcn\u00fc. Eserin bu ilk cildi, Osmanl\u0131 Devleti&#8217;nin bir beylikten Orta-Do\u011fu ve Balkanlar&#8217;\u0131 h\u00fckm\u00fc alt\u0131na alan g\u00fc\u00e7l\u00fc ve k\u00f6kl\u00fc bir imparatorluk haline geli\u015fine odaklan\u0131yor. \ufffcTan\u0131t\u0131m Metni<\/p>\n","protected":false},"excerpt":{"rendered":"<p>Devlet-i &#8216;Aliyye, Osmanl\u0131 tarih\u00e7ili\u011finin \u00e7a\u011f\u0131m\u0131zdaki en b\u00fcy\u00fck isimlerinden Halil \u0130nalc\u0131k&#8217;\u0131n yar\u0131m y\u00fczy\u0131l\u0131 a\u015fan \u00e7al\u0131\u015fmalar\u0131n\u0131n bir \u00fcr\u00fcn\u00fc. Eserin bu ilk cildi, Osmanl\u0131 Devleti&#8217;nin bir beylikten Orta-Do\u011fu ve<span class=\"excerpt-hellip\"> [\u2026]<\/span><\/p>\n","protected":false},"featured_media":0,"template":"","meta":{"_monsterinsights_skip_tracking":false,"_monsterinsights_sitenote_active":false,"_monsterinsights_sitenote_note":"","_monsterinsights_sitenote_category":0},"product_brand":[],"product_cat":[13590,12337],"product_tag":[],"class_list":{"0":"post-689890","1":"product","2":"type-product","3":"status-publish","5":"product_cat-arastirma-inceleme-politika-siyaset","6":"product_cat-politika-siyaset","7":"pa_cilt-ciltsiz","8":"pa_tur-kitap","9":"pa_yayinevi-is-bankasi-kultur-yayinlari","10":"pa_yazar-halil-inalcik","12":"first","13":"instock","14":"sale","15":"shipping-taxable","16":"purchasable","17":"product-type-simple"},"_links":{"self":[{"href":"https:\/\/roveyayinevi.com.tr\/index.php\/wp-json\/wp\/v2\/product\/689890","targetHints":{"allow":["GET"]}}],"collection":[{"href":"https:\/\/roveyayinevi.com.tr\/index.php\/wp-json\/wp\/v2\/product"}],"about":[{"href":"https:\/\/roveyayinevi.com.tr\/index.php\/wp-json\/wp\/v2\/types\/product"}],"wp:attachment":[{"href":"https:\/\/roveyayinevi.com.tr\/index.php\/wp-json\/wp\/v2\/media?parent=689890"}],"wp:term":[{"taxonomy":"product_brand","embeddable":true,"href":"https:\/\/roveyayinevi.com.tr\/index.php\/wp-json\/wp\/v2\/product_brand?post=689890"},{"taxonomy":"product_cat","embeddable":true,"href":"https:\/\/roveyayinevi.com.tr\/index.php\/wp-json\/wp\/v2\/product_cat?post=689890"},{"taxonomy":"product_tag","embeddable":true,"href":"https:\/\/roveyayinevi.com.tr\/index.php\/wp-json\/wp\/v2\/product_tag?post=689890"}],"curies":[{"name":"wp","href":"https:\/\/api.w.org\/{rel}","templated":true}]}}