{"id":689873,"date":"2025-08-27T13:48:44","date_gmt":"2025-08-27T10:48:44","guid":{"rendered":"https:\/\/roveyayinevi.com.tr\/index.php\/urun\/mahserin-dort-atlisi\/"},"modified":"2026-04-16T01:59:26","modified_gmt":"2026-04-15T22:59:26","slug":"mahserin-dort-atlisi","status":"publish","type":"product","link":"https:\/\/roveyayinevi.com.tr\/index.php\/urun\/mahserin-dort-atlisi\/","title":{"rendered":"Mah\u015ferin D\u00f6rt Atl\u0131s\u0131"},"content":{"rendered":"<p>Vicente Blasco Iba\u00f1ez (1867-1928): Hukuk e\u011fitimi alan \u0130spanyol yazar, edebiyatla oldu\u011fu kadar siyasetle de aktif olarak ilgilendi. 1891&#8217;de El Pueblo adl\u0131 cumhuriyet\u00e7i dergiyi kurdu. 1901&#8217;de parlamentoya girdi. 1908&#8217;de Arjantin&#8217;de tar\u0131m kolonileri kurmaya \u00e7al\u0131\u015ft\u0131, ba\u015far\u0131s\u0131zl\u0131kla sonu\u00e7lanan bu giri\u015fimin ard\u0131ndan tekrar Avrupa&#8217;ya d\u00f6nd\u00fc. \u0130lk d\u00f6nem eserleri canl\u0131 tasvirler ve yo\u011fun bir ger\u00e7eklik duygusuyla \u00f6r\u00fcl\u00fcd\u00fcr. Toplumsal konular\u0131 ele alan eserleri ideolojik a\u011f\u0131rl\u0131klar\u0131 nedeniyle ele\u015ftirilirken, son romanlar\u0131 derin duygusal izler ta\u015f\u0131r. 1916&#8217;da yay\u0131mlanan Mah\u015ferin D\u00f6rt Atl\u0131s\u0131 Iba\u00f1ez&#8217;e d\u00fcnya \u00e7ap\u0131nda \u00fcn kazand\u0131rd\u0131. Birinci D\u00fcnya Sava\u015f\u0131&#8217;nda Fransa cephesini konu alan eser iki kez sinemaya da aktar\u0131ld\u0131. Neyyire G\u00fcl I\u015f\u0131k: Floransa \u00dcniversitesi Edebiyat ve Felsefe Fak\u00fcltesi&#8217;nde \u00f6\u011frenim g\u00f6rd\u00fc. \u0130stanbul \u00dcniversitesi Frans\u0131z ve Roman Dilleri ve Edebiyat\u0131 b\u00f6l\u00fcm\u00fcnde \u00e7al\u0131\u015ft\u0131. 1986&#8217;da \u0130spanyol Dili ve Edebiyat\u0131 anabilim dal\u0131na atand\u0131. Italo Svevo, Italo Calvino, Leonardo Sciascia, V. Blasco Iba\u00f1ez, Juan Goytisolo, Ortega y Gasset, Antonio M. Molina&#8217;dan deneme, roman ve \u00f6yk\u00fcler \u00e7evirdi. Madrid&#8217;te Complutense \u00dcniversitesi&#8217;nde T\u00fcrk Dili ve Edebiyat\u0131 dersleri veriyor. <\/p>\n","protected":false},"excerpt":{"rendered":"<p>Vicente Blasco Iba\u00f1ez (1867-1928): Hukuk e\u011fitimi alan \u0130spanyol yazar, edebiyatla oldu\u011fu kadar siyasetle de aktif olarak ilgilendi. 1891&#8217;de El Pueblo adl\u0131 cumhuriyet\u00e7i dergiyi kurdu. 1901&#8217;de parlamentoya<span class=\"excerpt-hellip\"> [\u2026]<\/span><\/p>\n","protected":false},"featured_media":0,"template":"","meta":{"_monsterinsights_skip_tracking":false,"_monsterinsights_sitenote_active":false,"_monsterinsights_sitenote_note":"","_monsterinsights_sitenote_category":0},"product_brand":[],"product_cat":[12291,13113],"product_tag":[],"class_list":{"0":"post-689873","1":"product","2":"type-product","3":"status-publish","5":"product_cat-edebiyat","6":"product_cat-ispanyol-edebiyati","7":"pa_cilt-ciltsiz","8":"pa_tur-kitap","9":"pa_yayinevi-is-bankasi-kultur-yayinlari","10":"pa_yazar-vicente-blasco-ibanez","12":"first","13":"instock","14":"sale","15":"shipping-taxable","16":"purchasable","17":"product-type-simple"},"_links":{"self":[{"href":"https:\/\/roveyayinevi.com.tr\/index.php\/wp-json\/wp\/v2\/product\/689873","targetHints":{"allow":["GET"]}}],"collection":[{"href":"https:\/\/roveyayinevi.com.tr\/index.php\/wp-json\/wp\/v2\/product"}],"about":[{"href":"https:\/\/roveyayinevi.com.tr\/index.php\/wp-json\/wp\/v2\/types\/product"}],"wp:attachment":[{"href":"https:\/\/roveyayinevi.com.tr\/index.php\/wp-json\/wp\/v2\/media?parent=689873"}],"wp:term":[{"taxonomy":"product_brand","embeddable":true,"href":"https:\/\/roveyayinevi.com.tr\/index.php\/wp-json\/wp\/v2\/product_brand?post=689873"},{"taxonomy":"product_cat","embeddable":true,"href":"https:\/\/roveyayinevi.com.tr\/index.php\/wp-json\/wp\/v2\/product_cat?post=689873"},{"taxonomy":"product_tag","embeddable":true,"href":"https:\/\/roveyayinevi.com.tr\/index.php\/wp-json\/wp\/v2\/product_tag?post=689873"}],"curies":[{"name":"wp","href":"https:\/\/api.w.org\/{rel}","templated":true}]}}

Mahşerin Dört Atlısı

<p>Vicente Blasco Ibañez (1867-1928): Hukuk eğitimi alan İspanyol yazar, edebiyatla olduğu kadar siyasetle de aktif olarak ilgilendi. 1891&#8217;de El Pueblo adlı cumhuriyetçi dergiyi kurdu. 1901&#8217;de parlamentoya girdi. 1908&#8217;de Arjantin&#8217;de tarım kolonileri kurmaya çalıştı, başarısızlıkla sonuçlanan bu girişimin ardından tekrar Avrupa&#8217;ya döndü. İlk dönem eserleri canlı tasvirler ve yoğun bir gerçeklik duygusuyla örülüdür. Toplumsal konuları ele alan eserleri ideolojik ağırlıkları nedeniyle eleştirilirken, son romanları derin duygusal izler taşır. 1916&#8217;da yayımlanan Mahşerin Dört Atlısı Ibañez&#8217;e dünya çapında ün kazandırdı. Birinci Dünya Savaşı&#8217;nda Fransa cephesini konu alan eser iki kez sinemaya da aktarıldı. Neyyire Gül Işık: Floransa Üniversitesi Edebiyat ve Felsefe Fakültesi&#8217;nde öğrenim gördü. İstanbul Üniversitesi Fransız ve Roman Dilleri ve Edebiyatı bölümünde çalıştı. 1986&#8217;da İspanyol Dili ve Edebiyatı anabilim dalına atandı. Italo Svevo, Italo Calvino, Leonardo Sciascia, V. Blasco Ibañez, Juan Goytisolo, Ortega y Gasset, Antonio M. Molina&#8217;dan deneme, roman ve öyküler çevirdi. Madrid&#8217;te Complutense Üniversitesi&#8217;nde Türk Dili ve Edebiyatı dersleri veriyor. </p>

<p>Vicente Blasco Ibañez (1867-1928): Hukuk eğitimi alan İspanyol yazar, edebiyatla olduğu kadar siyasetle de aktif olarak ilgilendi. 1891&#8217;de El Pueblo adlı cumhuriyetçi dergiyi kurdu. 1901&#8217;de parlamentoya<span class="excerpt-hellip"> […]</span></p>
