{"id":689865,"date":"2025-08-27T13:48:43","date_gmt":"2025-08-27T10:48:43","guid":{"rendered":"https:\/\/roveyayinevi.com.tr\/index.php\/urun\/resos\/"},"modified":"2026-04-16T01:59:25","modified_gmt":"2026-04-15T22:59:25","slug":"resos","status":"publish","type":"product","link":"https:\/\/roveyayinevi.com.tr\/index.php\/urun\/resos\/","title":{"rendered":"Resos"},"content":{"rendered":"<p>Euripides (\u0130\u00d6 y.484-406): Atina\u2019n\u0131n yeti\u015ftirdi\u011fi \u00fc\u00e7 b\u00fcy\u00fck tragedya \u015fairi aras\u0131nda en fazla eseri g\u00fcn\u00fcm\u00fcze ula\u015fan sanat\u00e7\u0131 olarak \u00f6zel bir yeri vard\u0131r. Bu \u00f6zelli\u011fi \u015fenliklerde Aiskhylos ve Sophokles kadar birincilik \u00f6d\u00fcl\u00fc kazanmam\u0131\u015f olsa da halk aras\u0131nda daha \u00e7ok be\u011fenilen bir \u015fair olmas\u0131na ba\u011flan\u0131r. Euripides, tragedyalar\u0131nda insanlar\u0131 y\u0131k\u0131ma s\u00fcr\u00fckleyen yanl\u0131\u015f tutum ve d\u00fc\u015f\u00fcnceleri sergileyip, olas\u0131 felaketleri \u00f6nceden g\u00f6stererek ruhlar\u0131 e\u011fitmeyi ama\u00e7lam\u0131\u015ft\u0131r, kahramanlar\u0131 da insana \u00f6zg\u00fc zay\u0131fl\u0131k ve kusurlar\u0131 ta\u015f\u0131rlar. Resos tragedyas\u0131n\u0131n esin kayna\u011f\u0131 Homeros\u2019un \u0130lyada destan\u0131nda anlat\u0131lan kral Resos\u2019un ac\u0131 \u00f6l\u00fcm\u00fcd\u00fcr. Euripides bu tragedyada kral olma sorumlulu\u011funu ve sava\u015f\u0131n k\u00f6t\u00fc yanlar\u0131n\u0131 da vurgulam\u0131\u015ft\u0131r. Sema Sandalc\u0131: \u0130. \u00dc. Edebiyat Fak\u00fcltesi, Eski\u00e7a\u011f Dilleri ve K\u00fclt\u00fcrleri B\u00f6l\u00fcm\u00fc Klasik Filoloji Latin Dili ve Edebiyat\u0131 Anabilim Dal\u0131&#8217;ndan mezun oldu. Ayn\u0131 k\u00fcrs\u00fcde y\u00fcksek lisans\u0131n\u0131 1993&#8217;de, doktora \u00e7al\u0131\u015fmalar\u0131n\u0131 1999&#8217;da tamamlad\u0131. Trakya \u00dcniversitesi Edebiyat Fak\u00fcltesi Balkan Dilleri B\u00f6l\u00fcm\u00fc \u00f6\u011fretim \u00fcyesi olarak \u00e7al\u0131\u015f\u0131yor. Eski Yunanca Dilbilgisi ve C\u00fcmle Yap\u0131s\u0131, Modern Yunanca Dilbilgisi, Roma Edebiyat\u0131nda Satura T\u00fcr\u00fc, Tar\u0131m K\u00fclt\u00fcr\u00fcnden \u015ee\u00e7kiler, Tanr\u0131lar\u0131n Anadolu Toplant\u0131s\u0131 adl\u0131 kitaplar\u0131 yay\u0131mland\u0131. Eserleri \u00e7evirdi\u011fi yazarlar aras\u0131nda Eski Yunanca&#8217;dan Euripides ve Plutarkhos, Yunanca&#8217;dan Y. Andreadis, H. Samuilidis, V. T. Theodorakupulos, D. Sotiriyu, A. Kiriakidu, F. Asteris, T. Rodantis, P.G. Lambardis yer al\u0131yor.\ufffcTan\u0131t\u0131m Metni<\/p>\n","protected":false},"excerpt":{"rendered":"<p>Euripides (\u0130\u00d6 y.484-406): Atina\u2019n\u0131n yeti\u015ftirdi\u011fi \u00fc\u00e7 b\u00fcy\u00fck tragedya \u015fairi aras\u0131nda en fazla eseri g\u00fcn\u00fcm\u00fcze ula\u015fan sanat\u00e7\u0131 olarak \u00f6zel bir yeri vard\u0131r. Bu \u00f6zelli\u011fi \u015fenliklerde Aiskhylos ve<span class=\"excerpt-hellip\"> [\u2026]<\/span><\/p>\n","protected":false},"featured_media":0,"template":"","meta":{"_monsterinsights_skip_tracking":false,"_monsterinsights_sitenote_active":false,"_monsterinsights_sitenote_note":"","_monsterinsights_sitenote_category":0},"product_brand":[],"product_cat":[12291,13706],"product_tag":[],"class_list":{"0":"post-689865","1":"product","2":"type-product","3":"status-publish","5":"product_cat-edebiyat","6":"product_cat-efsane-destan-masal","7":"pa_cilt-ciltsiz","8":"pa_tur-kitap","9":"pa_yayinevi-is-bankasi-kultur-yayinlari","10":"pa_yazar-euripides","12":"first","13":"instock","14":"sale","15":"shipping-taxable","16":"purchasable","17":"product-type-simple"},"_links":{"self":[{"href":"https:\/\/roveyayinevi.com.tr\/index.php\/wp-json\/wp\/v2\/product\/689865","targetHints":{"allow":["GET"]}}],"collection":[{"href":"https:\/\/roveyayinevi.com.tr\/index.php\/wp-json\/wp\/v2\/product"}],"about":[{"href":"https:\/\/roveyayinevi.com.tr\/index.php\/wp-json\/wp\/v2\/types\/product"}],"wp:attachment":[{"href":"https:\/\/roveyayinevi.com.tr\/index.php\/wp-json\/wp\/v2\/media?parent=689865"}],"wp:term":[{"taxonomy":"product_brand","embeddable":true,"href":"https:\/\/roveyayinevi.com.tr\/index.php\/wp-json\/wp\/v2\/product_brand?post=689865"},{"taxonomy":"product_cat","embeddable":true,"href":"https:\/\/roveyayinevi.com.tr\/index.php\/wp-json\/wp\/v2\/product_cat?post=689865"},{"taxonomy":"product_tag","embeddable":true,"href":"https:\/\/roveyayinevi.com.tr\/index.php\/wp-json\/wp\/v2\/product_tag?post=689865"}],"curies":[{"name":"wp","href":"https:\/\/api.w.org\/{rel}","templated":true}]}}