{"id":689862,"date":"2025-08-27T13:48:42","date_gmt":"2025-08-27T10:48:42","guid":{"rendered":"https:\/\/roveyayinevi.com.tr\/index.php\/urun\/buyuk-balina-macerasi\/"},"modified":"2026-04-11T01:59:37","modified_gmt":"2026-04-10T22:59:37","slug":"buyuk-balina-macerasi","status":"publish","type":"product","link":"https:\/\/roveyayinevi.com.tr\/index.php\/urun\/buyuk-balina-macerasi\/","title":{"rendered":"B\u00fcy\u00fck Balina Maceras\u0131"},"content":{"rendered":"<p>Deniz fenerinin bek\u00e7isi ile kar\u0131s\u0131 kumsalda bir balina g\u00f6r\u00fcnce, k\u00fc\u00e7\u00fck sahil k\u00f6y\u00fc bir anda kar\u0131\u015ft\u0131. Balinan\u0131n hi\u00e7 zaman kaybetmeden denize geri d\u00f6nmesi gerekiyordu. K\u00f6ydeki herkes balinaya yard\u0131ma ko\u015ftu, ama dev hayvan\u0131 hareket ettirmek ger\u00e7ekten \u00e7ok zordu. Deniz Hikayeleri\u2019nin bu maceras\u0131nda Canan Teyze ile \u0130rfan Amca harika bir hayvana yard\u0131m etmeye \u00e7al\u0131\u015f\u0131yorlar. <\/p>\n","protected":false},"excerpt":{"rendered":"<p>Deniz fenerinin bek\u00e7isi ile kar\u0131s\u0131 kumsalda bir balina g\u00f6r\u00fcnce, k\u00fc\u00e7\u00fck sahil k\u00f6y\u00fc bir anda kar\u0131\u015ft\u0131. Balinan\u0131n hi\u00e7 zaman kaybetmeden denize geri d\u00f6nmesi gerekiyordu. K\u00f6ydeki herkes balinaya<span class=\"excerpt-hellip\"> [\u2026]<\/span><\/p>\n","protected":false},"featured_media":0,"template":"","meta":{"_monsterinsights_skip_tracking":false,"_monsterinsights_sitenote_active":false,"_monsterinsights_sitenote_note":"","_monsterinsights_sitenote_category":0},"product_brand":[],"product_cat":[12274,12284],"product_tag":[],"class_list":{"0":"post-689862","1":"product","2":"type-product","3":"status-publish","5":"product_cat-cocuk-ve-genclik-kitaplari","6":"product_cat-hikayeler","7":"pa_cilt-ciltsiz","8":"pa_tur-kitap","9":"pa_yayinevi-is-bankasi-kultur-yayinlari","10":"pa_yazar-david-armitage","12":"first","13":"instock","14":"sale","15":"shipping-taxable","16":"purchasable","17":"product-type-simple"},"_links":{"self":[{"href":"https:\/\/roveyayinevi.com.tr\/index.php\/wp-json\/wp\/v2\/product\/689862","targetHints":{"allow":["GET"]}}],"collection":[{"href":"https:\/\/roveyayinevi.com.tr\/index.php\/wp-json\/wp\/v2\/product"}],"about":[{"href":"https:\/\/roveyayinevi.com.tr\/index.php\/wp-json\/wp\/v2\/types\/product"}],"wp:attachment":[{"href":"https:\/\/roveyayinevi.com.tr\/index.php\/wp-json\/wp\/v2\/media?parent=689862"}],"wp:term":[{"taxonomy":"product_brand","embeddable":true,"href":"https:\/\/roveyayinevi.com.tr\/index.php\/wp-json\/wp\/v2\/product_brand?post=689862"},{"taxonomy":"product_cat","embeddable":true,"href":"https:\/\/roveyayinevi.com.tr\/index.php\/wp-json\/wp\/v2\/product_cat?post=689862"},{"taxonomy":"product_tag","embeddable":true,"href":"https:\/\/roveyayinevi.com.tr\/index.php\/wp-json\/wp\/v2\/product_tag?post=689862"}],"curies":[{"name":"wp","href":"https:\/\/api.w.org\/{rel}","templated":true}]}}