{"id":689836,"date":"2025-08-27T13:48:37","date_gmt":"2025-08-27T10:48:37","guid":{"rendered":"https:\/\/roveyayinevi.com.tr\/index.php\/urun\/korkunun-kralligi\/"},"modified":"2026-04-16T01:59:25","modified_gmt":"2026-04-15T22:59:25","slug":"korkunun-kralligi","status":"publish","type":"product","link":"https:\/\/roveyayinevi.com.tr\/index.php\/urun\/korkunun-kralligi\/","title":{"rendered":"Korkunun Krall\u0131\u011f\u0131"},"content":{"rendered":"<p>\u0130nsana, insanl\u0131\u011fa has duygulardan; a\u015fktan, \u00f6zlemden, ac\u0131dan, \u00f6fkeden \u015fiirler yapt\u0131 bize. Ya\u015fad\u0131\u011f\u0131m\u0131z d\u00fcnyay\u0131 de\u011fi\u015ftirebilece\u011fimizi s\u00f6yledi m\u0131sra m\u0131sra. Bu y\u00fczden de korkuttu kral lar\u0131 Attila \u0130lhan&#8230; Bu kitapta okuyaca\u011f\u0131n\u0131z \u015fiirler, bu \u00fclkenin kocaman bir Korku Krall\u0131\u011f\u0131 na d\u00f6n\u00fc\u015ft\u00fc\u011f\u00fc 12 Eyl\u00fcl d\u00f6neminde yaz\u0131lm\u0131\u015f ve o d\u00f6nemin bask\u0131c\u0131, her t\u00fcrl\u00fc \u00f6zg\u00fcrl\u00fc\u011f\u00fc yok eden, sindirici, kanat\u0131c\u0131, \u00e7\u00fcr\u00fct\u00fcc\u00fc ortam\u0131n\u0131 anlat\u0131yor. Sirenler \u00e7al\u0131yor m\u0131sralar\u0131nda; zincir \u015fak\u0131rt\u0131lar\u0131 kol geziyor, sokaklardan kan s\u0131z\u0131yor, bir insan a\u011fl\u0131yor bazen, bir kad\u0131n ac\u0131dan sarho\u015f oluyor&#8230;\ufffc<\/p>\n","protected":false},"excerpt":{"rendered":"<p>\u0130nsana, insanl\u0131\u011fa has duygulardan; a\u015fktan, \u00f6zlemden, ac\u0131dan, \u00f6fkeden \u015fiirler yapt\u0131 bize. Ya\u015fad\u0131\u011f\u0131m\u0131z d\u00fcnyay\u0131 de\u011fi\u015ftirebilece\u011fimizi s\u00f6yledi m\u0131sra m\u0131sra. Bu y\u00fczden de korkuttu kral lar\u0131 Attila \u0130lhan&#8230; Bu<span class=\"excerpt-hellip\"> [\u2026]<\/span><\/p>\n","protected":false},"featured_media":0,"template":"","meta":{"_monsterinsights_skip_tracking":false,"_monsterinsights_sitenote_active":false,"_monsterinsights_sitenote_note":"","_monsterinsights_sitenote_category":0},"product_brand":[],"product_cat":[12291,12509],"product_tag":[],"class_list":{"0":"post-689836","1":"product","2":"type-product","3":"status-publish","5":"product_cat-edebiyat","6":"product_cat-siir","7":"pa_cilt-ciltsiz","8":"pa_tur-kitap","9":"pa_yayinevi-is-bankasi-kultur-yayinlari","10":"pa_yazar-attila-ilhan","12":"first","13":"instock","14":"sale","15":"shipping-taxable","16":"purchasable","17":"product-type-simple"},"_links":{"self":[{"href":"https:\/\/roveyayinevi.com.tr\/index.php\/wp-json\/wp\/v2\/product\/689836","targetHints":{"allow":["GET"]}}],"collection":[{"href":"https:\/\/roveyayinevi.com.tr\/index.php\/wp-json\/wp\/v2\/product"}],"about":[{"href":"https:\/\/roveyayinevi.com.tr\/index.php\/wp-json\/wp\/v2\/types\/product"}],"wp:attachment":[{"href":"https:\/\/roveyayinevi.com.tr\/index.php\/wp-json\/wp\/v2\/media?parent=689836"}],"wp:term":[{"taxonomy":"product_brand","embeddable":true,"href":"https:\/\/roveyayinevi.com.tr\/index.php\/wp-json\/wp\/v2\/product_brand?post=689836"},{"taxonomy":"product_cat","embeddable":true,"href":"https:\/\/roveyayinevi.com.tr\/index.php\/wp-json\/wp\/v2\/product_cat?post=689836"},{"taxonomy":"product_tag","embeddable":true,"href":"https:\/\/roveyayinevi.com.tr\/index.php\/wp-json\/wp\/v2\/product_tag?post=689836"}],"curies":[{"name":"wp","href":"https:\/\/api.w.org\/{rel}","templated":true}]}}