{"id":689828,"date":"2025-08-27T13:48:30","date_gmt":"2025-08-27T10:48:30","guid":{"rendered":"https:\/\/roveyayinevi.com.tr\/index.php\/urun\/maskeli-balo\/"},"modified":"2026-04-16T01:59:25","modified_gmt":"2026-04-15T22:59:25","slug":"maskeli-balo","status":"publish","type":"product","link":"https:\/\/roveyayinevi.com.tr\/index.php\/urun\/maskeli-balo\/","title":{"rendered":"Maskeli Balo"},"content":{"rendered":"<p>Ali fenerde ilgin\u00e7 bir yaz\u0131t ke\u015ffeder. Deniz feneri yak\u0131nda 200 ya\u015f\u0131n\u0131 dolduracakt\u0131r. Bunu \u00f6\u011frenen k\u00f6y sakinleri 200. y\u0131ld\u00f6n\u00fcm\u00fc i\u00e7in \u00f6zel bir e\u011flence d\u00fczenlemeye karar verirler. Canan Teyze bir maskeli balo yapmay\u0131 \u00f6nerir. Art\u0131k herkes baloda giyece\u011fi kost\u00fcm\u00fc d\u00fc\u015f\u00fcnmeye ba\u015flam\u0131\u015ft\u0131r. Canan Teyze ile \u0130rfan Amca korsan k\u0131l\u0131\u011f\u0131na girmeyi planlarlar. Ancak korsan olmak ak\u0131ll\u0131ca bir se\u00e7im de\u011fildir. \u0130\u015fler k\u0131sa s\u00fcrede kar\u0131\u015f\u0131r. Deniz Hikayeleri\u2019nin bu maceras\u0131nda Canan Teyze ile \u0130rfan Amca korsan olmaya \u00e7al\u0131\u015f\u0131yorlar. <\/p>\n","protected":false},"excerpt":{"rendered":"<p>Ali fenerde ilgin\u00e7 bir yaz\u0131t ke\u015ffeder. Deniz feneri yak\u0131nda 200 ya\u015f\u0131n\u0131 dolduracakt\u0131r. Bunu \u00f6\u011frenen k\u00f6y sakinleri 200. y\u0131ld\u00f6n\u00fcm\u00fc i\u00e7in \u00f6zel bir e\u011flence d\u00fczenlemeye karar verirler. Canan<span class=\"excerpt-hellip\"> [\u2026]<\/span><\/p>\n","protected":false},"featured_media":0,"template":"","meta":{"_monsterinsights_skip_tracking":false,"_monsterinsights_sitenote_active":false,"_monsterinsights_sitenote_note":"","_monsterinsights_sitenote_category":0},"product_brand":[],"product_cat":[12492,12274],"product_tag":[],"class_list":{"0":"post-689828","1":"product","2":"type-product","3":"status-publish","5":"product_cat-bilmece-bulmaca","6":"product_cat-cocuk-ve-genclik-kitaplari","7":"pa_cilt-ciltsiz","8":"pa_tur-kitap","9":"pa_yayinevi-is-bankasi-kultur-yayinlari","10":"pa_yazar-david-armitage","12":"first","13":"instock","14":"sale","15":"shipping-taxable","16":"purchasable","17":"product-type-simple"},"_links":{"self":[{"href":"https:\/\/roveyayinevi.com.tr\/index.php\/wp-json\/wp\/v2\/product\/689828","targetHints":{"allow":["GET"]}}],"collection":[{"href":"https:\/\/roveyayinevi.com.tr\/index.php\/wp-json\/wp\/v2\/product"}],"about":[{"href":"https:\/\/roveyayinevi.com.tr\/index.php\/wp-json\/wp\/v2\/types\/product"}],"wp:attachment":[{"href":"https:\/\/roveyayinevi.com.tr\/index.php\/wp-json\/wp\/v2\/media?parent=689828"}],"wp:term":[{"taxonomy":"product_brand","embeddable":true,"href":"https:\/\/roveyayinevi.com.tr\/index.php\/wp-json\/wp\/v2\/product_brand?post=689828"},{"taxonomy":"product_cat","embeddable":true,"href":"https:\/\/roveyayinevi.com.tr\/index.php\/wp-json\/wp\/v2\/product_cat?post=689828"},{"taxonomy":"product_tag","embeddable":true,"href":"https:\/\/roveyayinevi.com.tr\/index.php\/wp-json\/wp\/v2\/product_tag?post=689828"}],"curies":[{"name":"wp","href":"https:\/\/api.w.org\/{rel}","templated":true}]}}