{"id":689799,"date":"2025-08-27T13:48:24","date_gmt":"2025-08-27T10:48:24","guid":{"rendered":"https:\/\/roveyayinevi.com.tr\/index.php\/urun\/piramit\/"},"modified":"2026-04-16T01:59:24","modified_gmt":"2026-04-15T22:59:24","slug":"piramit","status":"publish","type":"product","link":"https:\/\/roveyayinevi.com.tr\/index.php\/urun\/piramit\/","title":{"rendered":"Piramit"},"content":{"rendered":"<p>Golding, kendi ya\u015fam\u0131ndan izler ta\u015f\u0131yan Piramit\u2019te bizi 2. D\u00fcnya Sava\u015f\u0131 \u00f6ncesinde \u0130ngiliz ta\u015fras\u0131n\u0131n \u201cs\u0131n\u0131f tak\u0131nt\u0131l\u0131\u201d ve bo\u011fucu ortam\u0131na g\u00f6t\u00fcr\u00fcr. \u0130nsanlar\u0131n kat\u0131 bir toplumsal hiyerar\u015fiye g\u00f6re konumland\u0131\u011f\u0131, herkesin kendi yerini bildi\u011fi bu kasabada birbirine hi\u00e7 temas etmeyen hayatlar s\u00fcr\u00fcl\u00fcr. Anlat\u0131n\u0131n hen\u00fcz yeti\u015fkin d\u00fcnyas\u0131ndaki ili\u015fkileri kavrayamam\u0131\u015f bir g\u00f6zlemcinin, gen\u00e7 ve toy Oliver\u2019\u0131n bak\u0131\u015f a\u00e7\u0131s\u0131ndan aktar\u0131lmas\u0131 ise ironiktir. Piramit, 1920\u2019lerden 1940\u2019lara uzanan yeniyetmelikten yeti\u015fkinli\u011fe ge\u00e7i\u015f s\u00fcrecine tan\u0131kl\u0131k etti\u011fimiz Oliver\u2019\u0131n \u00e7ocuklu\u011funa ve gen\u00e7li\u011fine ait trajik oldu\u011fu kadar da komik \u00fc\u00e7 hikayeden olu\u015fur. <\/p>\n","protected":false},"excerpt":{"rendered":"<p>Golding, kendi ya\u015fam\u0131ndan izler ta\u015f\u0131yan Piramit\u2019te bizi 2. D\u00fcnya Sava\u015f\u0131 \u00f6ncesinde \u0130ngiliz ta\u015fras\u0131n\u0131n \u201cs\u0131n\u0131f tak\u0131nt\u0131l\u0131\u201d ve bo\u011fucu ortam\u0131na g\u00f6t\u00fcr\u00fcr. \u0130nsanlar\u0131n kat\u0131 bir toplumsal hiyerar\u015fiye g\u00f6re konumland\u0131\u011f\u0131,<span class=\"excerpt-hellip\"> [\u2026]<\/span><\/p>\n","protected":false},"featured_media":0,"template":"","meta":{"_monsterinsights_skip_tracking":false,"_monsterinsights_sitenote_active":false,"_monsterinsights_sitenote_note":"","_monsterinsights_sitenote_category":0},"product_brand":[],"product_cat":[12291,12866],"product_tag":[],"class_list":{"0":"post-689799","1":"product","2":"type-product","3":"status-publish","5":"product_cat-edebiyat","6":"product_cat-ingiliz-edebiyati","7":"pa_cilt-ciltsiz","8":"pa_tur-kitap","9":"pa_yayinevi-is-bankasi-kultur-yayinlari","10":"pa_yazar-william-golding","12":"first","13":"instock","14":"sale","15":"shipping-taxable","16":"purchasable","17":"product-type-simple"},"_links":{"self":[{"href":"https:\/\/roveyayinevi.com.tr\/index.php\/wp-json\/wp\/v2\/product\/689799","targetHints":{"allow":["GET"]}}],"collection":[{"href":"https:\/\/roveyayinevi.com.tr\/index.php\/wp-json\/wp\/v2\/product"}],"about":[{"href":"https:\/\/roveyayinevi.com.tr\/index.php\/wp-json\/wp\/v2\/types\/product"}],"wp:attachment":[{"href":"https:\/\/roveyayinevi.com.tr\/index.php\/wp-json\/wp\/v2\/media?parent=689799"}],"wp:term":[{"taxonomy":"product_brand","embeddable":true,"href":"https:\/\/roveyayinevi.com.tr\/index.php\/wp-json\/wp\/v2\/product_brand?post=689799"},{"taxonomy":"product_cat","embeddable":true,"href":"https:\/\/roveyayinevi.com.tr\/index.php\/wp-json\/wp\/v2\/product_cat?post=689799"},{"taxonomy":"product_tag","embeddable":true,"href":"https:\/\/roveyayinevi.com.tr\/index.php\/wp-json\/wp\/v2\/product_tag?post=689799"}],"curies":[{"name":"wp","href":"https:\/\/api.w.org\/{rel}","templated":true}]}}