{"id":689780,"date":"2025-08-27T13:48:21","date_gmt":"2025-08-27T10:48:21","guid":{"rendered":"https:\/\/roveyayinevi.com.tr\/index.php\/urun\/cimri-2\/"},"modified":"2026-04-16T01:59:23","modified_gmt":"2026-04-15T22:59:23","slug":"cimri-2","status":"publish","type":"product","link":"https:\/\/roveyayinevi.com.tr\/index.php\/urun\/cimri-2\/","title":{"rendered":"Cimri"},"content":{"rendered":"<p>Moliere (Jean-Baptiste Poquelin) (1622-1673); Eserlerindeki tiplemelerle d\u00fcnya edebiyat\u0131nda, Shakespeare\u2019den sonra insan ger\u00e7ekli\u011fine belki de en derinlemesine n\u00fcfuz eden oyun yazarlar\u0131ndan biridir. Kad\u0131nlar Mektebi\u2019nden Kibarl\u0131k Budalas\u0131\u2019na, Cimri\u2019den Hastal\u0131k Hastas\u0131\u2019na bu oyunlar, sadece d\u00f6nemin tutucu otoritelerini rahats\u0131z etmekle kalmam\u0131\u015f, tazaliklerini bug\u00fcne kadar korumu\u015flard\u0131r.<\/p>\n","protected":false},"excerpt":{"rendered":"<p>Moliere (Jean-Baptiste Poquelin) (1622-1673); Eserlerindeki tiplemelerle d\u00fcnya edebiyat\u0131nda, Shakespeare\u2019den sonra insan ger\u00e7ekli\u011fine belki de en derinlemesine n\u00fcfuz eden oyun yazarlar\u0131ndan biridir. Kad\u0131nlar Mektebi\u2019nden Kibarl\u0131k Budalas\u0131\u2019na, Cimri\u2019den<span class=\"excerpt-hellip\"> [\u2026]<\/span><\/p>\n","protected":false},"featured_media":0,"template":"","meta":{"_monsterinsights_skip_tracking":false,"_monsterinsights_sitenote_active":false,"_monsterinsights_sitenote_note":"","_monsterinsights_sitenote_category":0},"product_brand":[],"product_cat":[12291,14272],"product_tag":[],"class_list":{"0":"post-689780","1":"product","2":"type-product","3":"status-publish","5":"product_cat-edebiyat","6":"product_cat-tiyatro","7":"pa_cilt-ciltsiz","8":"pa_tur-kitap","9":"pa_yayinevi-is-bankasi-kultur-yayinlari","10":"pa_yazar-moliere","12":"first","13":"instock","14":"sale","15":"shipping-taxable","16":"purchasable","17":"product-type-simple"},"_links":{"self":[{"href":"https:\/\/roveyayinevi.com.tr\/index.php\/wp-json\/wp\/v2\/product\/689780","targetHints":{"allow":["GET"]}}],"collection":[{"href":"https:\/\/roveyayinevi.com.tr\/index.php\/wp-json\/wp\/v2\/product"}],"about":[{"href":"https:\/\/roveyayinevi.com.tr\/index.php\/wp-json\/wp\/v2\/types\/product"}],"wp:attachment":[{"href":"https:\/\/roveyayinevi.com.tr\/index.php\/wp-json\/wp\/v2\/media?parent=689780"}],"wp:term":[{"taxonomy":"product_brand","embeddable":true,"href":"https:\/\/roveyayinevi.com.tr\/index.php\/wp-json\/wp\/v2\/product_brand?post=689780"},{"taxonomy":"product_cat","embeddable":true,"href":"https:\/\/roveyayinevi.com.tr\/index.php\/wp-json\/wp\/v2\/product_cat?post=689780"},{"taxonomy":"product_tag","embeddable":true,"href":"https:\/\/roveyayinevi.com.tr\/index.php\/wp-json\/wp\/v2\/product_tag?post=689780"}],"curies":[{"name":"wp","href":"https:\/\/api.w.org\/{rel}","templated":true}]}}