{"id":689779,"date":"2025-08-27T13:48:20","date_gmt":"2025-08-27T10:48:20","guid":{"rendered":"https:\/\/roveyayinevi.com.tr\/index.php\/urun\/buyukannem-bir-yildiz\/"},"modified":"2026-04-11T13:18:29","modified_gmt":"2026-04-11T10:18:29","slug":"buyukannem-bir-yildiz","status":"publish","type":"product","link":"https:\/\/roveyayinevi.com.tr\/index.php\/urun\/buyukannem-bir-yildiz\/","title":{"rendered":"B\u00fcy\u00fckannem Bir Y\u0131ld\u0131z"},"content":{"rendered":"<p>Herkesin B\u00fcy\u00fckannesi D\u00fcnyan\u0131n En \u0130yi B\u00fcy\u00fckannesi&#8230; Benim b\u00fcy\u00fckannem harika biridir. B\u00fcy\u00fckannem bir y\u0131ld\u0131zd\u0131r. Her zaman sadece benim i\u00e7in \u0131\u015f\u0131ldar. O bir dahidir. O \u00e7ok ak\u0131ll\u0131d\u0131r. Her \u015feyi bilir. Birlikte \u00e7ok e\u011fleniriz. Senin b\u00fcy\u00fckannen de bir y\u0131ld\u0131z m\u0131?<\/p>\n","protected":false},"excerpt":{"rendered":"<p>Herkesin B\u00fcy\u00fckannesi D\u00fcnyan\u0131n En \u0130yi B\u00fcy\u00fckannesi&#8230; Benim b\u00fcy\u00fckannem harika biridir. B\u00fcy\u00fckannem bir y\u0131ld\u0131zd\u0131r. Her zaman sadece benim i\u00e7in \u0131\u015f\u0131ldar. O bir dahidir. O \u00e7ok ak\u0131ll\u0131d\u0131r. Her<span class=\"excerpt-hellip\"> [\u2026]<\/span><\/p>\n","protected":false},"featured_media":0,"template":"","meta":{"_monsterinsights_skip_tracking":false,"_monsterinsights_sitenote_active":false,"_monsterinsights_sitenote_note":"","_monsterinsights_sitenote_category":0},"product_brand":[],"product_cat":[12274,12284],"product_tag":[],"class_list":{"0":"post-689779","1":"product","2":"type-product","3":"status-publish","5":"product_cat-cocuk-ve-genclik-kitaplari","6":"product_cat-hikayeler","7":"pa_cilt-ciltsiz","8":"pa_tur-kitap","9":"pa_yayinevi-is-bankasi-kultur-yayinlari","10":"pa_yazar-carl-norac","12":"first","13":"instock","14":"sale","15":"shipping-taxable","16":"purchasable","17":"product-type-simple"},"_links":{"self":[{"href":"https:\/\/roveyayinevi.com.tr\/index.php\/wp-json\/wp\/v2\/product\/689779","targetHints":{"allow":["GET"]}}],"collection":[{"href":"https:\/\/roveyayinevi.com.tr\/index.php\/wp-json\/wp\/v2\/product"}],"about":[{"href":"https:\/\/roveyayinevi.com.tr\/index.php\/wp-json\/wp\/v2\/types\/product"}],"wp:attachment":[{"href":"https:\/\/roveyayinevi.com.tr\/index.php\/wp-json\/wp\/v2\/media?parent=689779"}],"wp:term":[{"taxonomy":"product_brand","embeddable":true,"href":"https:\/\/roveyayinevi.com.tr\/index.php\/wp-json\/wp\/v2\/product_brand?post=689779"},{"taxonomy":"product_cat","embeddable":true,"href":"https:\/\/roveyayinevi.com.tr\/index.php\/wp-json\/wp\/v2\/product_cat?post=689779"},{"taxonomy":"product_tag","embeddable":true,"href":"https:\/\/roveyayinevi.com.tr\/index.php\/wp-json\/wp\/v2\/product_tag?post=689779"}],"curies":[{"name":"wp","href":"https:\/\/api.w.org\/{rel}","templated":true}]}}