{"id":689768,"date":"2025-08-27T13:48:18","date_gmt":"2025-08-27T10:48:18","guid":{"rendered":"https:\/\/roveyayinevi.com.tr\/index.php\/urun\/bir-yaz-gecesi-ruyasi\/"},"modified":"2026-04-16T01:59:23","modified_gmt":"2026-04-15T22:59:23","slug":"bir-yaz-gecesi-ruyasi","status":"publish","type":"product","link":"https:\/\/roveyayinevi.com.tr\/index.php\/urun\/bir-yaz-gecesi-ruyasi\/","title":{"rendered":"Bir Yaz Gecesi R\u00fcyas\u0131"},"content":{"rendered":"<p>William Shakespeare (1564-1616): Oyunlar\u0131 ve \u015fiirlerinde insanl\u0131k durumlar\u0131n\u0131 dile getiri\u015f g\u00fcc\u00fcyle d\u00f6rt y\u00fcz y\u0131ld\u0131r b\u00fct\u00fcn d\u00fcnya okur ve seyircilerini etkilemeyi s\u00fcrd\u00fcren efsanevi yazar, Bir Yaz Gecesi R\u00fcyas\u0131 adl\u0131 komedyas\u0131nda bir a\u015fk \u00f6yk\u00fcs\u00fcn\u00fc o d\u00f6nemde pek reva\u00e7ta olan cin ve peri masallar\u0131n\u0131 kullanarak anlat\u0131r. Ancak Shakespeare Bir Yaz Gecesi R\u00fcyas\u0131\u2019nda \u00e7a\u011fda\u015f oyunlara parmak \u0131s\u0131rtacak imgesel tasar\u0131mlar ve s\u0131n\u0131rs\u0131z bir hayal g\u00fcc\u00fcn\u00fcn yaratabilece\u011fi fanteziler \u00fcretmi\u015ftir. Oyun a\u015fk \u00fczerine kurulmu\u015f olsa bile, bu eserinde de birey ve toplum ele\u015ftirisini ihmal etmeyen Shakespeare, kendi d\u00f6nemindeki amat\u00f6r oyuncular\u0131n bir ta\u015flamas\u0131n\u0131 da oyun i\u00e7inde oyun halinde Bir Yaz Gecesi R\u00fcyas\u0131\u2019na yerle\u015ftirmi\u015ftir.<\/p>\n","protected":false},"excerpt":{"rendered":"<p>William Shakespeare (1564-1616): Oyunlar\u0131 ve \u015fiirlerinde insanl\u0131k durumlar\u0131n\u0131 dile getiri\u015f g\u00fcc\u00fcyle d\u00f6rt y\u00fcz y\u0131ld\u0131r b\u00fct\u00fcn d\u00fcnya okur ve seyircilerini etkilemeyi s\u00fcrd\u00fcren efsanevi yazar, Bir Yaz Gecesi<span class=\"excerpt-hellip\"> [\u2026]<\/span><\/p>\n","protected":false},"featured_media":0,"template":"","meta":{"_monsterinsights_skip_tracking":false,"_monsterinsights_sitenote_active":false,"_monsterinsights_sitenote_note":"","_monsterinsights_sitenote_category":0},"product_brand":[],"product_cat":[13835],"product_tag":[],"class_list":{"0":"post-689768","1":"product","2":"type-product","3":"status-publish","5":"product_cat-cok-satanlar","6":"pa_cilt-ciltsiz","7":"pa_tur-kitap","8":"pa_yayinevi-is-bankasi-kultur-yayinlari","9":"pa_yazar-william-shakespeare","11":"first","12":"instock","13":"sale","14":"shipping-taxable","15":"purchasable","16":"product-type-simple"},"_links":{"self":[{"href":"https:\/\/roveyayinevi.com.tr\/index.php\/wp-json\/wp\/v2\/product\/689768","targetHints":{"allow":["GET"]}}],"collection":[{"href":"https:\/\/roveyayinevi.com.tr\/index.php\/wp-json\/wp\/v2\/product"}],"about":[{"href":"https:\/\/roveyayinevi.com.tr\/index.php\/wp-json\/wp\/v2\/types\/product"}],"wp:attachment":[{"href":"https:\/\/roveyayinevi.com.tr\/index.php\/wp-json\/wp\/v2\/media?parent=689768"}],"wp:term":[{"taxonomy":"product_brand","embeddable":true,"href":"https:\/\/roveyayinevi.com.tr\/index.php\/wp-json\/wp\/v2\/product_brand?post=689768"},{"taxonomy":"product_cat","embeddable":true,"href":"https:\/\/roveyayinevi.com.tr\/index.php\/wp-json\/wp\/v2\/product_cat?post=689768"},{"taxonomy":"product_tag","embeddable":true,"href":"https:\/\/roveyayinevi.com.tr\/index.php\/wp-json\/wp\/v2\/product_tag?post=689768"}],"curies":[{"name":"wp","href":"https:\/\/api.w.org\/{rel}","templated":true}]}}