{"id":689758,"date":"2025-08-27T13:48:16","date_gmt":"2025-08-27T10:48:16","guid":{"rendered":"https:\/\/roveyayinevi.com.tr\/index.php\/urun\/martin-eden\/"},"modified":"2026-04-16T01:59:23","modified_gmt":"2026-04-15T22:59:23","slug":"martin-eden","status":"publish","type":"product","link":"https:\/\/roveyayinevi.com.tr\/index.php\/urun\/martin-eden\/","title":{"rendered":"Martin Eden"},"content":{"rendered":"<p>Jack London bir sosyalist olmas\u0131na ra\u011fmen, yaratt\u0131\u011f\u0131 yar\u0131-otobiyografik \u00f6zellikteki Martin Eden karakteri olduk\u00e7a bireycidir. \u0130\u015f\u00e7i s\u0131n\u0131f\u0131ndan gelen Martin Eden, s\u0131n\u0131f\u0131n\u0131n refah\u0131 ve geli\u015fimi i\u00e7in \u00e7abalamak yerine kendi refah\u0131 ve geli\u015fimi i\u00e7in \u00e7aba sarf eder. Sosyalist bulu\u015fmalarda\/etkinliklerde dahi Nietzsche ve Herbert Spencer&#8217;dan al\u0131nt\u0131lar yaparak sosyalizmin \u201ck\u00f6le ahlak\u0131\u201dn\u0131 reddeder. Roman kahraman\u0131 Martin Eden\u2019in bak\u0131\u015f a\u00e7\u0131s\u0131ndan g\u00f6r\u00fclen sosyal s\u0131n\u0131f, romanda olduk\u00e7a \u00f6nemli bir temad\u0131r. Martin Eden, i\u015f\u00e7i s\u0131n\u0131f\u0131ndan gelen bir denizciyken burjuva Morse ailesiyle tan\u0131\u015ft\u0131ktan sonra onlardan ilham alm\u0131\u015ft\u0131r. Martin Eden kendisini geli\u015ftirdik\u00e7e, kendi sosyal s\u0131n\u0131f\u0131 olan i\u015f\u00e7i s\u0131n\u0131f\u0131ndan uzakla\u015fmaktad\u0131r. Sonras\u0131nda e\u011fitimi ve bilgisi, i\u00e7ine girmek istedi\u011fi burjuva \u00e7evresinin de \u00fcst\u00fcne \u00e7\u0131k\u0131nca kendisini tamamen yaln\u0131z hisseder. Paul Berman\u2019a g\u00f6re protagonist, \u201ctemiz ve modern Eden\u201d ile ge\u00e7mi\u015findeki \u201ckavgac\u0131 barbar Eden\u201di ba\u011fda\u015ft\u0131ramamakta ve bu durum da onu hezeyanlarla dolu bir ikileme mahk\u00fbm etmektedir.<\/p>\n","protected":false},"excerpt":{"rendered":"<p>Jack London bir sosyalist olmas\u0131na ra\u011fmen, yaratt\u0131\u011f\u0131 yar\u0131-otobiyografik \u00f6zellikteki Martin Eden karakteri olduk\u00e7a bireycidir. \u0130\u015f\u00e7i s\u0131n\u0131f\u0131ndan gelen Martin Eden, s\u0131n\u0131f\u0131n\u0131n refah\u0131 ve geli\u015fimi i\u00e7in \u00e7abalamak yerine<span class=\"excerpt-hellip\"> [\u2026]<\/span><\/p>\n","protected":false},"featured_media":0,"template":"","meta":{"_monsterinsights_skip_tracking":false,"_monsterinsights_sitenote_active":false,"_monsterinsights_sitenote_note":"","_monsterinsights_sitenote_category":0},"product_brand":[],"product_cat":[12891,12291],"product_tag":[],"class_list":{"0":"post-689758","1":"product","2":"type-product","3":"status-publish","5":"product_cat-amerikan-edebiyati","6":"product_cat-edebiyat","7":"pa_cilt-ciltsiz","8":"pa_tur-kitap","9":"pa_yayinevi-iskele-yayincilik","10":"pa_yazar-jack-london","12":"first","13":"instock","14":"sale","15":"shipping-taxable","16":"purchasable","17":"product-type-simple"},"_links":{"self":[{"href":"https:\/\/roveyayinevi.com.tr\/index.php\/wp-json\/wp\/v2\/product\/689758","targetHints":{"allow":["GET"]}}],"collection":[{"href":"https:\/\/roveyayinevi.com.tr\/index.php\/wp-json\/wp\/v2\/product"}],"about":[{"href":"https:\/\/roveyayinevi.com.tr\/index.php\/wp-json\/wp\/v2\/types\/product"}],"wp:attachment":[{"href":"https:\/\/roveyayinevi.com.tr\/index.php\/wp-json\/wp\/v2\/media?parent=689758"}],"wp:term":[{"taxonomy":"product_brand","embeddable":true,"href":"https:\/\/roveyayinevi.com.tr\/index.php\/wp-json\/wp\/v2\/product_brand?post=689758"},{"taxonomy":"product_cat","embeddable":true,"href":"https:\/\/roveyayinevi.com.tr\/index.php\/wp-json\/wp\/v2\/product_cat?post=689758"},{"taxonomy":"product_tag","embeddable":true,"href":"https:\/\/roveyayinevi.com.tr\/index.php\/wp-json\/wp\/v2\/product_tag?post=689758"}],"curies":[{"name":"wp","href":"https:\/\/api.w.org\/{rel}","templated":true}]}}