{"id":689744,"date":"2025-08-27T13:48:14","date_gmt":"2025-08-27T10:48:14","guid":{"rendered":"https:\/\/roveyayinevi.com.tr\/index.php\/urun\/benim-universitelerim\/"},"modified":"2026-04-16T01:59:23","modified_gmt":"2026-04-15T22:59:23","slug":"benim-universitelerim","status":"publish","type":"product","link":"https:\/\/roveyayinevi.com.tr\/index.php\/urun\/benim-universitelerim\/","title":{"rendered":"Benim \u00dcniversitelerim"},"content":{"rendered":"<p>K\u00f6t\u00fcl\u00fck her yerdeydi ama kimse nedenini bilmiyordu! &#8220;Bilinmeyen bir yerde, bir \u00f6r\u00fcmcek gibi oturuyor; \u00f6rd\u00fc\u011f\u00fc g\u00f6r\u00fcnmez a\u011flar ya\u015fam\u0131 s\u0131ms\u0131k\u0131 sar\u0131yor ve bu a\u011f\u0131n g\u00fc\u00e7l\u00fc d\u00fc\u011f\u00fcmleri her yerde hissediliyordu. O, kendini sonsuza de\u011fin insanlara yard\u0131m etmekle cezaland\u0131rm\u0131\u015ft\u0131. \u0130nsan\u0131 sersemleten fikirlerle hayat\u0131n anlams\u0131zl\u0131\u011f\u0131na ve \u00e7al\u0131\u015fman\u0131n gereksizli\u011fine ait bir s\u00fcr\u00fc nutuk dinledi. Bir hayal u\u011fruna ayaklan\u0131yor, hayatta bir yerleri olmad\u0131\u011f\u0131n\u0131 g\u00f6r\u00fcyorlard\u0131. Ya\u015fam, boynundaki d\u00fc\u011f\u00fcm\u00fc fazla s\u0131k\u0131yor, daha s\u0131k\u0131 ba\u011fl\u0131yordu. \u015eahlanm\u0131\u015f fikirlerin kaprisli s\u0131\u00e7ray\u0131\u015flar\u0131n\u0131 izlemiyordu art\u0131k. Olanaks\u0131z gibi g\u00f6r\u00fcneni istiyorlard\u0131 asl\u0131nda; onlara g\u00f6re olanakl\u0131 durum bir\u00e7o\u011funun zannetti\u011fi gibi olan\u0131ks\u0131zl\u0131klar aras\u0131nda de\u011fildi. Toplumsal bir sanr\u0131yd\u0131. Bir\u00e7ok \u015feyin olanaks\u0131z say\u0131lmas\u0131 ve ger\u00e7ekler, bu sanr\u0131lar\u0131 d\u00f6nemsel k\u0131l\u0131yordu. Unutmak ve avunmak istiyordu, bilgi de\u011fil. Gereken sadece sakin bir k\u00f6\u015fe ve istedi\u011fi zaman \u00f6pebilece\u011fi, ondan da her y\u00f6nde kar\u015f\u0131l\u0131k g\u00f6rebilece\u011fi bir kad\u0131nd\u0131&#8230;&#8221;<\/p>\n","protected":false},"excerpt":{"rendered":"<p>K\u00f6t\u00fcl\u00fck her yerdeydi ama kimse nedenini bilmiyordu! &#8220;Bilinmeyen bir yerde, bir \u00f6r\u00fcmcek gibi oturuyor; \u00f6rd\u00fc\u011f\u00fc g\u00f6r\u00fcnmez a\u011flar ya\u015fam\u0131 s\u0131ms\u0131k\u0131 sar\u0131yor ve bu a\u011f\u0131n g\u00fc\u00e7l\u00fc d\u00fc\u011f\u00fcmleri her<span class=\"excerpt-hellip\"> [\u2026]<\/span><\/p>\n","protected":false},"featured_media":0,"template":"","meta":{"_monsterinsights_skip_tracking":false,"_monsterinsights_sitenote_active":false,"_monsterinsights_sitenote_note":"","_monsterinsights_sitenote_category":0},"product_brand":[],"product_cat":[12291,13570],"product_tag":[],"class_list":{"0":"post-689744","1":"product","2":"type-product","3":"status-publish","5":"product_cat-edebiyat","6":"product_cat-rus-edebiyati","7":"pa_cilt-ciltsiz","8":"pa_tur-kitap","9":"pa_yayinevi-iskele-yayincilik","10":"pa_yazar-maksim-gorki","12":"first","13":"instock","14":"sale","15":"shipping-taxable","16":"purchasable","17":"product-type-simple"},"_links":{"self":[{"href":"https:\/\/roveyayinevi.com.tr\/index.php\/wp-json\/wp\/v2\/product\/689744","targetHints":{"allow":["GET"]}}],"collection":[{"href":"https:\/\/roveyayinevi.com.tr\/index.php\/wp-json\/wp\/v2\/product"}],"about":[{"href":"https:\/\/roveyayinevi.com.tr\/index.php\/wp-json\/wp\/v2\/types\/product"}],"wp:attachment":[{"href":"https:\/\/roveyayinevi.com.tr\/index.php\/wp-json\/wp\/v2\/media?parent=689744"}],"wp:term":[{"taxonomy":"product_brand","embeddable":true,"href":"https:\/\/roveyayinevi.com.tr\/index.php\/wp-json\/wp\/v2\/product_brand?post=689744"},{"taxonomy":"product_cat","embeddable":true,"href":"https:\/\/roveyayinevi.com.tr\/index.php\/wp-json\/wp\/v2\/product_cat?post=689744"},{"taxonomy":"product_tag","embeddable":true,"href":"https:\/\/roveyayinevi.com.tr\/index.php\/wp-json\/wp\/v2\/product_tag?post=689744"}],"curies":[{"name":"wp","href":"https:\/\/api.w.org\/{rel}","templated":true}]}}