{"id":689737,"date":"2025-08-27T13:48:12","date_gmt":"2025-08-27T10:48:12","guid":{"rendered":"https:\/\/roveyayinevi.com.tr\/index.php\/urun\/duvar\/"},"modified":"2026-04-16T01:59:22","modified_gmt":"2026-04-15T22:59:22","slug":"duvar","status":"publish","type":"product","link":"https:\/\/roveyayinevi.com.tr\/index.php\/urun\/duvar\/","title":{"rendered":"Duvar"},"content":{"rendered":"<p>Duvar Attila \u0130lhan\u2019\u0131n ilk \u015fiir kitab\u0131. Daha \u00e7ok \u00f6zg\u00fcrl\u00fck, e\u015fitlik ve mutluluk ideali \u00fczerine yaz\u0131lm\u0131\u015f, toplumsal ger\u00e7ek\u00e7i ilk \u015fiirler&#8230; \u0130lhan, Duvar\u2019daki \u015fiirler, belki harbi etiyle kemi\u011fiyle ya\u015famam\u0131\u015f; ama gazete, radyo ve sinema yoluyla bir yandan; f\u0131r\u0131nda kaybolan ekmek, seferber edilmi\u015f ordu, pasif korunma ve karartmalar yoluyla \u00f6b\u00fcr yandan; onun sertli\u011fini ve hainli\u011fini \u2018etinde duymu\u015f\u2019 bir harp delikanl\u0131s\u0131n\u0131n \u015fiirleri\u2019 diyor, sahillerimize asker cesetleri vuruyordu, barut ve yang\u0131n kokusunu al\u0131yorduk&#8230; Duvar\u2019da kendini d\u00fcnyayla ve t\u00fcm insanlarla bir ve beraber hisseden, kendi \u00fclkesinde kendi insanlar\u0131na reav g\u00f6r\u00fclenlere isyan eden gencecik bir \u015fairin sesini dinleyecek, \u00e7a\u011fr\u0131s\u0131n\u0131 duyacaks\u0131n\u0131z. <\/p>\n","protected":false},"excerpt":{"rendered":"<p>Duvar Attila \u0130lhan\u2019\u0131n ilk \u015fiir kitab\u0131. Daha \u00e7ok \u00f6zg\u00fcrl\u00fck, e\u015fitlik ve mutluluk ideali \u00fczerine yaz\u0131lm\u0131\u015f, toplumsal ger\u00e7ek\u00e7i ilk \u015fiirler&#8230; \u0130lhan, Duvar\u2019daki \u015fiirler, belki harbi etiyle kemi\u011fiyle<span class=\"excerpt-hellip\"> [\u2026]<\/span><\/p>\n","protected":false},"featured_media":0,"template":"","meta":{"_monsterinsights_skip_tracking":false,"_monsterinsights_sitenote_active":false,"_monsterinsights_sitenote_note":"","_monsterinsights_sitenote_category":0},"product_brand":[],"product_cat":[12291,12292],"product_tag":[],"class_list":{"0":"post-689737","1":"product","2":"type-product","3":"status-publish","5":"product_cat-edebiyat","6":"product_cat-turk-edebiyati","7":"pa_cilt-ciltsiz","8":"pa_tur-kitap","9":"pa_yayinevi-is-bankasi-kultur-yayinlari","10":"pa_yazar-attila-ilhan","12":"first","13":"instock","14":"sale","15":"shipping-taxable","16":"purchasable","17":"product-type-simple"},"_links":{"self":[{"href":"https:\/\/roveyayinevi.com.tr\/index.php\/wp-json\/wp\/v2\/product\/689737","targetHints":{"allow":["GET"]}}],"collection":[{"href":"https:\/\/roveyayinevi.com.tr\/index.php\/wp-json\/wp\/v2\/product"}],"about":[{"href":"https:\/\/roveyayinevi.com.tr\/index.php\/wp-json\/wp\/v2\/types\/product"}],"wp:attachment":[{"href":"https:\/\/roveyayinevi.com.tr\/index.php\/wp-json\/wp\/v2\/media?parent=689737"}],"wp:term":[{"taxonomy":"product_brand","embeddable":true,"href":"https:\/\/roveyayinevi.com.tr\/index.php\/wp-json\/wp\/v2\/product_brand?post=689737"},{"taxonomy":"product_cat","embeddable":true,"href":"https:\/\/roveyayinevi.com.tr\/index.php\/wp-json\/wp\/v2\/product_cat?post=689737"},{"taxonomy":"product_tag","embeddable":true,"href":"https:\/\/roveyayinevi.com.tr\/index.php\/wp-json\/wp\/v2\/product_tag?post=689737"}],"curies":[{"name":"wp","href":"https:\/\/api.w.org\/{rel}","templated":true}]}}