{"id":689735,"date":"2025-08-27T13:48:12","date_gmt":"2025-08-27T10:48:12","guid":{"rendered":"https:\/\/roveyayinevi.com.tr\/index.php\/urun\/kirmizi-ve-siyah\/"},"modified":"2026-04-16T01:59:22","modified_gmt":"2026-04-15T22:59:22","slug":"kirmizi-ve-siyah","status":"publish","type":"product","link":"https:\/\/roveyayinevi.com.tr\/index.php\/urun\/kirmizi-ve-siyah\/","title":{"rendered":"K\u0131rm\u0131z\u0131 ve Siyah"},"content":{"rendered":"<p>Eser K\u0131rm\u0131z\u0131 ve Siyah ad\u0131n\u0131, askerlerin k\u0131rm\u0131z\u0131 \u00fcniformalar\u0131 ile ruhban s\u0131n\u0131f\u0131n\u0131n siyah c\u00fcbbelerinden al\u0131r. Roman, Kral X. Charles\u2019\u0131n tahta oturdu\u011fu 1820\u2019lerin Fransa\u2019s\u0131nda ge\u00e7er. Verrieres k\u00f6y\u00fc\u2019nden Julien Sorel isimli ak\u0131ll\u0131, y\u00fckselme tutkular\u0131 ile dolu bir gencin hayat\u0131n\u0131 ve 19. y\u00fczy\u0131l Fransa\u2019s\u0131n\u0131n b\u00fct\u00fcn kesimlerine y\u00f6nelik ger\u00e7ek\u00e7i ele\u015ftirilerini ka\u011f\u0131da d\u00f6ker Stendhal&#8230; Stendhal, 19. y\u00fczy\u0131l Frans\u0131z edebiyat\u0131n\u0131 saran romantik ger\u00e7ek\u00e7ili\u011fin en ilerici g\u00f6r\u00fc\u015flere sahip yazar\u0131 say\u0131labilir. Yazar, devrim \u00f6ncesi ayd\u0131nlanma d\u00fc\u015f\u00fcncesine ve ideallere ba\u011fl\u0131yd\u0131. \u00dcstelik i\u00e7inde ya\u015fan\u0131lan d\u00f6nemin ge\u00e7icili\u011fine ve 1880\u2019lerden sonra burjuva k\u00fclt\u00fcr\u00fcn\u00fcn evrimle\u015fece\u011fine dair bir inanc\u0131 vard\u0131. Eserdeki anlat\u0131m\u0131nda zaman zaman burjuva toplumunun h\u0131rslar\u0131na, baya\u011f\u0131l\u0131klar\u0131na kap\u0131lsa da, ahlak\u0131, \u00e7al\u0131\u015fkanl\u0131\u011f\u0131 ve ger\u00e7ek\u00e7ili\u011fiyle d\u00f6nemini \u00e7ok iyi anlatm\u0131\u015ft\u0131r. \ufffcTan\u0131t\u0131m Metni<\/p>\n","protected":false},"excerpt":{"rendered":"<p>Eser K\u0131rm\u0131z\u0131 ve Siyah ad\u0131n\u0131, askerlerin k\u0131rm\u0131z\u0131 \u00fcniformalar\u0131 ile ruhban s\u0131n\u0131f\u0131n\u0131n siyah c\u00fcbbelerinden al\u0131r. Roman, Kral X. Charles\u2019\u0131n tahta oturdu\u011fu 1820\u2019lerin Fransa\u2019s\u0131nda ge\u00e7er. Verrieres k\u00f6y\u00fc\u2019nden Julien<span class=\"excerpt-hellip\"> [\u2026]<\/span><\/p>\n","protected":false},"featured_media":0,"template":"","meta":{"_monsterinsights_skip_tracking":false,"_monsterinsights_sitenote_active":false,"_monsterinsights_sitenote_note":"","_monsterinsights_sitenote_category":0},"product_brand":[],"product_cat":[12291,13376],"product_tag":[],"class_list":{"0":"post-689735","1":"product","2":"type-product","3":"status-publish","5":"product_cat-edebiyat","6":"product_cat-fransiz-edebiyati","7":"pa_cilt-ciltsiz","8":"pa_tur-kitap","9":"pa_yayinevi-iskele-yayincilik","10":"pa_yazar-marie-henri-beyle-stendhal","12":"first","13":"instock","14":"sale","15":"shipping-taxable","16":"purchasable","17":"product-type-simple"},"_links":{"self":[{"href":"https:\/\/roveyayinevi.com.tr\/index.php\/wp-json\/wp\/v2\/product\/689735","targetHints":{"allow":["GET"]}}],"collection":[{"href":"https:\/\/roveyayinevi.com.tr\/index.php\/wp-json\/wp\/v2\/product"}],"about":[{"href":"https:\/\/roveyayinevi.com.tr\/index.php\/wp-json\/wp\/v2\/types\/product"}],"wp:attachment":[{"href":"https:\/\/roveyayinevi.com.tr\/index.php\/wp-json\/wp\/v2\/media?parent=689735"}],"wp:term":[{"taxonomy":"product_brand","embeddable":true,"href":"https:\/\/roveyayinevi.com.tr\/index.php\/wp-json\/wp\/v2\/product_brand?post=689735"},{"taxonomy":"product_cat","embeddable":true,"href":"https:\/\/roveyayinevi.com.tr\/index.php\/wp-json\/wp\/v2\/product_cat?post=689735"},{"taxonomy":"product_tag","embeddable":true,"href":"https:\/\/roveyayinevi.com.tr\/index.php\/wp-json\/wp\/v2\/product_tag?post=689735"}],"curies":[{"name":"wp","href":"https:\/\/api.w.org\/{rel}","templated":true}]}}