{"id":689734,"date":"2025-08-27T13:48:12","date_gmt":"2025-08-27T10:48:12","guid":{"rendered":"https:\/\/roveyayinevi.com.tr\/index.php\/urun\/karamazov-kardesler-2-cilt\/"},"modified":"2026-04-16T01:59:22","modified_gmt":"2026-04-15T22:59:22","slug":"karamazov-kardesler-2-cilt","status":"publish","type":"product","link":"https:\/\/roveyayinevi.com.tr\/index.php\/urun\/karamazov-kardesler-2-cilt\/","title":{"rendered":"Karamazov Karde\u015fler 2. Cilt"},"content":{"rendered":"<p>Baba yoksul; silik bir ki\u015fili\u011fe sahipken kar\u0131s\u0131ndan gelen parayla birden zenginle\u015fiveren bir Rus. Hilekar, zeki, dalkavuk, tefeci, nihilist, hedonist, \u00e7\u0131karlar\u0131 i\u00e7in her \u015feyi yapabilecek bir adam. Zenginle\u015ftik\u00e7e ars\u0131zla\u015fan, o\u011flunun elinden sevgilisini almaya kalk\u0131\u015facak kadar \u015fehvet d\u00fc\u015fk\u00fcn\u00fc bir karakter&#8230; B\u00fcy\u00fck O\u011ful: M\u00fckemmel bir e\u011fitim alm\u0131\u015f, \u00e7ok zeki, her t\u00fcrl\u00fc de\u011fer yarg\u0131s\u0131ndan s\u0131yr\u0131lm\u0131\u015f ateist bir ki\u015filik. Ortanca O\u011ful: \u0130nan\u00e7l\u0131, do\u011funun g\u00fczelliklerini \u00fczerinde bar\u0131nd\u0131ran, gitti\u011fi her ortamda sayg\u0131 g\u00f6ren, savc\u0131n\u0131n deyimiyle  Hay\u0131rl\u0131 bir evlat!&#8230;  K\u00fc\u00e7\u00fck O\u011ful: Ne b\u00fcy\u00fck a\u011fabey gibi materyalist ne de k\u00fc\u00e7\u00fck karde\u015fi gibi halk\u00e7\u0131. O b\u00fct\u00fcn\u00fcyle Rusya\u2019y\u0131 temsil ediyor. Ve&#8230; Bir aileyi allak bullak eden bir kad\u0131n, baba- o\u011ful kavgas\u0131n\u0131n, felaketlerin en b\u00fcy\u00fck sebebi, belki de en ba\u015fta gelen \u00f6\u011fesi&#8230; Ve&#8230; \u00dc\u00e7 ka\u011f\u0131t\u00e7\u0131, bukalemun, sapk\u0131n, gayri me\u015fru bir u\u015fak. Efendisine ihanet edebilecek, para i\u00e7in her \u015feyi yapabilecek bir Makyavelist ve dalkavuk. \u0130\u015fte Karamozov ailesi&#8230; Do\u011fu ve Bat\u0131\u2019y\u0131 kar\u015f\u0131la\u015ft\u0131ran  Karamozov Karde\u015fler , d\u00fcnya edebiyat\u0131nda \u00e7\u0131\u011f\u0131r a\u00e7an bir eser&#8230; <\/p>\n","protected":false},"excerpt":{"rendered":"<p>Baba yoksul; silik bir ki\u015fili\u011fe sahipken kar\u0131s\u0131ndan gelen parayla birden zenginle\u015fiveren bir Rus. Hilekar, zeki, dalkavuk, tefeci, nihilist, hedonist, \u00e7\u0131karlar\u0131 i\u00e7in her \u015feyi yapabilecek bir adam.<span class=\"excerpt-hellip\"> [\u2026]<\/span><\/p>\n","protected":false},"featured_media":0,"template":"","meta":{"_monsterinsights_skip_tracking":false,"_monsterinsights_sitenote_active":false,"_monsterinsights_sitenote_note":"","_monsterinsights_sitenote_category":0},"product_brand":[],"product_cat":[12291,13570],"product_tag":[],"class_list":{"0":"post-689734","1":"product","2":"type-product","3":"status-publish","5":"product_cat-edebiyat","6":"product_cat-rus-edebiyati","7":"pa_tur-kitap","8":"pa_yayinevi-iskele-yayincilik","9":"pa_yazar-fyodor-mihaylovic-dostoyevski","11":"first","12":"instock","13":"sale","14":"shipping-taxable","15":"purchasable","16":"product-type-simple"},"_links":{"self":[{"href":"https:\/\/roveyayinevi.com.tr\/index.php\/wp-json\/wp\/v2\/product\/689734","targetHints":{"allow":["GET"]}}],"collection":[{"href":"https:\/\/roveyayinevi.com.tr\/index.php\/wp-json\/wp\/v2\/product"}],"about":[{"href":"https:\/\/roveyayinevi.com.tr\/index.php\/wp-json\/wp\/v2\/types\/product"}],"wp:attachment":[{"href":"https:\/\/roveyayinevi.com.tr\/index.php\/wp-json\/wp\/v2\/media?parent=689734"}],"wp:term":[{"taxonomy":"product_brand","embeddable":true,"href":"https:\/\/roveyayinevi.com.tr\/index.php\/wp-json\/wp\/v2\/product_brand?post=689734"},{"taxonomy":"product_cat","embeddable":true,"href":"https:\/\/roveyayinevi.com.tr\/index.php\/wp-json\/wp\/v2\/product_cat?post=689734"},{"taxonomy":"product_tag","embeddable":true,"href":"https:\/\/roveyayinevi.com.tr\/index.php\/wp-json\/wp\/v2\/product_tag?post=689734"}],"curies":[{"name":"wp","href":"https:\/\/api.w.org\/{rel}","templated":true}]}}