{"id":689707,"date":"2025-08-27T13:48:07","date_gmt":"2025-08-27T10:48:07","guid":{"rendered":"https:\/\/roveyayinevi.com.tr\/index.php\/urun\/dort-oyun\/"},"modified":"2026-04-16T01:59:22","modified_gmt":"2026-04-15T22:59:22","slug":"dort-oyun","status":"publish","type":"product","link":"https:\/\/roveyayinevi.com.tr\/index.php\/urun\/dort-oyun\/","title":{"rendered":"D\u00f6rt Oyun"},"content":{"rendered":"<p>Bernard Shaw doksan ya\u015f\u0131n\u0131 a\u015ft\u0131ktan sonra, bir araya toplanan oyunlar\u0131n\u0131n yeni bir bask\u0131s\u0131nda okurlara \u015f\u00f6yle seslenmi\u015fti: Sizi uyar\u0131r\u0131m:Oyunlar\u0131m\u0131n tad\u0131na varmak istiyorsan\u0131z,gazetelerde benim i\u00e7in yap\u0131lan b\u00fct\u00fcn dedikodular\u0131 akl\u0131n\u0131zdan \u00e7\u0131kar\u0131n. Yazar, 2 Kas\u0131m 1950&#8217;de aram\u0131zdan ayr\u0131ld\u0131. Gazetelerde hala n\u00fckteleri tekrarlan\u0131r; alayc\u0131l\u0131\u011f\u0131ndan,ku\u015fkuculu\u011fundan, ac\u0131mas\u0131zl\u0131\u011f\u0131ndan s\u00f6z edilir. Bu y\u00fczeysel g\u00f6r\u00fcnt\u00fcs\u00fcd\u00fcr. Oyunlar\u0131n\u0131 inceleyince inan\u00e7l\u0131,derin, sevgi dolu bir shaw \u00e7\u0131kacak kar\u015f\u0131n\u0131za.G\u00f6zlerindeki yaramazca p\u0131r\u0131lt\u0131yla bir ermi\u015f&#8230; <\/p>\n","protected":false},"excerpt":{"rendered":"<p>Bernard Shaw doksan ya\u015f\u0131n\u0131 a\u015ft\u0131ktan sonra, bir araya toplanan oyunlar\u0131n\u0131n yeni bir bask\u0131s\u0131nda okurlara \u015f\u00f6yle seslenmi\u015fti: Sizi uyar\u0131r\u0131m:Oyunlar\u0131m\u0131n tad\u0131na varmak istiyorsan\u0131z,gazetelerde benim i\u00e7in yap\u0131lan b\u00fct\u00fcn dedikodular\u0131<span class=\"excerpt-hellip\"> [\u2026]<\/span><\/p>\n","protected":false},"featured_media":0,"template":"","meta":{"_monsterinsights_skip_tracking":false,"_monsterinsights_sitenote_active":false,"_monsterinsights_sitenote_note":"","_monsterinsights_sitenote_category":0},"product_brand":[],"product_cat":[12291,12866],"product_tag":[],"class_list":{"0":"post-689707","1":"product","2":"type-product","3":"status-publish","5":"product_cat-edebiyat","6":"product_cat-ingiliz-edebiyati","7":"pa_cilt-ciltsiz","8":"pa_tur-kitap","9":"pa_yayinevi-is-bankasi-kultur-yayinlari","10":"pa_yazar-bernard-shaw","12":"first","13":"instock","14":"sale","15":"shipping-taxable","16":"purchasable","17":"product-type-simple"},"_links":{"self":[{"href":"https:\/\/roveyayinevi.com.tr\/index.php\/wp-json\/wp\/v2\/product\/689707","targetHints":{"allow":["GET"]}}],"collection":[{"href":"https:\/\/roveyayinevi.com.tr\/index.php\/wp-json\/wp\/v2\/product"}],"about":[{"href":"https:\/\/roveyayinevi.com.tr\/index.php\/wp-json\/wp\/v2\/types\/product"}],"wp:attachment":[{"href":"https:\/\/roveyayinevi.com.tr\/index.php\/wp-json\/wp\/v2\/media?parent=689707"}],"wp:term":[{"taxonomy":"product_brand","embeddable":true,"href":"https:\/\/roveyayinevi.com.tr\/index.php\/wp-json\/wp\/v2\/product_brand?post=689707"},{"taxonomy":"product_cat","embeddable":true,"href":"https:\/\/roveyayinevi.com.tr\/index.php\/wp-json\/wp\/v2\/product_cat?post=689707"},{"taxonomy":"product_tag","embeddable":true,"href":"https:\/\/roveyayinevi.com.tr\/index.php\/wp-json\/wp\/v2\/product_tag?post=689707"}],"curies":[{"name":"wp","href":"https:\/\/api.w.org\/{rel}","templated":true}]}}