{"id":689683,"date":"2025-08-27T13:48:02","date_gmt":"2025-08-27T10:48:02","guid":{"rendered":"https:\/\/roveyayinevi.com.tr\/index.php\/urun\/harika-hayvanlar-ormanlar\/"},"modified":"2026-04-16T01:59:21","modified_gmt":"2026-04-15T22:59:21","slug":"harika-hayvanlar-ormanlar","status":"publish","type":"product","link":"https:\/\/roveyayinevi.com.tr\/index.php\/urun\/harika-hayvanlar-ormanlar\/","title":{"rendered":"Harika Hayvanlar &#8211; Ormanlar"},"content":{"rendered":"<p>Kuzey Amerika ormanlar\u0131 y\u0131l\u0131n her mevsiminde ye\u015fil kalan a\u011fa\u00e7larla doludur. Her k\u00f6\u015feden hayat f\u0131\u015fk\u0131r\u0131r. \u00d6yle \u00e7ok canl\u0131 t\u00fcr\u00fc bar\u0131nd\u0131r\u0131rlar ki, insan b\u00f6yle bir orman\u0131n i\u00e7inde ne yana bakaca\u011f\u0131n\u0131 \u015fa\u015f\u0131rabilir. Sen de Tav\u015fan, Fare ve Ku\u015f\u2019la birlikte, ormanlar\u0131n kal\u0131n g\u00f6vdeli ve her zaman ye\u015fil kalan a\u011fa\u00e7lar\u0131 aras\u0131nda dola\u015f, yoluna \u00e7\u0131kan harika hayvanlarla tan\u0131\u015f. Hayvanlar aleminin s\u0131rlar\u0131n\u0131 \u00f6\u011frenmek isteyen gen\u00e7 okurlar i\u00e7in evde, bah\u00e7ede, plajda, yatakta, her zaman ve her yerde okunabilecek bir ilk ad\u0131m kitab\u0131\u2026 <\/p>\n","protected":false},"excerpt":{"rendered":"<p>Kuzey Amerika ormanlar\u0131 y\u0131l\u0131n her mevsiminde ye\u015fil kalan a\u011fa\u00e7larla doludur. Her k\u00f6\u015feden hayat f\u0131\u015fk\u0131r\u0131r. \u00d6yle \u00e7ok canl\u0131 t\u00fcr\u00fc bar\u0131nd\u0131r\u0131rlar ki, insan b\u00f6yle bir orman\u0131n i\u00e7inde ne<span class=\"excerpt-hellip\"> [\u2026]<\/span><\/p>\n","protected":false},"featured_media":0,"template":"","meta":{"_monsterinsights_skip_tracking":false,"_monsterinsights_sitenote_active":false,"_monsterinsights_sitenote_note":"","_monsterinsights_sitenote_category":0},"product_brand":[],"product_cat":[12274,12518],"product_tag":[],"class_list":{"0":"post-689683","1":"product","2":"type-product","3":"status-publish","5":"product_cat-cocuk-ve-genclik-kitaplari","6":"product_cat-okul-oncesi-kitaplar","7":"pa_cilt-ciltsiz","8":"pa_tur-kitap","9":"pa_yayinevi-is-bankasi-kultur-yayinlari","10":"pa_yazar-tony-mitton","12":"first","13":"instock","14":"sale","15":"shipping-taxable","16":"purchasable","17":"product-type-simple"},"_links":{"self":[{"href":"https:\/\/roveyayinevi.com.tr\/index.php\/wp-json\/wp\/v2\/product\/689683","targetHints":{"allow":["GET"]}}],"collection":[{"href":"https:\/\/roveyayinevi.com.tr\/index.php\/wp-json\/wp\/v2\/product"}],"about":[{"href":"https:\/\/roveyayinevi.com.tr\/index.php\/wp-json\/wp\/v2\/types\/product"}],"wp:attachment":[{"href":"https:\/\/roveyayinevi.com.tr\/index.php\/wp-json\/wp\/v2\/media?parent=689683"}],"wp:term":[{"taxonomy":"product_brand","embeddable":true,"href":"https:\/\/roveyayinevi.com.tr\/index.php\/wp-json\/wp\/v2\/product_brand?post=689683"},{"taxonomy":"product_cat","embeddable":true,"href":"https:\/\/roveyayinevi.com.tr\/index.php\/wp-json\/wp\/v2\/product_cat?post=689683"},{"taxonomy":"product_tag","embeddable":true,"href":"https:\/\/roveyayinevi.com.tr\/index.php\/wp-json\/wp\/v2\/product_tag?post=689683"}],"curies":[{"name":"wp","href":"https:\/\/api.w.org\/{rel}","templated":true}]}}