{"id":689675,"date":"2025-08-27T13:48:01","date_gmt":"2025-08-27T10:48:01","guid":{"rendered":"https:\/\/roveyayinevi.com.tr\/index.php\/urun\/gencler-icin-bati-felsefesi\/"},"modified":"2026-04-16T01:59:21","modified_gmt":"2026-04-15T22:59:21","slug":"gencler-icin-bati-felsefesi","status":"publish","type":"product","link":"https:\/\/roveyayinevi.com.tr\/index.php\/urun\/gencler-icin-bati-felsefesi\/","title":{"rendered":"Gen\u00e7ler \u0130\u00e7in Bat\u0131 Felsefesi"},"content":{"rendered":"<p>Her zaman fark\u0131nda olmasak da, d\u00fc\u015f\u00fcncelerimizin, kanaatlerimizin, hatta de\u011ferlerimizin hemen hemen tamam\u0131, d\u00fc\u015f\u00fcnce tarihini olu\u015fturan b\u00fcy\u00fck d\u00fcnya g\u00f6r\u00fc\u015fleri i\u00e7erisinde bir yerlere oturur. Felsefe olmadan ya\u015fad\u0131\u011f\u0131m\u0131z d\u00fcnyayla ilgili anlay\u0131\u015f\u0131m\u0131z\u0131n eksik kalmas\u0131n\u0131n nedeni budur. <\/p>\n","protected":false},"excerpt":{"rendered":"<p>Her zaman fark\u0131nda olmasak da, d\u00fc\u015f\u00fcncelerimizin, kanaatlerimizin, hatta de\u011ferlerimizin hemen hemen tamam\u0131, d\u00fc\u015f\u00fcnce tarihini olu\u015fturan b\u00fcy\u00fck d\u00fcnya g\u00f6r\u00fc\u015fleri i\u00e7erisinde bir yerlere oturur. Felsefe olmadan ya\u015fad\u0131\u011f\u0131m\u0131z d\u00fcnyayla<span class=\"excerpt-hellip\"> [\u2026]<\/span><\/p>\n","protected":false},"featured_media":0,"template":"","meta":{"_monsterinsights_skip_tracking":false,"_monsterinsights_sitenote_active":false,"_monsterinsights_sitenote_note":"","_monsterinsights_sitenote_category":0},"product_brand":[],"product_cat":[12388,13555],"product_tag":[],"class_list":{"0":"post-689675","1":"product","2":"type-product","3":"status-publish","5":"product_cat-felsefe","6":"product_cat-genel-felsefe","7":"pa_cilt-ciltsiz","8":"pa_tur-kitap","9":"pa_yayinevi-is-bankasi-kultur-yayinlari","10":"pa_yazar-luc-ferry","12":"first","13":"instock","14":"sale","15":"shipping-taxable","16":"purchasable","17":"product-type-simple"},"_links":{"self":[{"href":"https:\/\/roveyayinevi.com.tr\/index.php\/wp-json\/wp\/v2\/product\/689675","targetHints":{"allow":["GET"]}}],"collection":[{"href":"https:\/\/roveyayinevi.com.tr\/index.php\/wp-json\/wp\/v2\/product"}],"about":[{"href":"https:\/\/roveyayinevi.com.tr\/index.php\/wp-json\/wp\/v2\/types\/product"}],"wp:attachment":[{"href":"https:\/\/roveyayinevi.com.tr\/index.php\/wp-json\/wp\/v2\/media?parent=689675"}],"wp:term":[{"taxonomy":"product_brand","embeddable":true,"href":"https:\/\/roveyayinevi.com.tr\/index.php\/wp-json\/wp\/v2\/product_brand?post=689675"},{"taxonomy":"product_cat","embeddable":true,"href":"https:\/\/roveyayinevi.com.tr\/index.php\/wp-json\/wp\/v2\/product_cat?post=689675"},{"taxonomy":"product_tag","embeddable":true,"href":"https:\/\/roveyayinevi.com.tr\/index.php\/wp-json\/wp\/v2\/product_tag?post=689675"}],"curies":[{"name":"wp","href":"https:\/\/api.w.org\/{rel}","templated":true}]}}