{"id":689673,"date":"2025-08-27T13:48:00","date_gmt":"2025-08-27T10:48:00","guid":{"rendered":"https:\/\/roveyayinevi.com.tr\/index.php\/urun\/fragmanlar-siirler\/"},"modified":"2026-04-16T01:59:21","modified_gmt":"2026-04-15T22:59:21","slug":"fragmanlar-siirler","status":"publish","type":"product","link":"https:\/\/roveyayinevi.com.tr\/index.php\/urun\/fragmanlar-siirler\/","title":{"rendered":"Fragmanlar \u015eiirler"},"content":{"rendered":"<p>Soppho (\u0130\u00d6 610-580? ): Antik Yunan edebiyat\u0131nda epik \u015fiirden lirik \u015fiire ge\u00e7i\u015fin simgesi say\u0131lan Sappho d\u00f6neminin en \u00f6nemli \u015fairlerindendir.Lesbos adas\u0131n\u0131n yerel leh\u00e7esiyle, dolays\u0131z ve \u00f6zl\u00fc bir dil kullanarak yazd\u0131\u011f\u0131 a\u015fk ve do\u011fa \u015fiirleriyle \u00fcnl\u00fcd\u00fcr. Ya\u015fad\u0131\u011f\u0131 d\u00f6nemde \u015fiirlerinin nas\u0131l \u00e7o\u011fald\u0131\u011f\u0131 bilinmemektedir. \u0130\u00d6 2. ve 3. y\u00fczy\u0131llarda o g\u00fcne ula\u015fan \u015fiirleri \u0130skenderiyeli bilginler taraf\u0131ndan bir araya getirilmi\u015ftir, bu eserin kaybolmas\u0131yla birlikte Sappho ancak ba\u015fka yazarlar\u0131n yapt\u0131\u011f\u0131 al\u0131nt\u0131larla hat\u0131rlanm\u0131\u015ft\u0131r. G\u00fcn\u00fcm\u00fczde sadece bir \u015fiiri tam olarak kalan \u015fairin, 19.y\u00fczy\u0131lda bulunan papiruslarla eldeki fragmanlar\u0131n\u0131n say\u0131s\u0131 artm\u0131\u015f, ancak hi\u00e7bir \u015fiiri tamamlanmam\u0131\u015ft\u0131r. \ufffcTan\u0131t\u0131m Metni<\/p>\n","protected":false},"excerpt":{"rendered":"<p>Soppho (\u0130\u00d6 610-580? ): Antik Yunan edebiyat\u0131nda epik \u015fiirden lirik \u015fiire ge\u00e7i\u015fin simgesi say\u0131lan Sappho d\u00f6neminin en \u00f6nemli \u015fairlerindendir.Lesbos adas\u0131n\u0131n yerel leh\u00e7esiyle, dolays\u0131z ve \u00f6zl\u00fc bir<span class=\"excerpt-hellip\"> [\u2026]<\/span><\/p>\n","protected":false},"featured_media":0,"template":"","meta":{"_monsterinsights_skip_tracking":false,"_monsterinsights_sitenote_active":false,"_monsterinsights_sitenote_note":"","_monsterinsights_sitenote_category":0},"product_brand":[],"product_cat":[12291,12509],"product_tag":[],"class_list":{"0":"post-689673","1":"product","2":"type-product","3":"status-publish","5":"product_cat-edebiyat","6":"product_cat-siir","7":"pa_cilt-ciltsiz","8":"pa_tur-kitap","9":"pa_yayinevi-is-bankasi-kultur-yayinlari","10":"pa_yazar-sappho","12":"first","13":"instock","14":"sale","15":"shipping-taxable","16":"purchasable","17":"product-type-simple"},"_links":{"self":[{"href":"https:\/\/roveyayinevi.com.tr\/index.php\/wp-json\/wp\/v2\/product\/689673","targetHints":{"allow":["GET"]}}],"collection":[{"href":"https:\/\/roveyayinevi.com.tr\/index.php\/wp-json\/wp\/v2\/product"}],"about":[{"href":"https:\/\/roveyayinevi.com.tr\/index.php\/wp-json\/wp\/v2\/types\/product"}],"wp:attachment":[{"href":"https:\/\/roveyayinevi.com.tr\/index.php\/wp-json\/wp\/v2\/media?parent=689673"}],"wp:term":[{"taxonomy":"product_brand","embeddable":true,"href":"https:\/\/roveyayinevi.com.tr\/index.php\/wp-json\/wp\/v2\/product_brand?post=689673"},{"taxonomy":"product_cat","embeddable":true,"href":"https:\/\/roveyayinevi.com.tr\/index.php\/wp-json\/wp\/v2\/product_cat?post=689673"},{"taxonomy":"product_tag","embeddable":true,"href":"https:\/\/roveyayinevi.com.tr\/index.php\/wp-json\/wp\/v2\/product_tag?post=689673"}],"curies":[{"name":"wp","href":"https:\/\/api.w.org\/{rel}","templated":true}]}}