{"id":689660,"date":"2025-08-27T13:47:58","date_gmt":"2025-08-27T10:47:58","guid":{"rendered":"https:\/\/roveyayinevi.com.tr\/index.php\/urun\/gezgin-satici\/"},"modified":"2026-04-16T01:59:21","modified_gmt":"2026-04-15T22:59:21","slug":"gezgin-satici","status":"publish","type":"product","link":"https:\/\/roveyayinevi.com.tr\/index.php\/urun\/gezgin-satici\/","title":{"rendered":"Gezgin Sat\u0131c\u0131"},"content":{"rendered":"<p>Guy de Maupassant (1850-1893): \u00dcnl\u00fc romanc\u0131 L. N. Tolstoy\u2019un &#8230; say\u0131lar\u0131 az olmakla birlikte, Maupassant gibi bir ba\u015fka t\u00fcr insan daha vard\u0131r ki, bunlar her \u015feyi kendi g\u00f6zleriyle, i\u00e7erdi\u011fi \u00f6nemi ve anlam\u0131yla, oldu\u011fu gibi g\u00f6r\u00fcrler s\u00f6zleriyle and\u0131\u011f\u0131 yazar ard\u0131nda pek \u00e7ok roman, \u00f6yk\u00fc, deneme ve tiyatro oyunu b\u0131rakt\u0131. Yazar\u0131n 1882-1887 aras\u0131nda, \u00f6zellikle 1883\u2019te gazetelerde \u00e7\u0131km\u0131\u015f \u00f6yk\u00fcleri \u00f6l\u00fcm\u00fcnden sonra, 1900 y\u0131l\u0131nda Gezgin Sat\u0131c\u0131 ba\u015fl\u0131\u011f\u0131 alt\u0131nda bir kitapta topland\u0131. Maupassant bu \u00f6yk\u00fclerde, terk edilme duygusunu, kayg\u0131y\u0131, kad\u0131nla erkek aras\u0131ndaki e\u015fitsizli\u011fi, en b\u00fcy\u00fck salg\u0131n hastal\u0131k sayd\u0131\u011f\u0131 sava\u015f\u0131 anlat\u0131yor. Kimi zaman g\u00fcld\u00fcren, \u00e7o\u011fu kez ac\u0131yla g\u00fcl\u00fcmseten \u00f6yk\u00fcleri en yal\u0131n, en \u00e7arp\u0131c\u0131 anlat\u0131mla dile getiriyor. \ufffcTan\u0131t\u0131m Metni<\/p>\n","protected":false},"excerpt":{"rendered":"<p>Guy de Maupassant (1850-1893): \u00dcnl\u00fc romanc\u0131 L. N. Tolstoy\u2019un &#8230; say\u0131lar\u0131 az olmakla birlikte, Maupassant gibi bir ba\u015fka t\u00fcr insan daha vard\u0131r ki, bunlar her \u015feyi<span class=\"excerpt-hellip\"> [\u2026]<\/span><\/p>\n","protected":false},"featured_media":0,"template":"","meta":{"_monsterinsights_skip_tracking":false,"_monsterinsights_sitenote_active":false,"_monsterinsights_sitenote_note":"","_monsterinsights_sitenote_category":0},"product_brand":[],"product_cat":[12291,13376],"product_tag":[],"class_list":{"0":"post-689660","1":"product","2":"type-product","3":"status-publish","5":"product_cat-edebiyat","6":"product_cat-fransiz-edebiyati","7":"pa_cilt-ciltsiz","8":"pa_tur-kitap","9":"pa_yayinevi-is-bankasi-kultur-yayinlari","10":"pa_yazar-guy-de-maupassant","12":"first","13":"instock","14":"sale","15":"shipping-taxable","16":"purchasable","17":"product-type-simple"},"_links":{"self":[{"href":"https:\/\/roveyayinevi.com.tr\/index.php\/wp-json\/wp\/v2\/product\/689660","targetHints":{"allow":["GET"]}}],"collection":[{"href":"https:\/\/roveyayinevi.com.tr\/index.php\/wp-json\/wp\/v2\/product"}],"about":[{"href":"https:\/\/roveyayinevi.com.tr\/index.php\/wp-json\/wp\/v2\/types\/product"}],"wp:attachment":[{"href":"https:\/\/roveyayinevi.com.tr\/index.php\/wp-json\/wp\/v2\/media?parent=689660"}],"wp:term":[{"taxonomy":"product_brand","embeddable":true,"href":"https:\/\/roveyayinevi.com.tr\/index.php\/wp-json\/wp\/v2\/product_brand?post=689660"},{"taxonomy":"product_cat","embeddable":true,"href":"https:\/\/roveyayinevi.com.tr\/index.php\/wp-json\/wp\/v2\/product_cat?post=689660"},{"taxonomy":"product_tag","embeddable":true,"href":"https:\/\/roveyayinevi.com.tr\/index.php\/wp-json\/wp\/v2\/product_tag?post=689660"}],"curies":[{"name":"wp","href":"https:\/\/api.w.org\/{rel}","templated":true}]}}