{"id":689659,"date":"2025-08-27T13:47:58","date_gmt":"2025-08-27T10:47:58","guid":{"rendered":"https:\/\/roveyayinevi.com.tr\/index.php\/urun\/germinal\/"},"modified":"2026-04-16T01:59:21","modified_gmt":"2026-04-15T22:59:21","slug":"germinal","status":"publish","type":"product","link":"https:\/\/roveyayinevi.com.tr\/index.php\/urun\/germinal\/","title":{"rendered":"Germinal"},"content":{"rendered":"<p>Emile Zola (1840-1902): Nat\u00fcralizm ak\u0131m\u0131n\u0131n en \u00f6nemli temsilcilerinden olan yazar, romanlar\u0131 i\u00e7in gerekli ya\u015fam deneyimini zorluklar i\u00e7inde ge\u00e7en gen\u00e7lik y\u0131llar\u0131nda kazand\u0131.1864&#8217;de ilk \u00f6yk\u00fc kitab\u0131 Ninon&#8217;a \u00d6yk\u00fcler yay\u0131mland\u0131.1865&#8217;de kendi ya\u015fam\u0131ndan izler ta\u015f\u0131yan Claude&#8217;un \u0130tiraflar\u0131 \u00e7\u0131kt\u0131. Zola, romanc\u0131n\u0131n olaylar\u0131 bir izleyici gibi kaydetmekle yetinmemesi, ki\u015fileri ve tutkular\u0131n\u0131 bir dizi deneyden ge\u00e7irirken, duygusal ve toplumsal olgular\u0131 bir kimyac\u0131 gibi i\u015flemesi gerekti\u011fini savundu. 1867&#8217;de yay\u0131mlanan Therese Raquin&#8217;den ba\u015flayarak t\u00fcm romanlar\u0131n\u0131 ayn\u0131 g\u00f6r\u00fc\u015fle yazd\u0131.Meyhane (1877), Nana (1880), Ya\u015fama Sevinci (1884), Germinal (1885) ve toprak (1887)en tan\u0131nm\u0131\u015f romanlar\u0131 aras\u0131nda yer al\u0131r. Kuzey Fransa\u2019da uzla\u015fmaya yana\u015fmayan maden i\u015f\u00e7ilerinin grevini konu alan Germinal sadece Zola\u2019n\u0131n de\u011fil, Frans\u0131z edebiyat\u0131n\u0131n da en de\u011ferli eserleri aras\u0131nda say\u0131lmaktad\u0131r. \ufffcTan\u0131t\u0131m Metni<\/p>\n","protected":false},"excerpt":{"rendered":"<p>Emile Zola (1840-1902): Nat\u00fcralizm ak\u0131m\u0131n\u0131n en \u00f6nemli temsilcilerinden olan yazar, romanlar\u0131 i\u00e7in gerekli ya\u015fam deneyimini zorluklar i\u00e7inde ge\u00e7en gen\u00e7lik y\u0131llar\u0131nda kazand\u0131.1864&#8217;de ilk \u00f6yk\u00fc kitab\u0131 Ninon&#8217;a \u00d6yk\u00fcler<span class=\"excerpt-hellip\"> [\u2026]<\/span><\/p>\n","protected":false},"featured_media":0,"template":"","meta":{"_monsterinsights_skip_tracking":false,"_monsterinsights_sitenote_active":false,"_monsterinsights_sitenote_note":"","_monsterinsights_sitenote_category":0},"product_brand":[],"product_cat":[12291,13376],"product_tag":[],"class_list":{"0":"post-689659","1":"product","2":"type-product","3":"status-publish","5":"product_cat-edebiyat","6":"product_cat-fransiz-edebiyati","7":"pa_cilt-ciltsiz","8":"pa_tur-kitap","9":"pa_yayinevi-is-bankasi-kultur-yayinlari","10":"pa_yazar-emile-zola","12":"first","13":"instock","14":"sale","15":"shipping-taxable","16":"purchasable","17":"product-type-simple"},"_links":{"self":[{"href":"https:\/\/roveyayinevi.com.tr\/index.php\/wp-json\/wp\/v2\/product\/689659","targetHints":{"allow":["GET"]}}],"collection":[{"href":"https:\/\/roveyayinevi.com.tr\/index.php\/wp-json\/wp\/v2\/product"}],"about":[{"href":"https:\/\/roveyayinevi.com.tr\/index.php\/wp-json\/wp\/v2\/types\/product"}],"wp:attachment":[{"href":"https:\/\/roveyayinevi.com.tr\/index.php\/wp-json\/wp\/v2\/media?parent=689659"}],"wp:term":[{"taxonomy":"product_brand","embeddable":true,"href":"https:\/\/roveyayinevi.com.tr\/index.php\/wp-json\/wp\/v2\/product_brand?post=689659"},{"taxonomy":"product_cat","embeddable":true,"href":"https:\/\/roveyayinevi.com.tr\/index.php\/wp-json\/wp\/v2\/product_cat?post=689659"},{"taxonomy":"product_tag","embeddable":true,"href":"https:\/\/roveyayinevi.com.tr\/index.php\/wp-json\/wp\/v2\/product_tag?post=689659"}],"curies":[{"name":"wp","href":"https:\/\/api.w.org\/{rel}","templated":true}]}}