{"id":689653,"date":"2025-08-27T13:47:56","date_gmt":"2025-08-27T10:47:56","guid":{"rendered":"https:\/\/roveyayinevi.com.tr\/index.php\/urun\/savas-ve-baris\/"},"modified":"2026-04-16T01:59:21","modified_gmt":"2026-04-15T22:59:21","slug":"savas-ve-baris","status":"publish","type":"product","link":"https:\/\/roveyayinevi.com.tr\/index.php\/urun\/savas-ve-baris\/","title":{"rendered":"Sava\u015f ve Bar\u0131\u015f"},"content":{"rendered":"<p>19. y\u00fczy\u0131l\u0131n ba\u015flar\u0131. Avrupa, tam bir askeri deha olan Napoleon\u2019un pen\u00e7esinde k\u0131vranmakta, ona kar\u015f\u0131 bir \u015fey yapamaman\u0131n \u00e7aresizli\u011fini ya\u015famaktad\u0131r. Sava\u015f ve Bar\u0131\u015f , b\u00f6yle bir ortamda Rusya\u2019da ya\u015fanmaktad\u0131r. Eserde, d\u00fcnyalar g\u00fczeli Nata\u015fa Rostova\u2019n\u0131n \u00f6nce Andrey Bolkonskiy\u2019le ili\u015fkilerini, ard\u0131ndan Anatol Kurangin\u2019le ya\u015fad\u0131\u011f\u0131 maceray\u0131 bulacak; g\u00fczelli\u011fiyle \u00e7evresine nam salan Elena Bezuhova\u2019y\u0131 okurken heyecanlanacak; Mariya Bolkonskaya\u2019n\u0131n iyi kalpli d\u00fcnyas\u0131nda bir gezinti yapacaks\u0131n\u0131z. Sava\u015f\u0131n k\u0131z\u0131l, bar\u0131\u015f\u0131n ye\u015file i\u015flendi\u011fi bu g\u00f6rkemli eserde sevgi- nefret, sevin\u00e7-ac\u0131 \u00e7at\u0131\u015fmas\u0131 sizi b\u00fct\u00fcn benli\u011finizle saracak, olaylar\u0131 sanki canl\u0131ym\u0131\u015f gibi izleyeceksiniz. Gorki, Sava\u015f ve Bar\u0131\u015f i\u00e7in \u015funlar\u0131 s\u00f6yl\u00fcyor: Okurken -hi\u00e7 abartm\u0131yorum- kahramanlar\u0131n\u0131 etleriyle, kemikleriyle yan\u0131n\u0131zda hisseedersiniz. \ufffcTan\u0131t\u0131m Metni<\/p>\n","protected":false},"excerpt":{"rendered":"<p>19. y\u00fczy\u0131l\u0131n ba\u015flar\u0131. Avrupa, tam bir askeri deha olan Napoleon\u2019un pen\u00e7esinde k\u0131vranmakta, ona kar\u015f\u0131 bir \u015fey yapamaman\u0131n \u00e7aresizli\u011fini ya\u015famaktad\u0131r. Sava\u015f ve Bar\u0131\u015f , b\u00f6yle bir ortamda<span class=\"excerpt-hellip\"> [\u2026]<\/span><\/p>\n","protected":false},"featured_media":0,"template":"","meta":{"_monsterinsights_skip_tracking":false,"_monsterinsights_sitenote_active":false,"_monsterinsights_sitenote_note":"","_monsterinsights_sitenote_category":0},"product_brand":[],"product_cat":[12291,13570],"product_tag":[],"class_list":{"0":"post-689653","1":"product","2":"type-product","3":"status-publish","5":"product_cat-edebiyat","6":"product_cat-rus-edebiyati","7":"pa_cilt-ciltsiz","8":"pa_tur-kitap","9":"pa_yayinevi-iskele-yayincilik","10":"pa_yazar-lev-nikolayevic-tolstoy","12":"first","13":"instock","14":"sale","15":"shipping-taxable","16":"purchasable","17":"product-type-simple"},"_links":{"self":[{"href":"https:\/\/roveyayinevi.com.tr\/index.php\/wp-json\/wp\/v2\/product\/689653","targetHints":{"allow":["GET"]}}],"collection":[{"href":"https:\/\/roveyayinevi.com.tr\/index.php\/wp-json\/wp\/v2\/product"}],"about":[{"href":"https:\/\/roveyayinevi.com.tr\/index.php\/wp-json\/wp\/v2\/types\/product"}],"wp:attachment":[{"href":"https:\/\/roveyayinevi.com.tr\/index.php\/wp-json\/wp\/v2\/media?parent=689653"}],"wp:term":[{"taxonomy":"product_brand","embeddable":true,"href":"https:\/\/roveyayinevi.com.tr\/index.php\/wp-json\/wp\/v2\/product_brand?post=689653"},{"taxonomy":"product_cat","embeddable":true,"href":"https:\/\/roveyayinevi.com.tr\/index.php\/wp-json\/wp\/v2\/product_cat?post=689653"},{"taxonomy":"product_tag","embeddable":true,"href":"https:\/\/roveyayinevi.com.tr\/index.php\/wp-json\/wp\/v2\/product_tag?post=689653"}],"curies":[{"name":"wp","href":"https:\/\/api.w.org\/{rel}","templated":true}]}}