{"id":689652,"date":"2025-08-27T13:47:56","date_gmt":"2025-08-27T10:47:56","guid":{"rendered":"https:\/\/roveyayinevi.com.tr\/index.php\/urun\/nutuk\/"},"modified":"2026-04-16T01:59:20","modified_gmt":"2026-04-15T22:59:20","slug":"nutuk","status":"publish","type":"product","link":"https:\/\/roveyayinevi.com.tr\/index.php\/urun\/nutuk\/","title":{"rendered":"Nutuk"},"content":{"rendered":"<p>Atat\u00fcrk&#8217;\u00fcn Nutuk ya da S\u00f6ylev adl\u0131 anlat\u0131m\u0131n\u0131 i\u00e7eren kitaplar\u0131n gen\u00e7lerce bilinmesi, okunmas\u0131 ve de\u011ferlendirilmesi \u00fclkemizin ve ulusumuzun gelece\u011fi i\u00e7in son derece \u00f6nemlidir. Osmanl\u0131 \u0130mparatorlu\u011fu&#8217;nun \u00e7\u00f6z\u00fcl\u00fcp par\u00e7aland\u0131\u011f\u0131 ve d\u00f6rt bir yandan i\u015fgal edildi\u011fi bir sonlan\u0131\u015ftan yepyeni bir ruh ve azimle, yoktan var edilen T\u00fcrkiye Cumhuriyeti&#8217;nin \u00f6ncesindeki &#8220;Kurtulu\u015f&#8221;umuzun ve devam\u0131ndaki &#8220;Kurulu\u015fumuzun ola\u011fan\u00fcst\u00fc \u00f6yk\u00fcs\u00fcn\u00fc, \u00e7e\u015fitli y\u00f6nleriyle &#8220;Kurtar\u0131c\u0131n\u0131n a\u011fz\u0131ndan dinlemek hepimizde b\u00fcy\u00fck heyecan yaratan bir olayd\u0131r. Nutuk ya da S\u00f6ylev&#8217;in bas\u0131lmas\u0131 i\u00e7in, G\u00fcls\u00fcn Kaya \u00f6\u011fretmenimiz yo\u011fun bir \u00e7aba harcam\u0131\u015ft\u0131r. \u0130stanbul \u00dcniversitesi Atat\u00fcrk \u0130lkeleri ve \u0130nk\u0131lap Tarihi Enstit\u00fcs\u00fc&#8217;nde y\u00fcksek lisans yapm\u0131\u015f bir T\u00fcrk\u00e7e \u00f6\u011fretmeni olan G\u00fcls\u00fcn Kaya&#8217;n\u0131n bu titiz ve candan \u00e7al\u0131\u015fmas\u0131n\u0131n gen\u00e7lerimize \u00e7ok \u00f6nemli bir bilgi kayna\u011f\u0131 olaca\u011f\u0131na eminim. Yak\u0131n tarihimizi ne denli iyi bilirsek, bug\u00fcn\u00fc ve gelece\u011fi de o denli iyi alg\u0131lar, \u00e7a\u011fda\u015f, laik ve demokratik Cumhuriyetimizi daha \u00e7ok sahipleniriz! \ufffc<\/p>\n","protected":false},"excerpt":{"rendered":"<p>Atat\u00fcrk&#8217;\u00fcn Nutuk ya da S\u00f6ylev adl\u0131 anlat\u0131m\u0131n\u0131 i\u00e7eren kitaplar\u0131n gen\u00e7lerce bilinmesi, okunmas\u0131 ve de\u011ferlendirilmesi \u00fclkemizin ve ulusumuzun gelece\u011fi i\u00e7in son derece \u00f6nemlidir. Osmanl\u0131 \u0130mparatorlu\u011fu&#8217;nun \u00e7\u00f6z\u00fcl\u00fcp par\u00e7aland\u0131\u011f\u0131<span class=\"excerpt-hellip\"> [\u2026]<\/span><\/p>\n","protected":false},"featured_media":0,"template":"","meta":{"_monsterinsights_skip_tracking":false,"_monsterinsights_sitenote_active":false,"_monsterinsights_sitenote_note":"","_monsterinsights_sitenote_category":0},"product_brand":[],"product_cat":[12530,12304],"product_tag":[],"class_list":{"0":"post-689652","1":"product","2":"type-product","3":"status-publish","5":"product_cat-mustafa-kemal-ataturk","6":"product_cat-tarih","7":"pa_cilt-ciltsiz","8":"pa_tur-kitap","9":"pa_yayinevi-iskele-yayincilik","10":"pa_yazar-mustafa-kemal-ataturk","12":"first","13":"instock","14":"sale","15":"shipping-taxable","16":"purchasable","17":"product-type-simple"},"_links":{"self":[{"href":"https:\/\/roveyayinevi.com.tr\/index.php\/wp-json\/wp\/v2\/product\/689652","targetHints":{"allow":["GET"]}}],"collection":[{"href":"https:\/\/roveyayinevi.com.tr\/index.php\/wp-json\/wp\/v2\/product"}],"about":[{"href":"https:\/\/roveyayinevi.com.tr\/index.php\/wp-json\/wp\/v2\/types\/product"}],"wp:attachment":[{"href":"https:\/\/roveyayinevi.com.tr\/index.php\/wp-json\/wp\/v2\/media?parent=689652"}],"wp:term":[{"taxonomy":"product_brand","embeddable":true,"href":"https:\/\/roveyayinevi.com.tr\/index.php\/wp-json\/wp\/v2\/product_brand?post=689652"},{"taxonomy":"product_cat","embeddable":true,"href":"https:\/\/roveyayinevi.com.tr\/index.php\/wp-json\/wp\/v2\/product_cat?post=689652"},{"taxonomy":"product_tag","embeddable":true,"href":"https:\/\/roveyayinevi.com.tr\/index.php\/wp-json\/wp\/v2\/product_tag?post=689652"}],"curies":[{"name":"wp","href":"https:\/\/api.w.org\/{rel}","templated":true}]}}

<p>Atatürk&#8217;ün Nutuk ya da Söylev adlı anlatımını içeren kitapların gençlerce bilinmesi, okunması ve değerlendirilmesi ülkemizin ve ulusumuzun geleceği için son derece önemlidir. Osmanlı İmparatorluğu&#8217;nun çözülüp parçalandığı ve dört bir yandan işgal edildiği bir sonlanıştan yepyeni bir ruh ve azimle, yoktan var edilen Türkiye Cumhuriyeti&#8217;nin öncesindeki &#8220;Kurtuluş&#8221;umuzun ve devamındaki &#8220;Kuruluşumuzun olağanüstü öyküsünü, çeşitli yönleriyle &#8220;Kurtarıcının ağzından dinlemek hepimizde büyük heyecan yaratan bir olaydır. Nutuk ya da Söylev&#8217;in basılması için, Gülsün Kaya öğretmenimiz yoğun bir çaba harcamıştır. İstanbul Üniversitesi Atatürk İlkeleri ve İnkılap Tarihi Enstitüsü&#8217;nde yüksek lisans yapmış bir Türkçe öğretmeni olan Gülsün Kaya&#8217;nın bu titiz ve candan çalışmasının gençlerimize çok önemli bir bilgi kaynağı olacağına eminim. Yakın tarihimizi ne denli iyi bilirsek, bugünü ve geleceği de o denli iyi algılar, çağdaş, laik ve demokratik Cumhuriyetimizi daha çok sahipleniriz! ￼</p>

<p>Atatürk&#8217;ün Nutuk ya da Söylev adlı anlatımını içeren kitapların gençlerce bilinmesi, okunması ve değerlendirilmesi ülkemizin ve ulusumuzun geleceği için son derece önemlidir. Osmanlı İmparatorluğu&#8217;nun çözülüp parçalandığı<span class="excerpt-hellip"> […]</span></p>
