{"id":689636,"date":"2025-08-27T13:47:53","date_gmt":"2025-08-27T10:47:53","guid":{"rendered":"https:\/\/roveyayinevi.com.tr\/index.php\/urun\/ezilenler\/"},"modified":"2026-04-16T01:59:20","modified_gmt":"2026-04-15T22:59:20","slug":"ezilenler","status":"publish","type":"product","link":"https:\/\/roveyayinevi.com.tr\/index.php\/urun\/ezilenler\/","title":{"rendered":"Ezilenler"},"content":{"rendered":"<p>Fyodor Mihaylovi\u00e7 Dostoyevski (1821-1881): \u0130lk roman\u0131 \u0130nsanc\u0131klar&#8217;\u0131n \u00e7arp\u0131c\u0131 konusu ve farkl\u0131 kurgusuyla dikkatleri \u00e7ekti, ki\u015finin ruh halini aktar\u0131\u015f g\u00fcc\u00fcyle \u00f6nemli bir yazar olarak \u00fcn kazand\u0131.Bu kitab\u0131n ard\u0131ndan yay\u0131mlanan \u00f6yk\u00fc ve romanlar\u0131, \u00e7a\u011f\u0131m\u0131zda edebiyat klasikleri aras\u0131nda yer alsa da, o d\u00f6nemde pek ilgi g\u00f6rmedi.1.Nikolay&#8217;\u0131n bask\u0131c\u0131 rejimine muhalif politik bir gruba kat\u0131lan Dostoyevski, bu y\u00fczden tutukland\u0131, idama mahk\u00fcm oldu. Kur\u015funa dizilmek \u00fczereyken cezas\u0131 s\u00fcrg\u00fcn ve zorunlu askerli\u011fe \u00e7evrildi.Sibirya s\u00fcrg\u00fcn\u00fcnden sonra yazd\u0131\u011f\u0131 romanlarla tekrar eski \u00fcn\u00fcne kavu\u015ftu. 1861&#8217;de yay\u0131mlanan Ezinler ele\u015ftirmenlerin sert tepkisiyle kar\u015f\u0131la\u015ft\u0131, ancak geni\u015f bir okuyucu kitlesi taraf\u0131ndan be\u011feniyle okundu. \ufffcTan\u0131t\u0131m Metni<\/p>\n","protected":false},"excerpt":{"rendered":"<p>Fyodor Mihaylovi\u00e7 Dostoyevski (1821-1881): \u0130lk roman\u0131 \u0130nsanc\u0131klar&#8217;\u0131n \u00e7arp\u0131c\u0131 konusu ve farkl\u0131 kurgusuyla dikkatleri \u00e7ekti, ki\u015finin ruh halini aktar\u0131\u015f g\u00fcc\u00fcyle \u00f6nemli bir yazar olarak \u00fcn kazand\u0131.Bu kitab\u0131n<span class=\"excerpt-hellip\"> [\u2026]<\/span><\/p>\n","protected":false},"featured_media":0,"template":"","meta":{"_monsterinsights_skip_tracking":false,"_monsterinsights_sitenote_active":false,"_monsterinsights_sitenote_note":"","_monsterinsights_sitenote_category":0},"product_brand":[],"product_cat":[12291,13570],"product_tag":[],"class_list":{"0":"post-689636","1":"product","2":"type-product","3":"status-publish","5":"product_cat-edebiyat","6":"product_cat-rus-edebiyati","7":"pa_cilt-ciltsiz","8":"pa_tur-kitap","9":"pa_yayinevi-is-bankasi-kultur-yayinlari","10":"pa_yazar-fyodor-mihaylovic-dostoyevski","12":"first","13":"instock","14":"sale","15":"shipping-taxable","16":"purchasable","17":"product-type-simple"},"_links":{"self":[{"href":"https:\/\/roveyayinevi.com.tr\/index.php\/wp-json\/wp\/v2\/product\/689636","targetHints":{"allow":["GET"]}}],"collection":[{"href":"https:\/\/roveyayinevi.com.tr\/index.php\/wp-json\/wp\/v2\/product"}],"about":[{"href":"https:\/\/roveyayinevi.com.tr\/index.php\/wp-json\/wp\/v2\/types\/product"}],"wp:attachment":[{"href":"https:\/\/roveyayinevi.com.tr\/index.php\/wp-json\/wp\/v2\/media?parent=689636"}],"wp:term":[{"taxonomy":"product_brand","embeddable":true,"href":"https:\/\/roveyayinevi.com.tr\/index.php\/wp-json\/wp\/v2\/product_brand?post=689636"},{"taxonomy":"product_cat","embeddable":true,"href":"https:\/\/roveyayinevi.com.tr\/index.php\/wp-json\/wp\/v2\/product_cat?post=689636"},{"taxonomy":"product_tag","embeddable":true,"href":"https:\/\/roveyayinevi.com.tr\/index.php\/wp-json\/wp\/v2\/product_tag?post=689636"}],"curies":[{"name":"wp","href":"https:\/\/api.w.org\/{rel}","templated":true}]}}