{"id":689618,"date":"2025-08-27T13:12:13","date_gmt":"2025-08-27T10:12:13","guid":{"rendered":"https:\/\/roveyayinevi.com.tr\/index.php\/urun\/yuzbasinin-kizi\/"},"modified":"2026-04-16T01:59:20","modified_gmt":"2026-04-15T22:59:20","slug":"yuzbasinin-kizi","status":"publish","type":"product","link":"https:\/\/roveyayinevi.com.tr\/index.php\/urun\/yuzbasinin-kizi\/","title":{"rendered":"Y\u00fczba\u015f\u0131n\u0131n K\u0131z\u0131"},"content":{"rendered":"<p>Rus romanc\u0131l\u0131\u011f\u0131n\u0131n ba\u015flang\u0131c\u0131 say\u0131lan Pu\u015fkin, kendinden sonraki t\u00fcm Rus roman sanat\u0131n\u0131 etkiledi\u011fi gibi b\u00fct\u00fcn d\u00fcnya edebiyat\u0131nda da derin izler b\u0131rakm\u0131\u015ft\u0131r. Pu\u015fkin ak\u0131c\u0131 ve berrak bir yaz\u0131 diliyle anlatt\u0131\u011f\u0131 1773 Ayaklanmas\u0131n\u0131 ak\u0131llardan silinmeyecek bir \u015fekilde anlat\u0131r. Poga\u00e7ev\u2019in \u00f6nderli\u011findeki isyanc\u0131 g\u00fc\u00e7lerin ilgin\u00e7 ya\u015famlar\u0131ndan kesitler o g\u00fcne de\u011fin hi\u00e7 kimsenin cesaret edemedi\u011fi \u00f6l\u00e7\u00fcde ger\u00e7ek\u00e7i bir bi\u00e7imde anlat\u0131l\u0131r. B\u00fct\u00fcn bu olaylar\u0131n ortas\u0131nda t\u00fcm engellere ra\u011fmen tertemiz bir a\u015fk do\u011far. Y\u00fczba\u015f\u0131n\u0131n K\u0131z\u0131 , her \u015feyden \u00f6nce okurun eline ald\u0131\u011f\u0131 zaman bir solukta okuyup bitirece\u011fi t\u00fcrden bir roman. S\u00fcr\u00fckleyicili\u011fi, heyecan\u0131 ve duygusall\u0131\u011f\u0131 ile b\u00fct\u00fcn klasik romanlar\u0131n en ba\u015flar\u0131nda olmay\u0131 hak eden bu eser, Pu\u015fkin\u2019in ustal\u0131\u011f\u0131n\u0131 her sat\u0131r\u0131nda hissettiriyor. \ufffcTan\u0131t\u0131m Metni<\/p>\n","protected":false},"excerpt":{"rendered":"<p>Rus romanc\u0131l\u0131\u011f\u0131n\u0131n ba\u015flang\u0131c\u0131 say\u0131lan Pu\u015fkin, kendinden sonraki t\u00fcm Rus roman sanat\u0131n\u0131 etkiledi\u011fi gibi b\u00fct\u00fcn d\u00fcnya edebiyat\u0131nda da derin izler b\u0131rakm\u0131\u015ft\u0131r. Pu\u015fkin ak\u0131c\u0131 ve berrak bir yaz\u0131<span class=\"excerpt-hellip\"> [\u2026]<\/span><\/p>\n","protected":false},"featured_media":0,"template":"","meta":{"_monsterinsights_skip_tracking":false,"_monsterinsights_sitenote_active":false,"_monsterinsights_sitenote_note":"","_monsterinsights_sitenote_category":0},"product_brand":[],"product_cat":[12291,13570],"product_tag":[],"class_list":{"0":"post-689618","1":"product","2":"type-product","3":"status-publish","5":"product_cat-edebiyat","6":"product_cat-rus-edebiyati","7":"pa_cilt-ciltsiz","8":"pa_tur-kitap","9":"pa_yayinevi-iskele-yayincilik","10":"pa_yazar-aleksandr-sergeyevic-puskin","12":"first","13":"instock","14":"sale","15":"shipping-taxable","16":"purchasable","17":"product-type-simple"},"_links":{"self":[{"href":"https:\/\/roveyayinevi.com.tr\/index.php\/wp-json\/wp\/v2\/product\/689618","targetHints":{"allow":["GET"]}}],"collection":[{"href":"https:\/\/roveyayinevi.com.tr\/index.php\/wp-json\/wp\/v2\/product"}],"about":[{"href":"https:\/\/roveyayinevi.com.tr\/index.php\/wp-json\/wp\/v2\/types\/product"}],"wp:attachment":[{"href":"https:\/\/roveyayinevi.com.tr\/index.php\/wp-json\/wp\/v2\/media?parent=689618"}],"wp:term":[{"taxonomy":"product_brand","embeddable":true,"href":"https:\/\/roveyayinevi.com.tr\/index.php\/wp-json\/wp\/v2\/product_brand?post=689618"},{"taxonomy":"product_cat","embeddable":true,"href":"https:\/\/roveyayinevi.com.tr\/index.php\/wp-json\/wp\/v2\/product_cat?post=689618"},{"taxonomy":"product_tag","embeddable":true,"href":"https:\/\/roveyayinevi.com.tr\/index.php\/wp-json\/wp\/v2\/product_tag?post=689618"}],"curies":[{"name":"wp","href":"https:\/\/api.w.org\/{rel}","templated":true}]}}