{"id":689609,"date":"2025-08-27T13:12:11","date_gmt":"2025-08-27T10:12:11","guid":{"rendered":"https:\/\/roveyayinevi.com.tr\/index.php\/urun\/olu-evinden-anilar\/"},"modified":"2026-04-16T01:59:19","modified_gmt":"2026-04-15T22:59:19","slug":"olu-evinden-anilar","status":"publish","type":"product","link":"https:\/\/roveyayinevi.com.tr\/index.php\/urun\/olu-evinden-anilar\/","title":{"rendered":"\u00d6l\u00fc Evinden An\u0131lar"},"content":{"rendered":"<p>Askerler olanca kuvvetleriyle ba\u015fl\u0131yor sopa vurmaya. Zavall\u0131n\u0131n g\u00f6zlerinden ate\u015f f\u0131\u015fk\u0131r\u0131yor, ba\u011f\u0131rmaya ba\u015fl\u0131yor. Jerebiyatnikov ise kahkahalarla g\u00fclerek, arkas\u0131ndan s\u0131ra boyunca ko\u015fuyor, Kat\u0131l\u0131yor g\u00fclmekten; ellerini b\u00f6\u011f\u00fcrlerine dayam\u0131\u015f iki saat olmu\u015f, do\u011frulam\u0131yor bile. Haline neredeyse ac\u0131yacak insan&#8230; Ara s\u0131ra g\u00fcrleyen kahkahas\u0131 kesilip, &#8211; Ha\u015flay\u0131n onu, ha\u015flay\u0131n! Yak\u0131n can\u0131n\u0131 \u015fu d\u00fczenbaz \u00f6ks\u00fcz\u00fcn! diye ba\u011f\u0131rd\u0131\u011f\u0131 duyuluyor. Bazen, daha de\u011fi\u015fik oyunlar bulurdu. Cezaland\u0131r\u0131lacak mahkum getirilir. Tutuklu yine yalvarmaya ba\u015flar. Jerebiyatnikov bu defa nazlan\u0131p k\u0131r\u0131tmaz, y\u00fcz i\u015faretleri yapmaz, i\u015fi a\u00e7\u0131kl\u0131\u011fa d\u00f6ker: &#8211; Bana bak azizim, der. Cezan\u0131 gerekti\u011fi gibi verece\u011fim. \u00c7\u00fcnk\u00fc bunu hak etmi\u015fsin. Sana ancak bir yard\u0131mda bulunabilirim, dip\u00e7i\u011fe ba\u011flatmam seni. Serbest kalacak, ko\u015facaks\u0131n. Yine de\u011fneklerin hepsini yiyeceksin ama ne de olsa i\u015f daha \u00e7abuk bitecek. Ne dersin, denemek istiyor musun? Mahkum \u015fa\u015fk\u0131nl\u0131kla, g\u00fcvensizlikle dinler, sonra d\u00fc\u015f\u00fcn\u00fcr. Kendi kendine, Ya, ger\u00e7ekten, b\u00f6yle daha kazan\u00e7l\u0131 olacak, der. Var kuvvetimle ko\u015farsam, \u00e7ekece\u011fim ac\u0131 be\u015f kat azal\u0131r. Belki her sopa s\u0131rt\u0131ma inmez bile&#8230; &#8211; Emredersiniz beyefendi; raz\u0131y\u0131m. <\/p>\n","protected":false},"excerpt":{"rendered":"<p>Askerler olanca kuvvetleriyle ba\u015fl\u0131yor sopa vurmaya. Zavall\u0131n\u0131n g\u00f6zlerinden ate\u015f f\u0131\u015fk\u0131r\u0131yor, ba\u011f\u0131rmaya ba\u015fl\u0131yor. Jerebiyatnikov ise kahkahalarla g\u00fclerek, arkas\u0131ndan s\u0131ra boyunca ko\u015fuyor, Kat\u0131l\u0131yor g\u00fclmekten; ellerini b\u00f6\u011f\u00fcrlerine dayam\u0131\u015f iki<span class=\"excerpt-hellip\"> [\u2026]<\/span><\/p>\n","protected":false},"featured_media":0,"template":"","meta":{"_monsterinsights_skip_tracking":false,"_monsterinsights_sitenote_active":false,"_monsterinsights_sitenote_note":"","_monsterinsights_sitenote_category":0},"product_brand":[],"product_cat":[12291,13570],"product_tag":[],"class_list":{"0":"post-689609","1":"product","2":"type-product","3":"status-publish","5":"product_cat-edebiyat","6":"product_cat-rus-edebiyati","7":"pa_cilt-ciltsiz","8":"pa_tur-kitap","9":"pa_yayinevi-iskele-yayincilik","10":"pa_yazar-fyodor-mihaylovic-dostoyevski","12":"first","13":"instock","14":"sale","15":"shipping-taxable","16":"purchasable","17":"product-type-simple"},"_links":{"self":[{"href":"https:\/\/roveyayinevi.com.tr\/index.php\/wp-json\/wp\/v2\/product\/689609","targetHints":{"allow":["GET"]}}],"collection":[{"href":"https:\/\/roveyayinevi.com.tr\/index.php\/wp-json\/wp\/v2\/product"}],"about":[{"href":"https:\/\/roveyayinevi.com.tr\/index.php\/wp-json\/wp\/v2\/types\/product"}],"wp:attachment":[{"href":"https:\/\/roveyayinevi.com.tr\/index.php\/wp-json\/wp\/v2\/media?parent=689609"}],"wp:term":[{"taxonomy":"product_brand","embeddable":true,"href":"https:\/\/roveyayinevi.com.tr\/index.php\/wp-json\/wp\/v2\/product_brand?post=689609"},{"taxonomy":"product_cat","embeddable":true,"href":"https:\/\/roveyayinevi.com.tr\/index.php\/wp-json\/wp\/v2\/product_cat?post=689609"},{"taxonomy":"product_tag","embeddable":true,"href":"https:\/\/roveyayinevi.com.tr\/index.php\/wp-json\/wp\/v2\/product_tag?post=689609"}],"curies":[{"name":"wp","href":"https:\/\/api.w.org\/{rel}","templated":true}]}}