{"id":689552,"date":"2025-08-27T13:12:00","date_gmt":"2025-08-27T10:12:00","guid":{"rendered":"https:\/\/roveyayinevi.com.tr\/index.php\/urun\/dunya-tarihi-2-cilt\/"},"modified":"2026-04-16T01:59:18","modified_gmt":"2026-04-15T22:59:18","slug":"dunya-tarihi-2-cilt","status":"publish","type":"product","link":"https:\/\/roveyayinevi.com.tr\/index.php\/urun\/dunya-tarihi-2-cilt\/","title":{"rendered":"D\u00fcnya Tarihi 2. Cilt"},"content":{"rendered":"<p>D\u00fcnya Tarihi\u2019nin ikinci cildinde 18. y\u00fczy\u0131l ve sonras\u0131 ele al\u0131n\u0131yor. Avrupa \u00c7a\u011f\u0131n\u0131n Olu\u015fumu yla ba\u015flayan bu d\u00f6nem Rusya ve Amerika Birle\u015fik Devletleri\u2019nin birer s\u00fcper g\u00fc\u00e7 olarak kar\u015f\u0131m\u0131za \u00e7\u0131kmas\u0131yla devam edip k\u00fcreselle\u015fme ve k\u00fcresel kirliliklerle son buluyor. M\u00fckemmel bir \u00e7al\u0131\u015fma. -Olivia Constable- Notre Dame \u00dcniversitesi D\u00fcnya tarihi hakk\u0131nda yap\u0131lacak b\u00fct\u00fcn \u00e7al\u0131\u015fmalar i\u00e7in harika bir kaynak kitap. -William Bakken- J.M. Roberts\u2019\u0131n zek\u00e2s\u0131, birikimi ve ak\u0131c\u0131 \u00fcslubuyla ortaya \u00e7\u0131km\u0131\u015f ba\u015far\u0131l\u0131 bir ara\u015ft\u0131rma. -Library Journal- En iyi d\u00fcnya tarihi kitab\u0131. -The Times- \ufffc<\/p>\n","protected":false},"excerpt":{"rendered":"<p>D\u00fcnya Tarihi\u2019nin ikinci cildinde 18. y\u00fczy\u0131l ve sonras\u0131 ele al\u0131n\u0131yor. Avrupa \u00c7a\u011f\u0131n\u0131n Olu\u015fumu yla ba\u015flayan bu d\u00f6nem Rusya ve Amerika Birle\u015fik Devletleri\u2019nin birer s\u00fcper g\u00fc\u00e7 olarak<span class=\"excerpt-hellip\"> [\u2026]<\/span><\/p>\n","protected":false},"featured_media":0,"template":"","meta":{"_monsterinsights_skip_tracking":false,"_monsterinsights_sitenote_active":false,"_monsterinsights_sitenote_note":"","_monsterinsights_sitenote_category":0},"product_brand":[],"product_cat":[13590,12337],"product_tag":[],"class_list":{"0":"post-689552","1":"product","2":"type-product","3":"status-publish","5":"product_cat-arastirma-inceleme-politika-siyaset","6":"product_cat-politika-siyaset","7":"pa_cilt-ciltsiz","8":"pa_tur-kitap","9":"pa_yayinevi-inkilap-kitabevi","10":"pa_yazar-j-m-roberts","12":"first","13":"instock","14":"sale","15":"shipping-taxable","16":"purchasable","17":"product-type-simple"},"_links":{"self":[{"href":"https:\/\/roveyayinevi.com.tr\/index.php\/wp-json\/wp\/v2\/product\/689552","targetHints":{"allow":["GET"]}}],"collection":[{"href":"https:\/\/roveyayinevi.com.tr\/index.php\/wp-json\/wp\/v2\/product"}],"about":[{"href":"https:\/\/roveyayinevi.com.tr\/index.php\/wp-json\/wp\/v2\/types\/product"}],"wp:attachment":[{"href":"https:\/\/roveyayinevi.com.tr\/index.php\/wp-json\/wp\/v2\/media?parent=689552"}],"wp:term":[{"taxonomy":"product_brand","embeddable":true,"href":"https:\/\/roveyayinevi.com.tr\/index.php\/wp-json\/wp\/v2\/product_brand?post=689552"},{"taxonomy":"product_cat","embeddable":true,"href":"https:\/\/roveyayinevi.com.tr\/index.php\/wp-json\/wp\/v2\/product_cat?post=689552"},{"taxonomy":"product_tag","embeddable":true,"href":"https:\/\/roveyayinevi.com.tr\/index.php\/wp-json\/wp\/v2\/product_tag?post=689552"}],"curies":[{"name":"wp","href":"https:\/\/api.w.org\/{rel}","templated":true}]}}