{"id":689528,"date":"2025-08-27T13:11:56","date_gmt":"2025-08-27T10:11:56","guid":{"rendered":"https:\/\/roveyayinevi.com.tr\/index.php\/urun\/baglanma-ve-sonraki-yaslarda-gorulen-etkileri\/"},"modified":"2026-04-16T01:59:18","modified_gmt":"2026-04-15T22:59:18","slug":"baglanma-ve-sonraki-yaslarda-gorulen-etkileri","status":"publish","type":"product","link":"https:\/\/roveyayinevi.com.tr\/index.php\/urun\/baglanma-ve-sonraki-yaslarda-gorulen-etkileri\/","title":{"rendered":"Ba\u011flanma ve Sonraki Ya\u015flarda G\u00f6r\u00fclen Etkileri"},"content":{"rendered":"<p>Ba\u011flanma, yavru ile onun sosyalle\u015fmesini sa\u011flayan bir anne veya annelik yapan ki\u015fi (ki\u015filer) aras\u0131nda olu\u015fan, sevgiye ve ilgiye dayal\u0131 bir ba\u011f kurma olay\u0131d\u0131r. Belirli bir kritik devrede meydana gelmesi gereken ba\u011flanma olgusunda ya\u015fanacak herhangi bir eksiklik, zedelenme insan\u0131n sonraki hayat\u0131nda g\u00fcven verici ili\u015fkiler kurmas\u0131n\u0131 zorla\u015ft\u0131rmakta, hatta imk\u00e2ns\u0131z hale getirmektedir. Dr. Turhan Y\u00f6r\u00fck\u00e2n\u2019\u0131n Ba\u011flanma ve Sonraki Ya\u015flarda G\u00f6r\u00fclen Etkileri adl\u0131 eseri, ba\u011flanma s\u00fcrecinin ayr\u0131nt\u0131l\u0131 bir tan\u0131t\u0131m\u0131n\u0131 yaparken, \u00e7ok say\u0131da ara\u015ft\u0131rma sonucuna dayanarak ba\u011flanma g\u00f6stergelerinin neler oldu\u011funu, olumlu ve olumsuz, g\u00fcvenli ve g\u00fcvensiz ba\u011flanma tarzlar\u0131n\u0131n hayat\u0131m\u0131z\u0131 ne \u015fekilde etkiledi\u011fini de anlat\u0131yor. \ufffcTan\u0131t\u0131m Metni<\/p>\n","protected":false},"excerpt":{"rendered":"<p>Ba\u011flanma, yavru ile onun sosyalle\u015fmesini sa\u011flayan bir anne veya annelik yapan ki\u015fi (ki\u015filer) aras\u0131nda olu\u015fan, sevgiye ve ilgiye dayal\u0131 bir ba\u011f kurma olay\u0131d\u0131r. Belirli bir kritik<span class=\"excerpt-hellip\"> [\u2026]<\/span><\/p>\n","protected":false},"featured_media":0,"template":"","meta":{"_monsterinsights_skip_tracking":false,"_monsterinsights_sitenote_active":false,"_monsterinsights_sitenote_note":"","_monsterinsights_sitenote_category":0},"product_brand":[],"product_cat":[12679,12357],"product_tag":[],"class_list":{"0":"post-689528","1":"product","2":"type-product","3":"status-publish","5":"product_cat-cocuk-psikolojisi","6":"product_cat-psikoloji","7":"pa_cilt-ciltsiz","8":"pa_tur-kitap","9":"pa_yayinevi-is-bankasi-kultur-yayinlari","10":"pa_yazar-turhan-yorukan","12":"first","13":"instock","14":"sale","15":"shipping-taxable","16":"purchasable","17":"product-type-simple"},"_links":{"self":[{"href":"https:\/\/roveyayinevi.com.tr\/index.php\/wp-json\/wp\/v2\/product\/689528","targetHints":{"allow":["GET"]}}],"collection":[{"href":"https:\/\/roveyayinevi.com.tr\/index.php\/wp-json\/wp\/v2\/product"}],"about":[{"href":"https:\/\/roveyayinevi.com.tr\/index.php\/wp-json\/wp\/v2\/types\/product"}],"wp:attachment":[{"href":"https:\/\/roveyayinevi.com.tr\/index.php\/wp-json\/wp\/v2\/media?parent=689528"}],"wp:term":[{"taxonomy":"product_brand","embeddable":true,"href":"https:\/\/roveyayinevi.com.tr\/index.php\/wp-json\/wp\/v2\/product_brand?post=689528"},{"taxonomy":"product_cat","embeddable":true,"href":"https:\/\/roveyayinevi.com.tr\/index.php\/wp-json\/wp\/v2\/product_cat?post=689528"},{"taxonomy":"product_tag","embeddable":true,"href":"https:\/\/roveyayinevi.com.tr\/index.php\/wp-json\/wp\/v2\/product_tag?post=689528"}],"curies":[{"name":"wp","href":"https:\/\/api.w.org\/{rel}","templated":true}]}}