{"id":689527,"date":"2025-08-27T13:11:55","date_gmt":"2025-08-27T10:11:55","guid":{"rendered":"https:\/\/roveyayinevi.com.tr\/index.php\/urun\/bugunun-saraylisi\/"},"modified":"2026-04-16T01:59:18","modified_gmt":"2026-04-15T22:59:18","slug":"bugunun-saraylisi","status":"publish","type":"product","link":"https:\/\/roveyayinevi.com.tr\/index.php\/urun\/bugunun-saraylisi\/","title":{"rendered":"Bug\u00fcn\u00fcn Sarayl\u0131s\u0131"},"content":{"rendered":"<p>Hani, ilk g\u00fcn otomobilin kap\u0131 taraf\u0131na b\u00fcz\u00fclerek, dimdik, acemi ve \u00fcrkek, yar\u0131 ayakta duran Ay\u015fen nerede? \u2018\u0130sterseniz Ay\u015fe olurum,\u2019 diyen, g\u00f6zleri dolan, D\u00fczceli k\u0131z gitmi\u015f, yerine bu gelmi\u015f. Bu? R\u00fc\u015ft\u00fc\u2019y\u00fc, Faruk Senai\u2019yi, Mister Thomas\u2019\u0131, milyonerleri emir kulu vaziyetine sokan \u015fu durgun, duygusuz fettan&#8230; Bug\u00fcn\u00fcn Sarayl\u0131s\u0131, kendi halinde ve orta ya\u015f\u0131n\u0131 ge\u00e7mi\u015f olan Ata Efendi\u2019nin Gedikpa\u015fa\u2019daki m\u00fctevaz\u0131 evine, ilk defa g\u00f6rece\u011fi ye\u011feninin gelmesiyle ba\u015flayan, sakl\u0131 bir a\u015fk\u0131n hik\u00e2yesini anlat\u0131yor. Refik Halid Karay, karakterlerin i\u00e7 \u00e7at\u0131\u015fmalar\u0131n\u0131, gizli kalan duygular\u0131n\u0131, \u00e7\u0131kar hesaplar\u0131n\u0131 ve tutkular\u0131n\u0131 titizlikle kaleme alarak, d\u00f6nemden portreler ve mek\u00e2nlarla bizleri 1940\u2019l\u0131 y\u0131llar\u0131n \u0130stanbul\u2019unda ya\u015fanan bir a\u015fk\u0131n derinliklerine ta\u015f\u0131yor. <\/p>\n","protected":false},"excerpt":{"rendered":"<p>Hani, ilk g\u00fcn otomobilin kap\u0131 taraf\u0131na b\u00fcz\u00fclerek, dimdik, acemi ve \u00fcrkek, yar\u0131 ayakta duran Ay\u015fen nerede? \u2018\u0130sterseniz Ay\u015fe olurum,\u2019 diyen, g\u00f6zleri dolan, D\u00fczceli k\u0131z gitmi\u015f, yerine<span class=\"excerpt-hellip\"> [\u2026]<\/span><\/p>\n","protected":false},"featured_media":0,"template":"","meta":{"_monsterinsights_skip_tracking":false,"_monsterinsights_sitenote_active":false,"_monsterinsights_sitenote_note":"","_monsterinsights_sitenote_category":0},"product_brand":[],"product_cat":[12291,12292],"product_tag":[],"class_list":{"0":"post-689527","1":"product","2":"type-product","3":"status-publish","5":"product_cat-edebiyat","6":"product_cat-turk-edebiyati","7":"pa_cilt-ciltsiz","8":"pa_tur-kitap","9":"pa_yayinevi-inkilap-kitabevi","10":"pa_yazar-refik-halid-karay","12":"first","13":"instock","14":"sale","15":"shipping-taxable","16":"purchasable","17":"product-type-simple"},"_links":{"self":[{"href":"https:\/\/roveyayinevi.com.tr\/index.php\/wp-json\/wp\/v2\/product\/689527","targetHints":{"allow":["GET"]}}],"collection":[{"href":"https:\/\/roveyayinevi.com.tr\/index.php\/wp-json\/wp\/v2\/product"}],"about":[{"href":"https:\/\/roveyayinevi.com.tr\/index.php\/wp-json\/wp\/v2\/types\/product"}],"wp:attachment":[{"href":"https:\/\/roveyayinevi.com.tr\/index.php\/wp-json\/wp\/v2\/media?parent=689527"}],"wp:term":[{"taxonomy":"product_brand","embeddable":true,"href":"https:\/\/roveyayinevi.com.tr\/index.php\/wp-json\/wp\/v2\/product_brand?post=689527"},{"taxonomy":"product_cat","embeddable":true,"href":"https:\/\/roveyayinevi.com.tr\/index.php\/wp-json\/wp\/v2\/product_cat?post=689527"},{"taxonomy":"product_tag","embeddable":true,"href":"https:\/\/roveyayinevi.com.tr\/index.php\/wp-json\/wp\/v2\/product_tag?post=689527"}],"curies":[{"name":"wp","href":"https:\/\/api.w.org\/{rel}","templated":true}]}}