{"id":689526,"date":"2025-08-27T13:11:55","date_gmt":"2025-08-27T10:11:55","guid":{"rendered":"https:\/\/roveyayinevi.com.tr\/index.php\/urun\/birbirimizi-sevebilmek-insan-iliskileri-uzerine-bir-inceleme\/"},"modified":"2026-04-16T01:59:18","modified_gmt":"2026-04-15T22:59:18","slug":"birbirimizi-sevebilmek-insan-iliskileri-uzerine-bir-inceleme","status":"publish","type":"product","link":"https:\/\/roveyayinevi.com.tr\/index.php\/urun\/birbirimizi-sevebilmek-insan-iliskileri-uzerine-bir-inceleme\/","title":{"rendered":"Birbirimizi Sevebilmek \u0130nsan \u0130li\u015fkileri \u00dczerine Bir \u0130nceleme"},"content":{"rendered":"<p>G\u00fcney Kaliforniya \u00dcniversitesi profes\u00f6rlerinden felsefe doktoru Leo Buscaglia, \u00fcnl\u00fc bir yazar ve aranan bir konu\u015fmac\u0131d\u0131r. Toplant\u0131larda ve televizyonda yapt\u0131\u011f\u0131 konu\u015fmalar dir\u0131leyicilerinden s\u00fcrekli olarak olumlu tepkiler almaktad\u0131r. Sevginin ve sevgi dolu ili\u015fkilerin dinami\u011fi \u00fczerine yapt\u0131\u011f\u0131 incelemeler yaln\u0131z Amerika Birle\u015fik Devletlerinde de\u011fil, d\u00fcnyan\u0131n pek \u00e7ok yerinde ilgi uyand\u0131rm\u0131\u015f, \u00e7ok satar kitaplar\u0131 bir\u00e7ok dile \u00e7evrilmi\u015ftir. Kitabevimizce yay\u0131nlanan &#8220;Ya\u015famak, Sevmek ve \u00d6\u011frenmek&#8221; adl\u0131 yap\u0131t\u0131 T\u00fcrk okurunun da be\u011fenisini kazanm\u0131\u015ft\u0131r. &#8220;Birbirimizi Sevebilmek&#8221; adl\u0131 yap\u0131t\u0131 ise yazar\u0131n insan ili\u015fkileri \u00fczerine yapt\u0131\u011f\u0131 incelemelerin sonu\u00e7lar\u0131n\u0131 i\u00e7ermektedir. Kitapta yazar kar\u0131 koca ailenin di\u011fer bireyleri ve arkada\u015flar aras\u0131ndaki ili\u015fkilerden dogan ba\u011f\u0131\u015flama, sevecenlik, ileti\u015fim, d\u00fcr\u00fcstl\u00fck, k\u0131skan\u00e7l\u0131k qibi olay ve \u00f6\u011feleri sonu\u00e7lar\u0131yla birlikte tart\u0131\u015fmakta: ili\u015fkilerde \u00e7\u0131kacak sorunlara yetkiyle a\u00e7\u0131klamalar ve \u00e7\u00f6z\u00fcmler getirmektedir. \ufffcTan\u0131t\u0131m Metni<\/p>\n","protected":false},"excerpt":{"rendered":"<p>G\u00fcney Kaliforniya \u00dcniversitesi profes\u00f6rlerinden felsefe doktoru Leo Buscaglia, \u00fcnl\u00fc bir yazar ve aranan bir konu\u015fmac\u0131d\u0131r. Toplant\u0131larda ve televizyonda yapt\u0131\u011f\u0131 konu\u015fmalar dir\u0131leyicilerinden s\u00fcrekli olarak olumlu tepkiler almaktad\u0131r.<span class=\"excerpt-hellip\"> [\u2026]<\/span><\/p>\n","protected":false},"featured_media":0,"template":"","meta":{"_monsterinsights_skip_tracking":false,"_monsterinsights_sitenote_active":false,"_monsterinsights_sitenote_note":"","_monsterinsights_sitenote_category":0},"product_brand":[],"product_cat":[12358,12357],"product_tag":[],"class_list":{"0":"post-689526","1":"product","2":"type-product","3":"status-publish","5":"product_cat-genel-psikoloji","6":"product_cat-psikoloji","7":"pa_cilt-ciltsiz","8":"pa_tur-kitap","9":"pa_yayinevi-inkilap-kitabevi","10":"pa_yazar-leo-buscaglia","12":"first","13":"instock","14":"sale","15":"shipping-taxable","16":"purchasable","17":"product-type-simple"},"_links":{"self":[{"href":"https:\/\/roveyayinevi.com.tr\/index.php\/wp-json\/wp\/v2\/product\/689526","targetHints":{"allow":["GET"]}}],"collection":[{"href":"https:\/\/roveyayinevi.com.tr\/index.php\/wp-json\/wp\/v2\/product"}],"about":[{"href":"https:\/\/roveyayinevi.com.tr\/index.php\/wp-json\/wp\/v2\/types\/product"}],"wp:attachment":[{"href":"https:\/\/roveyayinevi.com.tr\/index.php\/wp-json\/wp\/v2\/media?parent=689526"}],"wp:term":[{"taxonomy":"product_brand","embeddable":true,"href":"https:\/\/roveyayinevi.com.tr\/index.php\/wp-json\/wp\/v2\/product_brand?post=689526"},{"taxonomy":"product_cat","embeddable":true,"href":"https:\/\/roveyayinevi.com.tr\/index.php\/wp-json\/wp\/v2\/product_cat?post=689526"},{"taxonomy":"product_tag","embeddable":true,"href":"https:\/\/roveyayinevi.com.tr\/index.php\/wp-json\/wp\/v2\/product_tag?post=689526"}],"curies":[{"name":"wp","href":"https:\/\/api.w.org\/{rel}","templated":true}]}}