{"id":689513,"date":"2025-08-27T13:11:53","date_gmt":"2025-08-27T10:11:53","guid":{"rendered":"https:\/\/roveyayinevi.com.tr\/index.php\/urun\/ayin-on-dordu\/"},"modified":"2026-04-16T01:59:17","modified_gmt":"2026-04-15T22:59:17","slug":"ayin-on-dordu","status":"publish","type":"product","link":"https:\/\/roveyayinevi.com.tr\/index.php\/urun\/ayin-on-dordu\/","title":{"rendered":"Ay\u0131n On D\u00f6rd\u00fc"},"content":{"rendered":"<p>Kendisini \u00f6ld\u00fcrmesi i\u00e7in eline verdi\u011fim tabancay\u0131 g\u00f6\u011fs\u00fcme \u00e7evirdi. Horozun kalkt\u0131\u011f\u0131n\u0131, topun d\u00f6nd\u00fc\u011f\u00fcn\u00fc g\u00f6rd\u00fcm, g\u00f6rmedim belki; sesini i\u015fitti\u011fim i\u00e7in g\u00f6rm\u00fc\u015f gibi oldum ve galiba g\u00fcl\u00fcmsedim. \u00d6yle bir anda g\u00fcl\u00fcmsemek m\u00fcmk\u00fcn m\u00fcd\u00fcr? \u00d6l\u00fcm\u00fc bekliyor, \u00f6l\u00fcme can m\u0131 at\u0131yordum? Hay\u0131r! Ben bu ihtiyats\u0131zl\u0131\u011f\u0131 yapacak ahmaklardan de\u011filim. Tetik indi, fakat tabanca patlamad\u0131. Bir daha, bir daha indi, gene patlama yok! Sofra bezinin alt\u0131na ba\u015flang\u0131\u00e7ta saklad\u0131\u011f\u0131m Beretta\u2019y\u0131 kapt\u0131\u011f\u0131m gibi bir lahzada onun g\u00f6\u011fs\u00fcne \u00e7eviren \u015fimdi benim.  \u0130stanbul\u2019da, mehtapl\u0131 bir yaz ak\u015fam\u0131, sahilde bir cinayet i\u015flenir. Cinayet yerinin hemen yak\u0131n\u0131nda evleri bulunan R\u0131dvan ve Rayiha\u2019n\u0131n hayat\u0131 o ak\u015famdan sonra eskisi gibi olmayacakt\u0131r&#8230; Bu cinayet sonras\u0131nda ya\u015fanan olaylar\u0131 kaleme alan Refik Halid Karay, insan davran\u0131\u015flar\u0131n\u0131n de\u011fi\u015fkenli\u011fini ve \u00e7e\u015fitlili\u011fini irdeledi\u011fi s\u00fcr\u00fckleyici bir romanla okuyucusunun kar\u015f\u0131s\u0131na \u00e7\u0131k\u0131yor. <\/p>\n","protected":false},"excerpt":{"rendered":"<p>Kendisini \u00f6ld\u00fcrmesi i\u00e7in eline verdi\u011fim tabancay\u0131 g\u00f6\u011fs\u00fcme \u00e7evirdi. Horozun kalkt\u0131\u011f\u0131n\u0131, topun d\u00f6nd\u00fc\u011f\u00fcn\u00fc g\u00f6rd\u00fcm, g\u00f6rmedim belki; sesini i\u015fitti\u011fim i\u00e7in g\u00f6rm\u00fc\u015f gibi oldum ve galiba g\u00fcl\u00fcmsedim. \u00d6yle bir<span class=\"excerpt-hellip\"> [\u2026]<\/span><\/p>\n","protected":false},"featured_media":0,"template":"","meta":{"_monsterinsights_skip_tracking":false,"_monsterinsights_sitenote_active":false,"_monsterinsights_sitenote_note":"","_monsterinsights_sitenote_category":0},"product_brand":[],"product_cat":[12291,12292],"product_tag":[],"class_list":{"0":"post-689513","1":"product","2":"type-product","3":"status-publish","5":"product_cat-edebiyat","6":"product_cat-turk-edebiyati","7":"pa_cilt-ciltsiz","8":"pa_tur-kitap","9":"pa_yayinevi-inkilap-kitabevi","10":"pa_yazar-refik-halid-karay","12":"first","13":"instock","14":"sale","15":"shipping-taxable","16":"purchasable","17":"product-type-simple"},"_links":{"self":[{"href":"https:\/\/roveyayinevi.com.tr\/index.php\/wp-json\/wp\/v2\/product\/689513","targetHints":{"allow":["GET"]}}],"collection":[{"href":"https:\/\/roveyayinevi.com.tr\/index.php\/wp-json\/wp\/v2\/product"}],"about":[{"href":"https:\/\/roveyayinevi.com.tr\/index.php\/wp-json\/wp\/v2\/types\/product"}],"wp:attachment":[{"href":"https:\/\/roveyayinevi.com.tr\/index.php\/wp-json\/wp\/v2\/media?parent=689513"}],"wp:term":[{"taxonomy":"product_brand","embeddable":true,"href":"https:\/\/roveyayinevi.com.tr\/index.php\/wp-json\/wp\/v2\/product_brand?post=689513"},{"taxonomy":"product_cat","embeddable":true,"href":"https:\/\/roveyayinevi.com.tr\/index.php\/wp-json\/wp\/v2\/product_cat?post=689513"},{"taxonomy":"product_tag","embeddable":true,"href":"https:\/\/roveyayinevi.com.tr\/index.php\/wp-json\/wp\/v2\/product_tag?post=689513"}],"curies":[{"name":"wp","href":"https:\/\/api.w.org\/{rel}","templated":true}]}}