{"id":689508,"date":"2025-08-27T13:11:52","date_gmt":"2025-08-27T10:11:52","guid":{"rendered":"https:\/\/roveyayinevi.com.tr\/index.php\/urun\/anadolu-notlari-1-ve-2\/"},"modified":"2026-04-16T01:59:17","modified_gmt":"2026-04-15T22:59:17","slug":"anadolu-notlari-1-ve-2","status":"publish","type":"product","link":"https:\/\/roveyayinevi.com.tr\/index.php\/urun\/anadolu-notlari-1-ve-2\/","title":{"rendered":"Anadolu Notlar\u0131 1 ve 2"},"content":{"rendered":"<p>\u201cBen \u015fu \u00e7\u0131r\u00e7\u0131plak da\u011flarda seyretti\u011fim manzaray\u0131 hi\u00e7bir yerde g\u00f6rmedim, diyebilirim. Bunlar beyaz sinema perdeleri gibidir. Gu\u0308ne\u015f her ak\u015famu\u0308stu\u0308 oralara bir ba\u015fka du\u0308nyan\u0131n filmini aksettirir. \u015eu k\u0131ra\u00e7 da\u011f\u0131n teras bi\u00e7iminde kesilmi\u015f tepesinde benim ka\u00e7 ak\u015famu\u0308stu\u0308, bu\u0308yu\u0308k hisarlar u\u0308stu\u0308ne kurulmu\u015f sarayl\u0131, kuleli ka\u00e7 masal mamuresi seyretti\u011fimi bilemezsiniz.\u201d Re\u015fat Nuri G\u00fcntekin\u2019in keskin g\u00f6zlem yetene\u011finin n\u00fcktedan \u00fcslubuyla birle\u015fti\u011fi Anadolu Notlar\u0131, okura hem edebi bir dil lezzeti hem de toplum ya\u015fam\u0131na dair i\u00e7eriden bir bak\u0131\u015f vaat ediyor. Gezi yaz\u0131s\u0131, deneme ve an\u0131 t\u00fcrlerini bir arada sunan eser, incelikli ve derin tahlillerle d\u00f6nemin insan ya\u015fay\u0131\u015f\u0131 ve k\u00fclt\u00fcrel ortam\u0131 \u00fcst\u00fcne ger\u00e7ek\u00e7i \u00e7\u00f6z\u00fcmlemeler sunuyor. Gen\u00e7 Cumhuriyet\u2019in g\u00f6revlendirdi\u011fi bir Milli E\u011fitim M\u00fcfetti\u015fi olarak Anadolu illerini dola\u015fan G\u00fcntekin, d\u00f6nemin ya\u015fay\u0131\u015f tarz\u0131na yer yer ele\u015ftirel yer yerse co\u015fku dolu sat\u0131rlarla tan\u0131kl\u0131k ediyor. Re\u015fat Nuri G\u00fcntekin\u2019in farkl\u0131 bir edebi t\u00fcrdeki ustal\u0131\u011f\u0131n\u0131 g\u00f6zler \u00f6n\u00fcne serdi\u011fi Anadolu Notlar\u0131, b\u00fcy\u00fck ustan\u0131n k\u00fclliyat\u0131n\u0131n \u00f6zel bir yerinde duruyor. <\/p>\n","protected":false},"excerpt":{"rendered":"<p>\u201cBen \u015fu \u00e7\u0131r\u00e7\u0131plak da\u011flarda seyretti\u011fim manzaray\u0131 hi\u00e7bir yerde g\u00f6rmedim, diyebilirim. Bunlar beyaz sinema perdeleri gibidir. Gu\u0308ne\u015f her ak\u015famu\u0308stu\u0308 oralara bir ba\u015fka du\u0308nyan\u0131n filmini aksettirir. \u015eu k\u0131ra\u00e7<span class=\"excerpt-hellip\"> [\u2026]<\/span><\/p>\n","protected":false},"featured_media":0,"template":"","meta":{"_monsterinsights_skip_tracking":false,"_monsterinsights_sitenote_active":false,"_monsterinsights_sitenote_note":"","_monsterinsights_sitenote_category":0},"product_brand":[],"product_cat":[12291,12292],"product_tag":[],"class_list":{"0":"post-689508","1":"product","2":"type-product","3":"status-publish","5":"product_cat-edebiyat","6":"product_cat-turk-edebiyati","7":"pa_cilt-ciltsiz","8":"pa_tur-kitap","9":"pa_yayinevi-resat-nuri-guntekin-yayinlari","10":"pa_yazar-resat-nuri-guntekin","12":"first","13":"instock","14":"sale","15":"shipping-taxable","16":"purchasable","17":"product-type-simple"},"_links":{"self":[{"href":"https:\/\/roveyayinevi.com.tr\/index.php\/wp-json\/wp\/v2\/product\/689508","targetHints":{"allow":["GET"]}}],"collection":[{"href":"https:\/\/roveyayinevi.com.tr\/index.php\/wp-json\/wp\/v2\/product"}],"about":[{"href":"https:\/\/roveyayinevi.com.tr\/index.php\/wp-json\/wp\/v2\/types\/product"}],"wp:attachment":[{"href":"https:\/\/roveyayinevi.com.tr\/index.php\/wp-json\/wp\/v2\/media?parent=689508"}],"wp:term":[{"taxonomy":"product_brand","embeddable":true,"href":"https:\/\/roveyayinevi.com.tr\/index.php\/wp-json\/wp\/v2\/product_brand?post=689508"},{"taxonomy":"product_cat","embeddable":true,"href":"https:\/\/roveyayinevi.com.tr\/index.php\/wp-json\/wp\/v2\/product_cat?post=689508"},{"taxonomy":"product_tag","embeddable":true,"href":"https:\/\/roveyayinevi.com.tr\/index.php\/wp-json\/wp\/v2\/product_tag?post=689508"}],"curies":[{"name":"wp","href":"https:\/\/api.w.org\/{rel}","templated":true}]}}