{"id":689497,"date":"2025-08-27T13:11:50","date_gmt":"2025-08-27T10:11:50","guid":{"rendered":"https:\/\/roveyayinevi.com.tr\/index.php\/urun\/cocuklar-okulu-neden-sevmez\/"},"modified":"2026-04-16T01:59:17","modified_gmt":"2026-04-15T22:59:17","slug":"cocuklar-okulu-neden-sevmez","status":"publish","type":"product","link":"https:\/\/roveyayinevi.com.tr\/index.php\/urun\/cocuklar-okulu-neden-sevmez\/","title":{"rendered":"\u00c7ocuklar Okulu Neden Sevmez?"},"content":{"rendered":"<p>Beynimiz nas\u0131l \u00e7al\u0131\u015f\u0131yor? Nas\u0131l \u00f6\u011freniyoruz? Ni\u00e7in unutuyoruz? \u00c7ocuklar ni\u00e7in Y\u0131ld\u0131z Sava\u015flar\u0131\u2019na dair her \u015feyi hat\u0131rlarken sizin s\u00f6ylediklerinizi unutur? Farkl\u0131 \u00f6\u011frenme stilleri i\u00e7in farkl\u0131 \u00f6\u011fretme \u015fekilleri gerekli mi?Bili\u015fsel psikolog Daniel T. Willingham, zihinsel faaliyetlerin nas\u0131l d\u00fczenlendi\u011fine ili\u015fkin en g\u00fcncel bilgileri a\u00e7\u0131kl\u0131yor. Bilgi in\u015fa etme ve kal\u0131c\u0131 \u00f6\u011frenme deneyimleri yaratmada hik\u00e2ye, duygu, haf\u0131za, ba\u011flam ve rutinin \u00f6nemini ortaya koyarak okul ve e\u011fitim ba\u011flam\u0131nda bunlardan nas\u0131l yararlanabilece\u011fimizi g\u00f6steriyor.\u00c7ocuklar Okulu Neden Sevmez? ba\u015fta \u00f6\u011fretmenler olmak \u00fczere, anne-babalar, \u00f6\u011frenciler ve \u201cnas\u0131l \u00f6\u011frendi\u011fimiz\u201d konusunu \u00f6teden beri merak eden herkes i\u00e7in, \u00e7arp\u0131c\u0131 olgular, etkili \u00f6\u011frenme stratejileri hakk\u0131nda ara\u015ft\u0131rmaya dayal\u0131 bilgiler ve pratik tavsiyelerle dolu de\u011ferli bir kaynak.\u201c\u00d6\u011fretme ve \u00f6\u011frenme literat\u00fcr\u00fcne \u00e7ok \u00f6nemli bir katk\u0131.\u201d\u2014 John B. King, Jr., ABD Eski E\u011fitim Bakan\u0131\u201c\u00d6\u011frenme \u00fczerine kafa yoran herkes, bu kitab\u0131 okumaya de\u011fer bulacakt\u0131r.\u201d\u2014Wall Street Journal\u201c\u00d6\u011fretmenler ve veliler, hatta \u00f6\u011frenciler i\u00e7in de, her sayfas\u0131 s\u00fcrprizlerle dolu.\u201d\u2014Jay Mathews, The Washington Post, E\u011fitim K\u00f6\u015fesiK\u0130TAP HAKKINDAKitab\u0131n Ad\u0131 Hi\u00e7bir \u015eey Yapmama Sanat\u0131: \u00c7ok \u00c7al\u0131\u015fmaktan,<\/p>\n","protected":false},"excerpt":{"rendered":"<p>Beynimiz nas\u0131l \u00e7al\u0131\u015f\u0131yor? Nas\u0131l \u00f6\u011freniyoruz? Ni\u00e7in unutuyoruz? \u00c7ocuklar ni\u00e7in Y\u0131ld\u0131z Sava\u015flar\u0131\u2019na dair her \u015feyi hat\u0131rlarken sizin s\u00f6ylediklerinizi unutur? Farkl\u0131 \u00f6\u011frenme stilleri i\u00e7in farkl\u0131 \u00f6\u011fretme \u015fekilleri gerekli<span class=\"excerpt-hellip\"> [\u2026]<\/span><\/p>\n","protected":false},"featured_media":0,"template":"","meta":{"_monsterinsights_skip_tracking":false,"_monsterinsights_sitenote_active":false,"_monsterinsights_sitenote_note":"","_monsterinsights_sitenote_category":0},"product_brand":[],"product_cat":[12831,12324],"product_tag":[],"class_list":{"0":"post-689497","1":"product","2":"type-product","3":"status-publish","5":"product_cat-aile-ve-cocuk","6":"product_cat-sosyoloji","7":"pa_cilt-ciltsiz","8":"pa_tur-kitap","9":"pa_yayinevi-ithaki-yayinlari","10":"pa_yazar-daniel-t-willingham","12":"first","13":"instock","14":"sale","15":"shipping-taxable","16":"purchasable","17":"product-type-simple"},"_links":{"self":[{"href":"https:\/\/roveyayinevi.com.tr\/index.php\/wp-json\/wp\/v2\/product\/689497","targetHints":{"allow":["GET"]}}],"collection":[{"href":"https:\/\/roveyayinevi.com.tr\/index.php\/wp-json\/wp\/v2\/product"}],"about":[{"href":"https:\/\/roveyayinevi.com.tr\/index.php\/wp-json\/wp\/v2\/types\/product"}],"wp:attachment":[{"href":"https:\/\/roveyayinevi.com.tr\/index.php\/wp-json\/wp\/v2\/media?parent=689497"}],"wp:term":[{"taxonomy":"product_brand","embeddable":true,"href":"https:\/\/roveyayinevi.com.tr\/index.php\/wp-json\/wp\/v2\/product_brand?post=689497"},{"taxonomy":"product_cat","embeddable":true,"href":"https:\/\/roveyayinevi.com.tr\/index.php\/wp-json\/wp\/v2\/product_cat?post=689497"},{"taxonomy":"product_tag","embeddable":true,"href":"https:\/\/roveyayinevi.com.tr\/index.php\/wp-json\/wp\/v2\/product_tag?post=689497"}],"curies":[{"name":"wp","href":"https:\/\/api.w.org\/{rel}","templated":true}]}}