{"id":689491,"date":"2025-08-27T13:11:49","date_gmt":"2025-08-27T10:11:49","guid":{"rendered":"https:\/\/roveyayinevi.com.tr\/index.php\/urun\/kozmik-detoks-saglikli-diyet\/"},"modified":"2026-04-16T01:59:17","modified_gmt":"2026-04-15T22:59:17","slug":"kozmik-detoks-saglikli-diyet","status":"publish","type":"product","link":"https:\/\/roveyayinevi.com.tr\/index.php\/urun\/kozmik-detoks-saglikli-diyet\/","title":{"rendered":"Kozmik Detoks Sa\u011fl\u0131kl\u0131 Diyet"},"content":{"rendered":"<p>D\u00fcnyaca \u00fcnl\u00fc bilim adam\u0131, Stratejik Ara\u015ft\u0131rmalar Uzman\u0131, Kozmik Bilimci, Extrasens Ahmet Maranki; son 5 y\u0131l s\u00fcre zarf\u0131nda, binlerce kilometre yol kat etmi\u015f, yurt i\u00e7i ve yurt d\u0131\u015f\u0131nda yakla\u015f\u0131k bine yak\u0131n g\u00f6r\u00fcnt\u00fcl\u00fc konferans vermi\u015f, kat\u0131ld\u0131\u011f\u0131 televizyon programlar\u0131yla, radyo ve yaz\u0131l\u0131 medya arac\u0131l\u0131\u011f\u0131yla milyonlarca ki\u015fiye ula\u015fm\u0131\u015f ve bir milyonu a\u015fan kitap bask\u0131lar\u0131yla da insanl\u0131\u011fa hitap etmi\u015ftir. <\/p>\n","protected":false},"excerpt":{"rendered":"<p>D\u00fcnyaca \u00fcnl\u00fc bilim adam\u0131, Stratejik Ara\u015ft\u0131rmalar Uzman\u0131, Kozmik Bilimci, Extrasens Ahmet Maranki; son 5 y\u0131l s\u00fcre zarf\u0131nda, binlerce kilometre yol kat etmi\u015f, yurt i\u00e7i ve yurt<span class=\"excerpt-hellip\"> [\u2026]<\/span><\/p>\n","protected":false},"featured_media":0,"template":"","meta":{"_monsterinsights_skip_tracking":false,"_monsterinsights_sitenote_active":false,"_monsterinsights_sitenote_note":"","_monsterinsights_sitenote_category":0},"product_brand":[],"product_cat":[13402,13365],"product_tag":[],"class_list":{"0":"post-689491","1":"product","2":"type-product","3":"status-publish","5":"product_cat-beslenme-ve-diyet","6":"product_cat-saglik","7":"pa_tur-kitap","8":"pa_yayinevi-hayat-yayinlari","9":"pa_yazar-ahmet-maranki","11":"first","12":"instock","13":"sale","14":"shipping-taxable","15":"purchasable","16":"product-type-simple"},"_links":{"self":[{"href":"https:\/\/roveyayinevi.com.tr\/index.php\/wp-json\/wp\/v2\/product\/689491","targetHints":{"allow":["GET"]}}],"collection":[{"href":"https:\/\/roveyayinevi.com.tr\/index.php\/wp-json\/wp\/v2\/product"}],"about":[{"href":"https:\/\/roveyayinevi.com.tr\/index.php\/wp-json\/wp\/v2\/types\/product"}],"wp:attachment":[{"href":"https:\/\/roveyayinevi.com.tr\/index.php\/wp-json\/wp\/v2\/media?parent=689491"}],"wp:term":[{"taxonomy":"product_brand","embeddable":true,"href":"https:\/\/roveyayinevi.com.tr\/index.php\/wp-json\/wp\/v2\/product_brand?post=689491"},{"taxonomy":"product_cat","embeddable":true,"href":"https:\/\/roveyayinevi.com.tr\/index.php\/wp-json\/wp\/v2\/product_cat?post=689491"},{"taxonomy":"product_tag","embeddable":true,"href":"https:\/\/roveyayinevi.com.tr\/index.php\/wp-json\/wp\/v2\/product_tag?post=689491"}],"curies":[{"name":"wp","href":"https:\/\/api.w.org\/{rel}","templated":true}]}}