{"id":689467,"date":"2025-08-27T13:11:45","date_gmt":"2025-08-27T10:11:45","guid":{"rendered":"https:\/\/roveyayinevi.com.tr\/index.php\/urun\/9-ay-10-gun-hafta-hafta-hamilelik\/"},"modified":"2026-04-16T01:59:16","modified_gmt":"2026-04-15T22:59:16","slug":"9-ay-10-gun-hafta-hafta-hamilelik","status":"publish","type":"product","link":"https:\/\/roveyayinevi.com.tr\/index.php\/urun\/9-ay-10-gun-hafta-hafta-hamilelik\/","title":{"rendered":"9 Ay 10 G\u00fcn Hafta Hafta Hamilelik"},"content":{"rendered":"<p>9 Ay 10 G\u00fcn Hafta Hafta Hamilelik kitab\u0131, hamile b\u00fct\u00fcn kad\u0131nlar ve e\u015fleri i\u00e7in oldu\u011fu kadar bebek sahibi olmay\u0131 planlayan anne-baba adaylar\u0131 i\u00e7in de m\u00fckemmel bir rehber kitap. Hamileli\u011fin planlanmas\u0131ndan itibaren hafta hafta hamilelik s\u00fcreci, do\u011fum, bebek bak\u0131m\u0131, emzirme, sa\u011fl\u0131k kontrolleri, \u00e7o\u011ful hamilelikler, hamilelikte s\u0131k rastlanan \u015fik\u00e2yetler ve daha pek \u00e7ok konu hakk\u0131nda akl\u0131n\u0131za tak\u0131lan t\u00fcm sorular\u0131n cevab\u0131n\u0131 bu kitapta bulacaks\u0131n\u0131z. Anne baba adaylar\u0131 kitab\u0131n t\u00fcm\u00fcn\u00fc okuyabilecekleri gibi, sadece Hafta Hafta Hamilelik b\u00f6l\u00fcm\u00fcn\u00fc de okuyabilirler. Do\u011fum konusunda T\u00fcrkiye\u2019nin en \u00f6nemli isimlerinden Dr. Ka\u011fan Kocatepe, bilgisini ve deneyimlerini bu kitapla b\u00fct\u00fcn anne baba adaylar\u0131 ile payla\u015f\u0131yor. <\/p>\n","protected":false},"excerpt":{"rendered":"<p>9 Ay 10 G\u00fcn Hafta Hafta Hamilelik kitab\u0131, hamile b\u00fct\u00fcn kad\u0131nlar ve e\u015fleri i\u00e7in oldu\u011fu kadar bebek sahibi olmay\u0131 planlayan anne-baba adaylar\u0131 i\u00e7in de m\u00fckemmel bir<span class=\"excerpt-hellip\"> [\u2026]<\/span><\/p>\n","protected":false},"featured_media":0,"template":"","meta":{"_monsterinsights_skip_tracking":false,"_monsterinsights_sitenote_active":false,"_monsterinsights_sitenote_note":"","_monsterinsights_sitenote_category":0},"product_brand":[],"product_cat":[14741,13488],"product_tag":[],"class_list":{"0":"post-689467","1":"product","2":"type-product","3":"status-publish","5":"product_cat-kadin-sorunlari-feminizm","6":"product_cat-toplum-ve-insan","7":"pa_cilt-ciltsiz","8":"pa_tur-kitap","9":"pa_yayinevi-inkilap-kitabevi","10":"pa_yazar-kagan-kocatepe","12":"first","13":"instock","14":"sale","15":"shipping-taxable","16":"purchasable","17":"product-type-simple"},"_links":{"self":[{"href":"https:\/\/roveyayinevi.com.tr\/index.php\/wp-json\/wp\/v2\/product\/689467","targetHints":{"allow":["GET"]}}],"collection":[{"href":"https:\/\/roveyayinevi.com.tr\/index.php\/wp-json\/wp\/v2\/product"}],"about":[{"href":"https:\/\/roveyayinevi.com.tr\/index.php\/wp-json\/wp\/v2\/types\/product"}],"wp:attachment":[{"href":"https:\/\/roveyayinevi.com.tr\/index.php\/wp-json\/wp\/v2\/media?parent=689467"}],"wp:term":[{"taxonomy":"product_brand","embeddable":true,"href":"https:\/\/roveyayinevi.com.tr\/index.php\/wp-json\/wp\/v2\/product_brand?post=689467"},{"taxonomy":"product_cat","embeddable":true,"href":"https:\/\/roveyayinevi.com.tr\/index.php\/wp-json\/wp\/v2\/product_cat?post=689467"},{"taxonomy":"product_tag","embeddable":true,"href":"https:\/\/roveyayinevi.com.tr\/index.php\/wp-json\/wp\/v2\/product_tag?post=689467"}],"curies":[{"name":"wp","href":"https:\/\/api.w.org\/{rel}","templated":true}]}}