{"id":689464,"date":"2025-08-27T13:11:44","date_gmt":"2025-08-27T10:11:44","guid":{"rendered":"https:\/\/roveyayinevi.com.tr\/index.php\/urun\/anna-karenina\/"},"modified":"2026-04-16T01:59:16","modified_gmt":"2026-04-15T22:59:16","slug":"anna-karenina","status":"publish","type":"product","link":"https:\/\/roveyayinevi.com.tr\/index.php\/urun\/anna-karenina\/","title":{"rendered":"Anna Karenina"},"content":{"rendered":"<p>Lev Nikolayevi\u00e7 Tolstoy (1828-1910): Sava\u015f ve Bar\u0131\u015f, Dirili\u015f ve Kreutzer Sonat\u2019\u0131n b\u00fcy\u00fck yazar\u0131, sadece toplumsal olaylar\u0131 de\u011fil, bireyin duygular\u0131n\u0131 da ola\u011fan\u00fcst\u00fc tasvir yetene\u011fiyle aktarm\u0131\u015ft\u0131r. Yazar, en \u00fcnl\u00fc eserlerinden biri olan Anna Karenina\u2019da evlilik, a\u015fk ve \u00f6l\u00fcm konular\u0131n\u0131 derin bir g\u00f6zlem g\u00fcc\u00fcyle ele alm\u0131\u015f, muhte\u015fem edebi dehas\u0131yla i\u015flemi\u015ftir. 1875-1877 y\u0131llar\u0131 aras\u0131nda Ruskiy Vestnik dergisinde tefrika edilen roman\u0131n ilk bask\u0131s\u0131 1878\u2019de yap\u0131lm\u0131\u015ft\u0131r. Pek \u00e7ok yazar ve ele\u015ftirmen Anna Karenina\u2019y\u0131 gelmi\u015f ge\u00e7mi\u015f en b\u00fcy\u00fck roman saymaktad\u0131r. Tolstoy\u2019un bu b\u00fcy\u00fck eseri bir\u00e7ok kez sinemaya da uyarlanm\u0131\u015ft\u0131r. <\/p>\n","protected":false},"excerpt":{"rendered":"<p>Lev Nikolayevi\u00e7 Tolstoy (1828-1910): Sava\u015f ve Bar\u0131\u015f, Dirili\u015f ve Kreutzer Sonat\u2019\u0131n b\u00fcy\u00fck yazar\u0131, sadece toplumsal olaylar\u0131 de\u011fil, bireyin duygular\u0131n\u0131 da ola\u011fan\u00fcst\u00fc tasvir yetene\u011fiyle aktarm\u0131\u015ft\u0131r. Yazar, en<span class=\"excerpt-hellip\"> [\u2026]<\/span><\/p>\n","protected":false},"featured_media":0,"template":"","meta":{"_monsterinsights_skip_tracking":false,"_monsterinsights_sitenote_active":false,"_monsterinsights_sitenote_note":"","_monsterinsights_sitenote_category":0},"product_brand":[],"product_cat":[12291,13570],"product_tag":[],"class_list":{"0":"post-689464","1":"product","2":"type-product","3":"status-publish","5":"product_cat-edebiyat","6":"product_cat-rus-edebiyati","7":"pa_cilt-ciltsiz","8":"pa_tur-kitap","9":"pa_yayinevi-is-bankasi-kultur-yayinlari","10":"pa_yazar-lev-nikolayevic-tolstoy","12":"first","13":"instock","14":"sale","15":"shipping-taxable","16":"purchasable","17":"product-type-simple"},"_links":{"self":[{"href":"https:\/\/roveyayinevi.com.tr\/index.php\/wp-json\/wp\/v2\/product\/689464","targetHints":{"allow":["GET"]}}],"collection":[{"href":"https:\/\/roveyayinevi.com.tr\/index.php\/wp-json\/wp\/v2\/product"}],"about":[{"href":"https:\/\/roveyayinevi.com.tr\/index.php\/wp-json\/wp\/v2\/types\/product"}],"wp:attachment":[{"href":"https:\/\/roveyayinevi.com.tr\/index.php\/wp-json\/wp\/v2\/media?parent=689464"}],"wp:term":[{"taxonomy":"product_brand","embeddable":true,"href":"https:\/\/roveyayinevi.com.tr\/index.php\/wp-json\/wp\/v2\/product_brand?post=689464"},{"taxonomy":"product_cat","embeddable":true,"href":"https:\/\/roveyayinevi.com.tr\/index.php\/wp-json\/wp\/v2\/product_cat?post=689464"},{"taxonomy":"product_tag","embeddable":true,"href":"https:\/\/roveyayinevi.com.tr\/index.php\/wp-json\/wp\/v2\/product_tag?post=689464"}],"curies":[{"name":"wp","href":"https:\/\/api.w.org\/{rel}","templated":true}]}}