{"id":689461,"date":"2025-08-27T13:11:43","date_gmt":"2025-08-27T10:11:43","guid":{"rendered":"https:\/\/roveyayinevi.com.tr\/index.php\/urun\/2000-yilin-sevgilisi\/"},"modified":"2026-04-16T01:59:16","modified_gmt":"2026-04-15T22:59:16","slug":"2000-yilin-sevgilisi","status":"publish","type":"product","link":"https:\/\/roveyayinevi.com.tr\/index.php\/urun\/2000-yilin-sevgilisi\/","title":{"rendered":"2000 Y\u0131l\u0131n Sevgilisi"},"content":{"rendered":"<p>Refik Halid\u2019in romanlar\u0131n\u0131 soluk solu\u011fa okudu\u011fum d\u00f6nemlerdi. Bug\u00fcn\u00fcn Sarayl\u0131s\u0131\u2019n\u0131 birka\u00e7 kez okumu\u015f, bir t\u00fcrl\u00fc doyamam\u0131\u015ft\u0131m. O y\u00fczden baz\u0131 sahnelerini ezbere hat\u0131rlar\u0131m. Onu \u00e7a\u011fr\u0131\u015ft\u0131ran Di\u015fi \u00d6r\u00fcmcek de \u00e7ok ho\u015fuma giderdi. Hele Nilg\u00fcn, bir d\u00f6nem, ba\u015fucu kitab\u0131m oldu. 2000 Y\u0131l\u0131n Sevgilisi\u2019ne gelince, be\u015f-on sayfa okuduktan sonra, beni adamak\u0131ll\u0131 \u015fa\u015f\u0131rtm\u0131\u015ft\u0131. Bir zaman kaymas\u0131nda geriye, ge\u00e7mi\u015fe yolculuk&#8230; Asl\u0131nda her \u015fey en ola\u011fan roman sahneleriyle ba\u015fl\u0131yor: Fahir\u2019le G\u00fcldal, birbirlerini tan\u0131mayan gen\u00e7 adamla gen\u00e7 k\u0131z, \u0130skenderun Gar\u0131\u2019ndan Ankara-\u0130stanbul trenine binecekler. Okalipt\u00fcs a\u011fa\u00e7lar\u0131ndan geniz yak\u0131c\u0131 rayihalar. Mevsim, ilkyaz sonu. G\u00fcldal\u2019la Fahir, besbelli, az sonra g\u00f6z g\u00f6ze gelecekler. Geliyorlar da, ama demin dedi\u011fim gibi bir zaman kaymas\u0131na u\u011frayarak: Onlar\u0131nki y\u0131ld\u0131r\u0131m a\u015fk\u0131 de\u011fil. Fahir\u2019in iddias\u0131na bak\u0131l\u0131rsa, 2000 y\u0131l\u0131ndan beri s\u00fcr\u00fcyor a\u015fk, tutku, g\u00f6n\u00fcl ikizli\u011fi. B\u00f6ylece roman 2000 y\u0131ll\u0131k bir zaman dilimine a\u00e7\u0131lma imk\u00e2n\u0131 buluyor ve Refik Halid Karay da tatl\u0131 tatl\u0131 anlat\u0131yor. -Selim \u0130leri \ufffcTan\u0131t\u0131m Metni<\/p>\n","protected":false},"excerpt":{"rendered":"<p>Refik Halid\u2019in romanlar\u0131n\u0131 soluk solu\u011fa okudu\u011fum d\u00f6nemlerdi. Bug\u00fcn\u00fcn Sarayl\u0131s\u0131\u2019n\u0131 birka\u00e7 kez okumu\u015f, bir t\u00fcrl\u00fc doyamam\u0131\u015ft\u0131m. O y\u00fczden baz\u0131 sahnelerini ezbere hat\u0131rlar\u0131m. Onu \u00e7a\u011fr\u0131\u015ft\u0131ran Di\u015fi \u00d6r\u00fcmcek de<span class=\"excerpt-hellip\"> [\u2026]<\/span><\/p>\n","protected":false},"featured_media":0,"template":"","meta":{"_monsterinsights_skip_tracking":false,"_monsterinsights_sitenote_active":false,"_monsterinsights_sitenote_note":"","_monsterinsights_sitenote_category":0},"product_brand":[],"product_cat":[12291,12292],"product_tag":[],"class_list":{"0":"post-689461","1":"product","2":"type-product","3":"status-publish","5":"product_cat-edebiyat","6":"product_cat-turk-edebiyati","7":"pa_cilt-ciltsiz","8":"pa_tur-kitap","9":"pa_yayinevi-inkilap-kitabevi","10":"pa_yazar-refik-halid-karay","12":"first","13":"instock","14":"sale","15":"shipping-taxable","16":"purchasable","17":"product-type-simple"},"_links":{"self":[{"href":"https:\/\/roveyayinevi.com.tr\/index.php\/wp-json\/wp\/v2\/product\/689461","targetHints":{"allow":["GET"]}}],"collection":[{"href":"https:\/\/roveyayinevi.com.tr\/index.php\/wp-json\/wp\/v2\/product"}],"about":[{"href":"https:\/\/roveyayinevi.com.tr\/index.php\/wp-json\/wp\/v2\/types\/product"}],"wp:attachment":[{"href":"https:\/\/roveyayinevi.com.tr\/index.php\/wp-json\/wp\/v2\/media?parent=689461"}],"wp:term":[{"taxonomy":"product_brand","embeddable":true,"href":"https:\/\/roveyayinevi.com.tr\/index.php\/wp-json\/wp\/v2\/product_brand?post=689461"},{"taxonomy":"product_cat","embeddable":true,"href":"https:\/\/roveyayinevi.com.tr\/index.php\/wp-json\/wp\/v2\/product_cat?post=689461"},{"taxonomy":"product_tag","embeddable":true,"href":"https:\/\/roveyayinevi.com.tr\/index.php\/wp-json\/wp\/v2\/product_tag?post=689461"}],"curies":[{"name":"wp","href":"https:\/\/api.w.org\/{rel}","templated":true}]}}