{"id":689447,"date":"2025-08-27T13:11:41","date_gmt":"2025-08-27T10:11:41","guid":{"rendered":"https:\/\/roveyayinevi.com.tr\/index.php\/urun\/akil-ve-tutku\/"},"modified":"2026-04-16T01:59:16","modified_gmt":"2026-04-15T22:59:16","slug":"akil-ve-tutku","status":"publish","type":"product","link":"https:\/\/roveyayinevi.com.tr\/index.php\/urun\/akil-ve-tutku\/","title":{"rendered":"Ak\u0131l ve Tutku"},"content":{"rendered":"<p>Jane Austen (1775-1817): K\u0131rk iki y\u0131ll\u0131k g\u00f6zden uzak ve sade ya\u015fant\u0131s\u0131na kar\u015f\u0131n, yazd\u0131klar\u0131yla \u0130ngiliz edebiyat tarihinin bir k\u00fclt romanc\u0131s\u0131 olmay\u0131 ba\u015fard\u0131. Eserlerinde g\u00fc\u00e7l\u00fc kad\u0131n karakterleri ba\u015fkahramanlar olarak yer ald\u0131. B\u00fct\u00fcn romanlar\u0131 sinemaya uyarlanan Jane Austen, Ak\u0131l ve Tutku&#8217;da aile de\u011ferleri ve akrabal\u0131k ili\u015fkileri ile kad\u0131n duyarl\u0131\u011f\u0131 ve a\u015fk\u0131 ele al\u0131r. Bu romanda da Jane Austen&#8217;\u0131n derin g\u00f6zlem g\u00fcc\u00fc, zarif \u00fcslubu ve ince ironisi eserin konusu kadar dikkat \u00e7ekicidir. Hamdi Ko\u00e7 (1963): \u0130stanbul \u00dcniversitesi \u0130ngiliz Dili ve Edebiyat\u0131 B\u00f6l\u00fcm\u00fc&#8217;n\u00fc bitirdi. Hokka dergisinin yay\u0131n kurulunda bulundu. 1992&#8217;de \u00c7ocuk \u00d6l\u00fcm\u00fc \u015eark\u0131lar\u0131&#8217;ndan ba\u015flayarak hemen her yap\u0131t\u0131yla dikkati \u00e7eken Hamdi Ko\u00e7&#8217;un o tarihten bu yana be\u015f roman\u0131 yay\u0131mland\u0131. Eserlerini \u00e7evirdi\u011fi yazarlar aras\u0131nda Shakespeare, Faulkner, Beckett ve Joyce yer al\u0131yor. <\/p>\n","protected":false},"excerpt":{"rendered":"<p>Jane Austen (1775-1817): K\u0131rk iki y\u0131ll\u0131k g\u00f6zden uzak ve sade ya\u015fant\u0131s\u0131na kar\u015f\u0131n, yazd\u0131klar\u0131yla \u0130ngiliz edebiyat tarihinin bir k\u00fclt romanc\u0131s\u0131 olmay\u0131 ba\u015fard\u0131. Eserlerinde g\u00fc\u00e7l\u00fc kad\u0131n karakterleri ba\u015fkahramanlar<span class=\"excerpt-hellip\"> [\u2026]<\/span><\/p>\n","protected":false},"featured_media":0,"template":"","meta":{"_monsterinsights_skip_tracking":false,"_monsterinsights_sitenote_active":false,"_monsterinsights_sitenote_note":"","_monsterinsights_sitenote_category":0},"product_brand":[],"product_cat":[12291,12866],"product_tag":[],"class_list":{"0":"post-689447","1":"product","2":"type-product","3":"status-publish","5":"product_cat-edebiyat","6":"product_cat-ingiliz-edebiyati","7":"pa_cilt-ciltsiz","8":"pa_tur-kitap","9":"pa_yayinevi-is-bankasi-kultur-yayinlari","10":"pa_yazar-jane-austen","12":"first","13":"instock","14":"sale","15":"shipping-taxable","16":"purchasable","17":"product-type-simple"},"_links":{"self":[{"href":"https:\/\/roveyayinevi.com.tr\/index.php\/wp-json\/wp\/v2\/product\/689447","targetHints":{"allow":["GET"]}}],"collection":[{"href":"https:\/\/roveyayinevi.com.tr\/index.php\/wp-json\/wp\/v2\/product"}],"about":[{"href":"https:\/\/roveyayinevi.com.tr\/index.php\/wp-json\/wp\/v2\/types\/product"}],"wp:attachment":[{"href":"https:\/\/roveyayinevi.com.tr\/index.php\/wp-json\/wp\/v2\/media?parent=689447"}],"wp:term":[{"taxonomy":"product_brand","embeddable":true,"href":"https:\/\/roveyayinevi.com.tr\/index.php\/wp-json\/wp\/v2\/product_brand?post=689447"},{"taxonomy":"product_cat","embeddable":true,"href":"https:\/\/roveyayinevi.com.tr\/index.php\/wp-json\/wp\/v2\/product_cat?post=689447"},{"taxonomy":"product_tag","embeddable":true,"href":"https:\/\/roveyayinevi.com.tr\/index.php\/wp-json\/wp\/v2\/product_tag?post=689447"}],"curies":[{"name":"wp","href":"https:\/\/api.w.org\/{rel}","templated":true}]}}