{"id":689429,"date":"2025-08-27T13:11:18","date_gmt":"2025-08-27T10:11:18","guid":{"rendered":"https:\/\/roveyayinevi.com.tr\/index.php\/urun\/populer-bilim-kitaplari-dizisi-03-bitkiler-dunyasi\/"},"modified":"2025-10-01T02:02:42","modified_gmt":"2025-09-30T23:02:42","slug":"populer-bilim-kitaplari-dizisi-03-bitkiler-dunyasi","status":"publish","type":"product","link":"https:\/\/roveyayinevi.com.tr\/index.php\/urun\/populer-bilim-kitaplari-dizisi-03-bitkiler-dunyasi\/","title":{"rendered":"Pop\u00fcler Bilim Kitaplar\u0131 Dizisi 03 &#8211; Bitkiler D\u00fcnyas\u0131"},"content":{"rendered":"<p>Bitkiler olmadan D\u00fcnya\u2019da ba\u015fka hi\u00e7bir ya\u015fam\u0131n da bulunamayaca\u011f\u0131n\u0131 biliyor muydunuz? Bunun nedenini bu ilgin\u00e7 kitapta bulabilirsiniz. Bu kitapla, bitki ve mantarlar\u0131n nas\u0131l beslenip \u00e7o\u011fald\u0131klar\u0131n\u0131 ve de\u011fi\u015fik bitki t\u00fcrlerinin neredeyse her ortamda nas\u0131l hayatta kalabildi\u011fini ke\u015ffedin. Y\u00fczlerce bilimsel terimin a\u00e7\u0131klamas\u0131 Ayr\u0131nt\u0131l\u0131 \u00e7izimler ve foto\u011fraflar 100\u2019den fazla denenmi\u015f ve onaylanm\u0131\u015f internet sayfas\u0131 Deneyler ve g\u00f6zlemler Al\u0131\u015ft\u0131rmalar, kendinizi s\u0131nayabilece\u011finiz sorular \u00d6dev ve projeleriniz i\u00e7in resimler ve \u015femalar \u0130nternet Ba\u011flant\u0131lar\u0131 Bu kitaptan bilgisayar\u0131n\u0131z ve internet ba\u011flant\u0131n\u0131z olmaks\u0131z\u0131n da temel bilgi ve ba\u015fvuru kayna\u011f\u0131 olarak yararlanabilirsiniz. E\u011fer bilgisayar\u0131n\u0131z varsa ve internete ba\u011flanabiliyorsan\u0131z; www.usborne-quicklinks.com sitesi \u00fczerinden, bu kitapta anlat\u0131lanlarla ilgili ek bilgi ve g\u00f6r\u00fcnt\u00fcler i\u00e7eren g\u00fcncel internet sayfalar\u0131na ula\u015fabilirsiniz. <\/p>\n","protected":false},"excerpt":{"rendered":"<p>Bitkiler olmadan D\u00fcnya\u2019da ba\u015fka hi\u00e7bir ya\u015fam\u0131n da bulunamayaca\u011f\u0131n\u0131 biliyor muydunuz? Bunun nedenini bu ilgin\u00e7 kitapta bulabilirsiniz. Bu kitapla, bitki ve mantarlar\u0131n nas\u0131l beslenip \u00e7o\u011fald\u0131klar\u0131n\u0131 ve de\u011fi\u015fik<span class=\"excerpt-hellip\"> [\u2026]<\/span><\/p>\n","protected":false},"featured_media":0,"template":"","meta":{"_monsterinsights_skip_tracking":false,"_monsterinsights_sitenote_active":false,"_monsterinsights_sitenote_note":"","_monsterinsights_sitenote_category":0},"product_brand":[],"product_cat":[13829,12274],"product_tag":[],"class_list":{"0":"post-689429","1":"product","2":"type-product","3":"status-publish","5":"product_cat-bilimsel-kitaplar","6":"product_cat-cocuk-ve-genclik-kitaplari","7":"pa_cilt-ciltsiz","8":"pa_tur-kitap","9":"pa_yayinevi-iletisim-yayinlari","10":"pa_yazar-c-henderson","11":"pa_yazar-k-rogers","12":"pa_yazar-l-howell","14":"first","15":"instock","16":"sale","17":"shipping-taxable","18":"purchasable","19":"product-type-simple"},"_links":{"self":[{"href":"https:\/\/roveyayinevi.com.tr\/index.php\/wp-json\/wp\/v2\/product\/689429","targetHints":{"allow":["GET"]}}],"collection":[{"href":"https:\/\/roveyayinevi.com.tr\/index.php\/wp-json\/wp\/v2\/product"}],"about":[{"href":"https:\/\/roveyayinevi.com.tr\/index.php\/wp-json\/wp\/v2\/types\/product"}],"wp:attachment":[{"href":"https:\/\/roveyayinevi.com.tr\/index.php\/wp-json\/wp\/v2\/media?parent=689429"}],"wp:term":[{"taxonomy":"product_brand","embeddable":true,"href":"https:\/\/roveyayinevi.com.tr\/index.php\/wp-json\/wp\/v2\/product_brand?post=689429"},{"taxonomy":"product_cat","embeddable":true,"href":"https:\/\/roveyayinevi.com.tr\/index.php\/wp-json\/wp\/v2\/product_cat?post=689429"},{"taxonomy":"product_tag","embeddable":true,"href":"https:\/\/roveyayinevi.com.tr\/index.php\/wp-json\/wp\/v2\/product_tag?post=689429"}],"curies":[{"name":"wp","href":"https:\/\/api.w.org\/{rel}","templated":true}]}}