{"id":689418,"date":"2025-08-27T13:11:16","date_gmt":"2025-08-27T10:11:16","guid":{"rendered":"https:\/\/roveyayinevi.com.tr\/index.php\/urun\/ingilizcede-zamanlar-ve-cumle-kuruluslari-cilt-2-orta-ve-ileri-duzey-ingilizce-bilgisine-sahip-ogrenciler-icin-gramerdeki-tum-a\/"},"modified":"2026-04-16T01:59:15","modified_gmt":"2026-04-15T22:59:15","slug":"ingilizcede-zamanlar-ve-cumle-kuruluslari-cilt-2-orta-ve-ileri-duzey-ingilizce-bilgisine-sahip-ogrenciler-icin-gramerdeki-tum-a","status":"publish","type":"product","link":"https:\/\/roveyayinevi.com.tr\/index.php\/urun\/ingilizcede-zamanlar-ve-cumle-kuruluslari-cilt-2-orta-ve-ileri-duzey-ingilizce-bilgisine-sahip-ogrenciler-icin-gramerdeki-tum-a\/","title":{"rendered":"\u0130ngilizcede Zamanlar ve C\u00fcmle Kurulu\u015flar\u0131 Cilt: 2 Orta ve \u0130leri D\u00fczey \u0130ngilizce Bilgisine Sahip \u00d6\u011frenciler \u0130\u00e7in Gramerdeki T\u00fcm A"},"content":{"rendered":"<p>\u0130ngilizcede Zamanlar ve C\u00fcmle Kurulu\u015flar\u0131 adl\u0131 kitap serisinin 1. cildindeki konular\u0131n t\u00fcm ayr\u0131nt\u0131lar\u0131yla ele al\u0131nd\u0131\u011f\u0131, daha \u00f6nce i\u015flenmemi\u015f konulara yer verildi\u011fi bu 2. cilt; orta ve ileri d\u00fczey \u0130ngilizce bilgisine sahip \u00f6\u011frenciler i\u00e7in kaynak kitap olarak haz\u0131rlanm\u0131\u015ft\u0131r. \ufffcTan\u0131t\u0131m Metni<\/p>\n","protected":false},"excerpt":{"rendered":"<p>\u0130ngilizcede Zamanlar ve C\u00fcmle Kurulu\u015flar\u0131 adl\u0131 kitap serisinin 1. cildindeki konular\u0131n t\u00fcm ayr\u0131nt\u0131lar\u0131yla ele al\u0131nd\u0131\u011f\u0131, daha \u00f6nce i\u015flenmemi\u015f konulara yer verildi\u011fi bu 2. cilt; orta ve<span class=\"excerpt-hellip\"> [\u2026]<\/span><\/p>\n","protected":false},"featured_media":0,"template":"","meta":{"_monsterinsights_skip_tracking":false,"_monsterinsights_sitenote_active":false,"_monsterinsights_sitenote_note":"","_monsterinsights_sitenote_category":0},"product_brand":[],"product_cat":[14597,12566],"product_tag":[],"class_list":{"0":"post-689418","1":"product","2":"type-product","3":"status-publish","5":"product_cat-dil-ogrenimi","6":"product_cat-egitim","7":"pa_cilt-ciltsiz","8":"pa_tur-kitap","9":"pa_yayinevi-inkilap-kitabevi","10":"pa_yazar-ertan-ardananci","12":"first","13":"instock","14":"sale","15":"shipping-taxable","16":"purchasable","17":"product-type-simple"},"_links":{"self":[{"href":"https:\/\/roveyayinevi.com.tr\/index.php\/wp-json\/wp\/v2\/product\/689418","targetHints":{"allow":["GET"]}}],"collection":[{"href":"https:\/\/roveyayinevi.com.tr\/index.php\/wp-json\/wp\/v2\/product"}],"about":[{"href":"https:\/\/roveyayinevi.com.tr\/index.php\/wp-json\/wp\/v2\/types\/product"}],"wp:attachment":[{"href":"https:\/\/roveyayinevi.com.tr\/index.php\/wp-json\/wp\/v2\/media?parent=689418"}],"wp:term":[{"taxonomy":"product_brand","embeddable":true,"href":"https:\/\/roveyayinevi.com.tr\/index.php\/wp-json\/wp\/v2\/product_brand?post=689418"},{"taxonomy":"product_cat","embeddable":true,"href":"https:\/\/roveyayinevi.com.tr\/index.php\/wp-json\/wp\/v2\/product_cat?post=689418"},{"taxonomy":"product_tag","embeddable":true,"href":"https:\/\/roveyayinevi.com.tr\/index.php\/wp-json\/wp\/v2\/product_tag?post=689418"}],"curies":[{"name":"wp","href":"https:\/\/api.w.org\/{rel}","templated":true}]}}

İngilizcede Zamanlar ve Cümle Kuruluşları Cilt: 2 Orta ve İleri Düzey İngilizce Bilgisine Sahip Öğrenciler İçin Gramerdeki Tüm A

<p>İngilizcede Zamanlar ve Cümle Kuruluşları adlı kitap serisinin 1. cildindeki konuların tüm ayrıntılarıyla ele alındığı, daha önce işlenmemiş konulara yer verildiği bu 2. cilt; orta ve ileri düzey İngilizce bilgisine sahip öğrenciler için kaynak kitap olarak hazırlanmıştır. ￼Tanıtım Metni</p>

<p>İngilizcede Zamanlar ve Cümle Kuruluşları adlı kitap serisinin 1. cildindeki konuların tüm ayrıntılarıyla ele alındığı, daha önce işlenmemiş konulara yer verildiği bu 2. cilt; orta ve<span class="excerpt-hellip"> […]</span></p>
