{"id":689377,"date":"2025-08-27T13:11:09","date_gmt":"2025-08-27T10:11:09","guid":{"rendered":"https:\/\/roveyayinevi.com.tr\/index.php\/urun\/turkiyede-milli-sef-donemi-cilt-2-1938-1945\/"},"modified":"2026-04-16T01:59:15","modified_gmt":"2026-04-15T22:59:15","slug":"turkiyede-milli-sef-donemi-cilt-2-1938-1945","status":"publish","type":"product","link":"https:\/\/roveyayinevi.com.tr\/index.php\/urun\/turkiyede-milli-sef-donemi-cilt-2-1938-1945\/","title":{"rendered":"T\u00fcrkiye&#8217;de Milli \u015eef D\u00f6nemi Cilt 2 (1938-1945)"},"content":{"rendered":"<p>Cumhuriyet tarihinin b\u00fct\u00fcn\u00fcn\u00fc kavrayabilmek i\u00e7in bir temel kaynak niteli\u011findeki Mill\u00ee \u015eef D\u00f6nemi\u2019nin ikinci cildi, Saydam h\u00fck\u00fcmetinin kurulu\u015fuyla ve \u00f6nemli bir soruyla ba\u015fl\u0131yor: \u0130n\u00f6n\u00fc\u2019n\u00fcn 1939\u2019daki \u0130stanbul \u00dcniversitesi konu\u015fmas\u0131, demokrasi m\u00fcjdesi miydi? Ancak bu cildin a\u011f\u0131rl\u0131\u011f\u0131 1943-45 d\u00f6neminde. Varl\u0131k Vergisi, Sava\u015f sonras\u0131 d\u0131\u015f politika, Saraco\u011flu h\u00fck\u00fcmeti, iktisat politikalar\u0131, \u201cd\u00f6nem\u201din sonu&#8230;<\/p>\n","protected":false},"excerpt":{"rendered":"<p>Cumhuriyet tarihinin b\u00fct\u00fcn\u00fcn\u00fc kavrayabilmek i\u00e7in bir temel kaynak niteli\u011findeki Mill\u00ee \u015eef D\u00f6nemi\u2019nin ikinci cildi, Saydam h\u00fck\u00fcmetinin kurulu\u015fuyla ve \u00f6nemli bir soruyla ba\u015fl\u0131yor: \u0130n\u00f6n\u00fc\u2019n\u00fcn 1939\u2019daki \u0130stanbul \u00dcniversitesi<span class=\"excerpt-hellip\"> [\u2026]<\/span><\/p>\n","protected":false},"featured_media":0,"template":"","meta":{"_monsterinsights_skip_tracking":false,"_monsterinsights_sitenote_active":false,"_monsterinsights_sitenote_note":"","_monsterinsights_sitenote_category":0},"product_brand":[],"product_cat":[12304,13493],"product_tag":[],"class_list":{"0":"post-689377","1":"product","2":"type-product","3":"status-publish","5":"product_cat-tarih","6":"product_cat-turkiye-ve-cumhuriyet-tarihi","7":"pa_cilt-ciltsiz","8":"pa_tur-kitap","9":"pa_yayinevi-iletisim-yayinlari","10":"pa_yazar-cemil-kocak","12":"first","13":"instock","14":"sale","15":"shipping-taxable","16":"purchasable","17":"product-type-simple"},"_links":{"self":[{"href":"https:\/\/roveyayinevi.com.tr\/index.php\/wp-json\/wp\/v2\/product\/689377","targetHints":{"allow":["GET"]}}],"collection":[{"href":"https:\/\/roveyayinevi.com.tr\/index.php\/wp-json\/wp\/v2\/product"}],"about":[{"href":"https:\/\/roveyayinevi.com.tr\/index.php\/wp-json\/wp\/v2\/types\/product"}],"wp:attachment":[{"href":"https:\/\/roveyayinevi.com.tr\/index.php\/wp-json\/wp\/v2\/media?parent=689377"}],"wp:term":[{"taxonomy":"product_brand","embeddable":true,"href":"https:\/\/roveyayinevi.com.tr\/index.php\/wp-json\/wp\/v2\/product_brand?post=689377"},{"taxonomy":"product_cat","embeddable":true,"href":"https:\/\/roveyayinevi.com.tr\/index.php\/wp-json\/wp\/v2\/product_cat?post=689377"},{"taxonomy":"product_tag","embeddable":true,"href":"https:\/\/roveyayinevi.com.tr\/index.php\/wp-json\/wp\/v2\/product_tag?post=689377"}],"curies":[{"name":"wp","href":"https:\/\/api.w.org\/{rel}","templated":true}]}}

Türkiye&#8217;de Milli Şef Dönemi Cilt 2 (1938-1945)

<p>Cumhuriyet tarihinin bütününü kavrayabilmek için bir temel kaynak niteliğindeki Millî Şef Dönemi’nin ikinci cildi, Saydam hükümetinin kuruluşuyla ve önemli bir soruyla başlıyor: İnönü’nün 1939’daki İstanbul Üniversitesi konuşması, demokrasi müjdesi miydi? Ancak bu cildin ağırlığı 1943-45 döneminde. Varlık Vergisi, Savaş sonrası dış politika, Saracoğlu hükümeti, iktisat politikaları, “dönem”in sonu&#8230;</p>

<p>Cumhuriyet tarihinin bütününü kavrayabilmek için bir temel kaynak niteliğindeki Millî Şef Dönemi’nin ikinci cildi, Saydam hükümetinin kuruluşuyla ve önemli bir soruyla başlıyor: İnönü’nün 1939’daki İstanbul Üniversitesi<span class="excerpt-hellip"> […]</span></p>
