{"id":689309,"date":"2025-08-27T13:10:57","date_gmt":"2025-08-27T10:10:57","guid":{"rendered":"https:\/\/roveyayinevi.com.tr\/index.php\/urun\/sifir-tolerans-polisin-eline-dusunce\/"},"modified":"2026-04-16T01:59:13","modified_gmt":"2026-04-15T22:59:13","slug":"sifir-tolerans-polisin-eline-dusunce","status":"publish","type":"product","link":"https:\/\/roveyayinevi.com.tr\/index.php\/urun\/sifir-tolerans-polisin-eline-dusunce\/","title":{"rendered":"S\u0131f\u0131r Tolerans: Polisin Eline D\u00fc\u015f\u00fcnce"},"content":{"rendered":"<p>Polisin T\u00fcrkiye\u2019nin genelinde cinayet i\u015fledi\u011fi zaman nas\u0131l ifade verdi\u011fini ara\u015ft\u0131rd\u0131k. Bakt\u0131k ki, Antalya\u2019da \u00c7a\u011fda\u015f Gemik\u2019i \u00f6ld\u00fcren polis de ayn\u0131 \u015fekilde ifade veriyor. \u2018Aya\u011f\u0131m kayd\u0131, silah\u0131m patlad\u0131, nas\u0131l oldu, bilmiyorum.\u2019 Sivas\u2019a ge\u00e7tik. Turan \u00d6zdemir\u2019i \u00f6ld\u00fcren polislere bakt\u0131k. Onlar da ayn\u0131s\u0131&#8230; Peki, mermi nereye de\u011fdi? Turan \u00d6zdemir\u2019in ense k\u00f6k\u00fcne. \u00c7a\u011fda\u015f Gemik\u2019in neresinde patlam\u0131\u015ft\u0131? Kula\u011f\u0131n\u0131n arkas\u0131nda. Baran Tursun\u2019da? Tam kafas\u0131n\u0131n arkas\u0131na.   Onur\u2019u ya\u015famdan koparan s\u00fcre\u00e7, kolluk g\u00fc\u00e7lerinin uygulamalar\u0131&#8230; Ben onu \u00f6nce i\u00e7imde var ettim, sonra kuca\u011f\u0131mda; emzirdim, kocaman bir adam oldu.  Benim o\u011flum var ama 28 ya\u015f\u0131nda delikanl\u0131, ya\u015flanmayacak&#8230; Onun hak m\u00fccadelesinde i\u011fneyle kuyu kazd\u0131\u011f\u0131m\u0131z\u0131 biliyorum&#8230;   \u015eimdi her polis bir de\u011fil ama TV\u2019de polis g\u00f6r\u00fcnce art\u0131k TV\u2019yi kapat\u0131yorum, ba\u015fka kanala ge\u00e7iyorum. O anki \u015feyi akl\u0131mdan silmeye \u00e7al\u0131\u015f\u0131yorum&#8230; \u00d6nceden polislere g\u00fcvenim vard\u0131, \u015fimdi yok&#8230;  Eylemde, sokakta, karakolda polis \u015fiddeti&#8230;  Dur  ihtar\u0131na uymad\u0131klar\u0131 gerek\u00e7esiyle kafalar\u0131ndan vurulanlar, polisin eline sa\u011f salim d\u00fc\u015f\u00fcp hayatlar\u0131n\u0131 yitirenler, fel\u00e7 olanlar, sakat b\u0131rak\u0131lanlar, i\u015fkencelerden ge\u00e7enler&#8230; Son be\u015f y\u0131lda polis kaynakl\u0131 \u00f6l\u00fcml\u00fc vaka say\u0131s\u0131n\u0131n sadece kitap yay\u0131na haz\u0131rlan\u0131rken 124\u2019ten 127\u2019ye \u00e7\u0131kmas\u0131 bile nas\u0131l bir deh\u015fet tablosuyla kar\u015f\u0131 kar\u015f\u0131ya oldu\u011fumuzu g\u00f6steriyor. \u0130smail Saymaz, \u0130stanbul\u2019dan Ankara\u2019ya, Antalya\u2019dan Diyarbak\u0131r\u2019a polisin kar\u0131\u015ft\u0131\u011f\u0131 otuz be\u015f adli olay\u0131 derinlemesine inceleyerek i\u015fkenceye ve k\u00f6t\u00fc muameleye  s\u0131f\u0131r tolerans  vaadinin hayatta hi\u00e7bir kar\u015f\u0131l\u0131\u011f\u0131 olmad\u0131\u011f\u0131n\u0131 g\u00f6zler \u00f6n\u00fcne seriyor. <\/p>\n","protected":false},"excerpt":{"rendered":"<p>Polisin T\u00fcrkiye\u2019nin genelinde cinayet i\u015fledi\u011fi zaman nas\u0131l ifade verdi\u011fini ara\u015ft\u0131rd\u0131k. Bakt\u0131k ki, Antalya\u2019da \u00c7a\u011fda\u015f Gemik\u2019i \u00f6ld\u00fcren polis de ayn\u0131 \u015fekilde ifade veriyor. \u2018Aya\u011f\u0131m kayd\u0131, silah\u0131m patlad\u0131,<span class=\"excerpt-hellip\"> [\u2026]<\/span><\/p>\n","protected":false},"featured_media":0,"template":"","meta":{"_monsterinsights_skip_tracking":false,"_monsterinsights_sitenote_active":false,"_monsterinsights_sitenote_note":"","_monsterinsights_sitenote_category":0},"product_brand":[],"product_cat":[12965,12337],"product_tag":[],"class_list":{"0":"post-689309","1":"product","2":"type-product","3":"status-publish","5":"product_cat-genel-politika","6":"product_cat-politika-siyaset","7":"pa_cilt-ciltsiz","8":"pa_tur-kitap","9":"pa_yayinevi-iletisim-yayinlari","10":"pa_yazar-ismail-saymaz","12":"first","13":"instock","14":"sale","15":"shipping-taxable","16":"purchasable","17":"product-type-simple"},"_links":{"self":[{"href":"https:\/\/roveyayinevi.com.tr\/index.php\/wp-json\/wp\/v2\/product\/689309","targetHints":{"allow":["GET"]}}],"collection":[{"href":"https:\/\/roveyayinevi.com.tr\/index.php\/wp-json\/wp\/v2\/product"}],"about":[{"href":"https:\/\/roveyayinevi.com.tr\/index.php\/wp-json\/wp\/v2\/types\/product"}],"wp:attachment":[{"href":"https:\/\/roveyayinevi.com.tr\/index.php\/wp-json\/wp\/v2\/media?parent=689309"}],"wp:term":[{"taxonomy":"product_brand","embeddable":true,"href":"https:\/\/roveyayinevi.com.tr\/index.php\/wp-json\/wp\/v2\/product_brand?post=689309"},{"taxonomy":"product_cat","embeddable":true,"href":"https:\/\/roveyayinevi.com.tr\/index.php\/wp-json\/wp\/v2\/product_cat?post=689309"},{"taxonomy":"product_tag","embeddable":true,"href":"https:\/\/roveyayinevi.com.tr\/index.php\/wp-json\/wp\/v2\/product_tag?post=689309"}],"curies":[{"name":"wp","href":"https:\/\/api.w.org\/{rel}","templated":true}]}}