{"id":689307,"date":"2025-08-27T13:10:57","date_gmt":"2025-08-27T10:10:57","guid":{"rendered":"https:\/\/roveyayinevi.com.tr\/index.php\/urun\/ortadogu-bir-siddet-tarihi\/"},"modified":"2026-04-16T01:59:13","modified_gmt":"2026-04-15T22:59:13","slug":"ortadogu-bir-siddet-tarihi","status":"publish","type":"product","link":"https:\/\/roveyayinevi.com.tr\/index.php\/urun\/ortadogu-bir-siddet-tarihi\/","title":{"rendered":"Ortado\u011fu: Bir \u015eiddet Tarihi"},"content":{"rendered":"<p>\u0130kinci \u0130ntifada, 11 Eyl\u00fcl, L\u00fcbnan \u0130\u00e7 Sava\u015f\u0131, Irak, Afganistan ve Pakistan\u2019da intihar sald\u0131r\u0131lar\u0131&#8230; 1906-1908 aras\u0131nda Tahran ve \u0130stanbul\u2019daki rejim de\u011fi\u015fikliklerinin yol a\u00e7t\u0131\u011f\u0131 kanl\u0131 olaylar&#8230; 1920\u2019lerde kurulan manda rejimlerine kar\u015f\u0131 y\u00fckselen isyan dalgalar\u0131 ve bask\u0131 rejimleri&#8230; 1948\u2019de Filistin\u2019in payla\u015f\u0131lmas\u0131yla ba\u015flayan protestolar, asker\u00ee darbeler, y\u0131k\u0131lan rejimlerden \u00e7ok daha bask\u0131c\u0131 y\u00f6netimlerin t\u0131rmand\u0131rd\u0131\u011f\u0131 gerilim&#8230; 1979\u2019daki \u0130ran Devrimi, Mekke\u2019deki \u0130slamc\u0131 ayaklanma, Camp David Anla\u015fmalar\u0131 ve Afganistan\u2019\u0131n i\u015fgalinin sebep oldu\u011fu olaylar&#8230; 1990\u2019larda M\u0131s\u0131r ve Cezayir\u2019deki cihad yanl\u0131s\u0131 silahl\u0131 m\u00fccadeleler ve El-Kaide&#8230; Bozarslan\u2019\u0131n \u00e7al\u0131\u015fmas\u0131, Ortado\u011fu\u2019daki \u015fiddetin kronolojisinde \u00fc\u00e7 ana d\u00f6nemi \u00f6ne \u00e7\u0131kar\u0131yor: 1906-1979 aras\u0131nda Osmanl\u0131 \u0130mparatorlu\u011fu\u2019ndan \u0130ran\u2019a uzanan devrimci hareketler, 1948\u2019de Filistin\u2019in b\u00f6l\u00fcnmesiyle 1950-1970 aras\u0131n\u0131n otoriter rejimleri, 1966\u2019da Seyyid Kutb\u2019un idam\u0131yla ba\u015flayan ve g\u00fcn\u00fcm\u00fcze kadar gelen \u0130slamc\u0131 muhalefetler.  Ortado\u011fu\u2019da \u015fiddet hakk\u0131nda \u00e7al\u0131\u015fmak, may\u0131nl\u0131 araziye girmeyi kabullenmek anlam\u0131na gelir  diyen Bozarslan, Ortado\u011fu\u2019nun bu \u015fiddet gelene\u011fini orada ya\u015fayanlar\u0131n kaderi olarak g\u00f6steren k\u00fclt\u00fcralist e\u011filimden uzak durarak bu zorlu arazide ba\u015far\u0131yla ilerliyor. Ortado\u011fu: Bir \u015eiddet Tarihi \u00f6nce bask\u0131c\u0131 rejimin, ard\u0131ndan bu rejime kar\u015f\u0131 isyan\u0131n ve nihayet isyan\u0131n bast\u0131r\u0131lmas\u0131n\u0131n arac\u0131 olan \u015fiddeti, dinamikleri ve k\u00f6kenleriyle; insanlar\u0131 silahl\u0131 m\u00fccadeleye ya da kendilerini feda etmeye iten sosyo-ekonomik nedenleriyle birlikte \u00e7arp\u0131c\u0131 bi\u00e7imde ortaya koyuyor. <\/p>\n","protected":false},"excerpt":{"rendered":"<p>\u0130kinci \u0130ntifada, 11 Eyl\u00fcl, L\u00fcbnan \u0130\u00e7 Sava\u015f\u0131, Irak, Afganistan ve Pakistan\u2019da intihar sald\u0131r\u0131lar\u0131&#8230; 1906-1908 aras\u0131nda Tahran ve \u0130stanbul\u2019daki rejim de\u011fi\u015fikliklerinin yol a\u00e7t\u0131\u011f\u0131 kanl\u0131 olaylar&#8230; 1920\u2019lerde kurulan<span class=\"excerpt-hellip\"> [\u2026]<\/span><\/p>\n","protected":false},"featured_media":0,"template":"","meta":{"_monsterinsights_skip_tracking":false,"_monsterinsights_sitenote_active":false,"_monsterinsights_sitenote_note":"","_monsterinsights_sitenote_category":0},"product_brand":[],"product_cat":[13517,12304],"product_tag":[],"class_list":{"0":"post-689307","1":"product","2":"type-product","3":"status-publish","5":"product_cat-osmanli-tarihi","6":"product_cat-tarih","7":"pa_cilt-ciltsiz","8":"pa_tur-kitap","9":"pa_yayinevi-iletisim-yayinlari","10":"pa_yazar-hamit-bozarslan","12":"first","13":"instock","14":"sale","15":"shipping-taxable","16":"purchasable","17":"product-type-simple"},"_links":{"self":[{"href":"https:\/\/roveyayinevi.com.tr\/index.php\/wp-json\/wp\/v2\/product\/689307","targetHints":{"allow":["GET"]}}],"collection":[{"href":"https:\/\/roveyayinevi.com.tr\/index.php\/wp-json\/wp\/v2\/product"}],"about":[{"href":"https:\/\/roveyayinevi.com.tr\/index.php\/wp-json\/wp\/v2\/types\/product"}],"wp:attachment":[{"href":"https:\/\/roveyayinevi.com.tr\/index.php\/wp-json\/wp\/v2\/media?parent=689307"}],"wp:term":[{"taxonomy":"product_brand","embeddable":true,"href":"https:\/\/roveyayinevi.com.tr\/index.php\/wp-json\/wp\/v2\/product_brand?post=689307"},{"taxonomy":"product_cat","embeddable":true,"href":"https:\/\/roveyayinevi.com.tr\/index.php\/wp-json\/wp\/v2\/product_cat?post=689307"},{"taxonomy":"product_tag","embeddable":true,"href":"https:\/\/roveyayinevi.com.tr\/index.php\/wp-json\/wp\/v2\/product_tag?post=689307"}],"curies":[{"name":"wp","href":"https:\/\/api.w.org\/{rel}","templated":true}]}}