{"id":689304,"date":"2025-08-27T13:10:56","date_gmt":"2025-08-27T10:10:56","guid":{"rendered":"https:\/\/roveyayinevi.com.tr\/index.php\/urun\/travnik-gunlugu\/"},"modified":"2026-04-16T01:59:13","modified_gmt":"2026-04-15T22:59:13","slug":"travnik-gunlugu","status":"publish","type":"product","link":"https:\/\/roveyayinevi.com.tr\/index.php\/urun\/travnik-gunlugu\/","title":{"rendered":"Travnik G\u00fcnl\u00fc\u011f\u00fc"},"content":{"rendered":"<p>Travnik G\u00fcnl\u00fc\u011f\u00fc, Drina K\u00f6pr\u00fcs\u00fc\u2019n\u00fcn de yazar\u0131, Nobel Edebiyat \u00f6d\u00fcll\u00fc \u0130vo Andri\u00e7\u2019in Balkanlar\u2019daki \u00e7arp\u0131c\u0131 toplumsal de\u011fi\u015fimi Bosna\u2019n\u0131n aynas\u0131ndan yans\u0131tan ba\u015fyap\u0131tlar\u0131ndan biri. Travnik G\u00fcnl\u00fc\u011f\u00fc\u2019nde Andri\u00e7, 1807-1814 aras\u0131 yedi y\u0131ll\u0131k d\u00f6nemde Osmanl\u0131\u2019n\u0131n Bosna eyaletinin ba\u015fkenti Travnik\u2019te vezir kona\u011f\u0131 ile Fransa ve Avusturya konsolosluklar\u0131 aras\u0131nda k\u00fcmelenen olaylar\u0131, S\u0131rbistan ayaklanmalar\u0131 ve Napol\u00e9on seferlerinin da\u011flar aras\u0131na s\u0131k\u0131\u015fm\u0131\u015f bu k\u00fc\u00e7\u00fck kasabaya getirdi\u011fi yank\u0131lar\u0131 anlat\u0131r. S\u0131rp, H\u0131rvat, Arnavut, Levanten, Yahudi, Frans\u0131z ve Avusturyal\u0131 kimliklerin birbirine ge\u00e7i\u015fti\u011fi bu b\u00f6lgenin zengin deneyimine insanc\u0131l bir dikkat ve itinayla e\u011filen Travnik G\u00fcnl\u00fc\u011f\u00fc, Osmanl\u0131 idaresi alt\u0131ndaki Balkanlar\u0131n benzersiz bir panoramas\u0131d\u0131r. Andri\u00e7, Travnik G\u00fcnl\u00fc\u011f\u00fc\u2019nde \u00e7a\u011f\u0131m\u0131z insan\u0131na ancak g\u00f6lgeler halinde akseden tarihsel hakikatleri bulup \u00e7\u0131kart\u0131rken sadece b\u00fcy\u00fck romanc\u0131lar\u0131n ba\u015farabilece\u011fi bir insanl\u0131k ger\u00e7ekli\u011fini sunuyor. \u201c\u0130vo Andri\u00e7, Yugoslavya\u2019n\u0131n en b\u00fcy\u00fck yazarlar\u0131ndan biriydi. Toplumunun ilgin\u00e7 ve karma\u015f\u0131k tarihi, Andri\u00e7\u2019in yarat\u0131c\u0131 zihninin ba\u015fl\u0131ca besin kayna\u011f\u0131 olmu\u015ftur.\u201d Murat Belge<\/p>\n","protected":false},"excerpt":{"rendered":"<p>Travnik G\u00fcnl\u00fc\u011f\u00fc, Drina K\u00f6pr\u00fcs\u00fc\u2019n\u00fcn de yazar\u0131, Nobel Edebiyat \u00f6d\u00fcll\u00fc \u0130vo Andri\u00e7\u2019in Balkanlar\u2019daki \u00e7arp\u0131c\u0131 toplumsal de\u011fi\u015fimi Bosna\u2019n\u0131n aynas\u0131ndan yans\u0131tan ba\u015fyap\u0131tlar\u0131ndan biri. Travnik G\u00fcnl\u00fc\u011f\u00fc\u2019nde Andri\u00e7, 1807-1814 aras\u0131 yedi<span class=\"excerpt-hellip\"> [\u2026]<\/span><\/p>\n","protected":false},"featured_media":0,"template":"","meta":{"_monsterinsights_skip_tracking":false,"_monsterinsights_sitenote_active":false,"_monsterinsights_sitenote_note":"","_monsterinsights_sitenote_category":0},"product_brand":[],"product_cat":[13661,12291],"product_tag":[],"class_list":{"0":"post-689304","1":"product","2":"type-product","3":"status-publish","5":"product_cat-diger-ulke-edebiyatlari","6":"product_cat-edebiyat","7":"pa_cilt-ciltsiz","8":"pa_tur-kitap","9":"pa_yayinevi-iletisim-yayinlari","10":"pa_yazar-ivo-andric","12":"first","13":"instock","14":"sale","15":"shipping-taxable","16":"purchasable","17":"product-type-simple"},"_links":{"self":[{"href":"https:\/\/roveyayinevi.com.tr\/index.php\/wp-json\/wp\/v2\/product\/689304","targetHints":{"allow":["GET"]}}],"collection":[{"href":"https:\/\/roveyayinevi.com.tr\/index.php\/wp-json\/wp\/v2\/product"}],"about":[{"href":"https:\/\/roveyayinevi.com.tr\/index.php\/wp-json\/wp\/v2\/types\/product"}],"wp:attachment":[{"href":"https:\/\/roveyayinevi.com.tr\/index.php\/wp-json\/wp\/v2\/media?parent=689304"}],"wp:term":[{"taxonomy":"product_brand","embeddable":true,"href":"https:\/\/roveyayinevi.com.tr\/index.php\/wp-json\/wp\/v2\/product_brand?post=689304"},{"taxonomy":"product_cat","embeddable":true,"href":"https:\/\/roveyayinevi.com.tr\/index.php\/wp-json\/wp\/v2\/product_cat?post=689304"},{"taxonomy":"product_tag","embeddable":true,"href":"https:\/\/roveyayinevi.com.tr\/index.php\/wp-json\/wp\/v2\/product_tag?post=689304"}],"curies":[{"name":"wp","href":"https:\/\/api.w.org\/{rel}","templated":true}]}}