{"id":689301,"date":"2025-08-27T13:10:56","date_gmt":"2025-08-27T10:10:56","guid":{"rendered":"https:\/\/roveyayinevi.com.tr\/index.php\/urun\/ergenekon-milli-mucadele-yazilari\/"},"modified":"2026-04-16T01:59:13","modified_gmt":"2026-04-15T22:59:13","slug":"ergenekon-milli-mucadele-yazilari","status":"publish","type":"product","link":"https:\/\/roveyayinevi.com.tr\/index.php\/urun\/ergenekon-milli-mucadele-yazilari\/","title":{"rendered":"Ergenekon: Milli M\u00fccadele Yaz\u0131lar\u0131"},"content":{"rendered":"<p>Ergenekon ad\u0131 alt\u0131nda toplad\u0131\u011f\u0131m yaz\u0131lar(&#8230;) Mill\u00ee M\u00fccadele s\u0131ralar\u0131nda, \u0130kdam gazetesinde \u00e7\u0131km\u0131\u015f makalelerden bir k\u00fc\u00e7\u00fck k\u0131s\u0131md\u0131r. (&#8230;) G\u00fcn\u00fc g\u00fcn\u00fcne, \u00fc\u00e7 y\u0131ll\u0131k bir devreyi dolduran y\u00fczlerce makale i\u00e7inden yaln\u0131z elli-altm\u0131\u015f tanesini ay\u0131r\u0131p bir kitap halinde yay\u0131mlad\u0131m. (&#8230;) 1920 y\u0131l\u0131ndan 1923\u2019e kadar T\u00fcrk milletinin ge\u00e7irdi\u011fi vicdan ve fikir buhranlar\u0131n\u0131, ancak bu gibi yaz\u0131larla hat\u0131rlamak kabildir. \u0130\u015fte Ergenekon\u2019u te\u015fkil eden par\u00e7alar\u0131n yeg\u00e2ne k\u0131ymeti bu fikir ve vicdan krizlerini \u00f6b\u00fcrlerinden daha bariz bir surette g\u00f6stermesinden ibarettir. Bu itibar ile bu yaz\u0131lar\u0131, o devrin m\u00e2nev\u00ee manzaralar\u0131n\u0131, ate\u015ften bir \u00e7izgi halinde aksettiren birer k\u00fc\u00e7\u00fck aynaya benzetebiliriz. Yakup Kadri Karaosmano\u011flu Yirminci y\u00fczy\u0131l\u0131n ilk yar\u0131s\u0131nda b\u00fcy\u00fck bir \u00fcretkenlikle dergilere yazd\u0131\u011f\u0131 \u015fiir, \u00f6yk\u00fc, makale ve ele\u015ftri t\u00fcr\u00fc yaz\u0131larla T\u00fcrk edebiyat\u0131 sahnesine ad\u0131m\u0131n\u0131 atan Yakup Kadri Karaosmano\u011flu, romanlar\u0131, hikayeleri, denemeleri, oyunlar\u0131 ve an\u0131lar\u0131yla, en \u00f6nemli edebiyat\u00e7\u0131lar\u0131m\u0131z aras\u0131nda yer al\u0131r. \u00dcslup \u00f6zellikleri bak\u0131m\u0131ndan Yakup Kadri\u2019nin 1910\u2019dan 1974\u2019e dek verdi\u011fi eserler T\u00fcrk\u00e7e\u2019nin ge\u00e7irdi\u011fi b\u00fct\u00fcn evreleri yans\u0131t\u0131r. Eserlerinin konu ve fikir zenginli\u011fi de dil \u00f6zelliklerinin \u00e7e\u015fitlili\u011finden a\u015fa\u011f\u0131 kalmaz. Yakup Kadri\u2019nin Frans\u0131z edebiyat\u0131 etkisinde ba\u015flayan yazarl\u0131\u011f\u0131, 1920\u2019lerden sonra \u00f6zg\u00fcn bir sese kavu\u015farak siyasi ve sosyolojik konulara, tarihe, d\u00f6nem \u00e7at\u0131\u015fmalar\u0131na ve birey psikolojisi irdelemelerine y\u00f6nelir. Fecr-i Ati\u2019den yeti\u015fmi\u015f ama bunu izleyen elli y\u0131l boyunca toplumsal ko\u015fullar, tarihi s\u00fcre\u00e7ler ve bireysel portreleri roman\u0131n dokusuna i\u015flemek i\u00e7in roman tekni\u011fiyle de bo\u011fu\u015fmu\u015f bir yazar olan Karaosmano\u011flu\u2019nun eserleri, hala t\u00fcketilmemi\u015f ayr\u0131nt\u0131lar\u0131n\u0131n tart\u0131\u015f\u0131l\u0131p incelenmesi gereken zengin bir \u201cpanoroma\u201dd\u0131r.<\/p>\n","protected":false},"excerpt":{"rendered":"<p>Ergenekon ad\u0131 alt\u0131nda toplad\u0131\u011f\u0131m yaz\u0131lar(&#8230;) Mill\u00ee M\u00fccadele s\u0131ralar\u0131nda, \u0130kdam gazetesinde \u00e7\u0131km\u0131\u015f makalelerden bir k\u00fc\u00e7\u00fck k\u0131s\u0131md\u0131r. (&#8230;) G\u00fcn\u00fc g\u00fcn\u00fcne, \u00fc\u00e7 y\u0131ll\u0131k bir devreyi dolduran y\u00fczlerce makale i\u00e7inden<span class=\"excerpt-hellip\"> [\u2026]<\/span><\/p>\n","protected":false},"featured_media":0,"template":"","meta":{"_monsterinsights_skip_tracking":false,"_monsterinsights_sitenote_active":false,"_monsterinsights_sitenote_note":"","_monsterinsights_sitenote_category":0},"product_brand":[],"product_cat":[13278,12324],"product_tag":[],"class_list":{"0":"post-689301","1":"product","2":"type-product","3":"status-publish","5":"product_cat-sivil-toplum-kuruluslari","6":"product_cat-sosyoloji","7":"pa_cilt-ciltsiz","8":"pa_tur-kitap","9":"pa_yayinevi-iletisim-yayinlari","10":"pa_yazar-yakup-kadri-karaosmanoglu","12":"first","13":"instock","14":"sale","15":"shipping-taxable","16":"purchasable","17":"product-type-simple"},"_links":{"self":[{"href":"https:\/\/roveyayinevi.com.tr\/index.php\/wp-json\/wp\/v2\/product\/689301","targetHints":{"allow":["GET"]}}],"collection":[{"href":"https:\/\/roveyayinevi.com.tr\/index.php\/wp-json\/wp\/v2\/product"}],"about":[{"href":"https:\/\/roveyayinevi.com.tr\/index.php\/wp-json\/wp\/v2\/types\/product"}],"wp:attachment":[{"href":"https:\/\/roveyayinevi.com.tr\/index.php\/wp-json\/wp\/v2\/media?parent=689301"}],"wp:term":[{"taxonomy":"product_brand","embeddable":true,"href":"https:\/\/roveyayinevi.com.tr\/index.php\/wp-json\/wp\/v2\/product_brand?post=689301"},{"taxonomy":"product_cat","embeddable":true,"href":"https:\/\/roveyayinevi.com.tr\/index.php\/wp-json\/wp\/v2\/product_cat?post=689301"},{"taxonomy":"product_tag","embeddable":true,"href":"https:\/\/roveyayinevi.com.tr\/index.php\/wp-json\/wp\/v2\/product_tag?post=689301"}],"curies":[{"name":"wp","href":"https:\/\/api.w.org\/{rel}","templated":true}]}}

Ergenekon: Milli Mücadele Yazıları

<p>Ergenekon adı altında topladığım yazılar(&#8230;) Millî Mücadele sıralarında, İkdam gazetesinde çıkmış makalelerden bir küçük kısımdır. (&#8230;) Günü gününe, üç yıllık bir devreyi dolduran yüzlerce makale içinden yalnız elli-altmış tanesini ayırıp bir kitap halinde yayımladım. (&#8230;) 1920 yılından 1923’e kadar Türk milletinin geçirdiği vicdan ve fikir buhranlarını, ancak bu gibi yazılarla hatırlamak kabildir. İşte Ergenekon’u teşkil eden parçaların yegâne kıymeti bu fikir ve vicdan krizlerini öbürlerinden daha bariz bir surette göstermesinden ibarettir. Bu itibar ile bu yazıları, o devrin mânevî manzaralarını, ateşten bir çizgi halinde aksettiren birer küçük aynaya benzetebiliriz. Yakup Kadri Karaosmanoğlu Yirminci yüzyılın ilk yarısında büyük bir üretkenlikle dergilere yazdığı şiir, öykü, makale ve eleştri türü yazılarla Türk edebiyatı sahnesine adımını atan Yakup Kadri Karaosmanoğlu, romanları, hikayeleri, denemeleri, oyunları ve anılarıyla, en önemli edebiyatçılarımız arasında yer alır. Üslup özellikleri bakımından Yakup Kadri’nin 1910’dan 1974’e dek verdiği eserler Türkçe’nin geçirdiği bütün evreleri yansıtır. Eserlerinin konu ve fikir zenginliği de dil özelliklerinin çeşitliliğinden aşağı kalmaz. Yakup Kadri’nin Fransız edebiyatı etkisinde başlayan yazarlığı, 1920’lerden sonra özgün bir sese kavuşarak siyasi ve sosyolojik konulara, tarihe, dönem çatışmalarına ve birey psikolojisi irdelemelerine yönelir. Fecr-i Ati’den yetişmiş ama bunu izleyen elli yıl boyunca toplumsal koşullar, tarihi süreçler ve bireysel portreleri romanın dokusuna işlemek için roman tekniğiyle de boğuşmuş bir yazar olan Karaosmanoğlu’nun eserleri, hala tüketilmemiş ayrıntılarının tartışılıp incelenmesi gereken zengin bir “panoroma”dır.</p>

<p>Ergenekon adı altında topladığım yazılar(&#8230;) Millî Mücadele sıralarında, İkdam gazetesinde çıkmış makalelerden bir küçük kısımdır. (&#8230;) Günü gününe, üç yıllık bir devreyi dolduran yüzlerce makale içinden<span class="excerpt-hellip"> […]</span></p>
