{"id":689298,"date":"2025-08-27T13:10:55","date_gmt":"2025-08-27T10:10:55","guid":{"rendered":"https:\/\/roveyayinevi.com.tr\/index.php\/urun\/tiyatro-eserleri\/"},"modified":"2026-04-16T01:59:13","modified_gmt":"2026-04-15T22:59:13","slug":"tiyatro-eserleri","status":"publish","type":"product","link":"https:\/\/roveyayinevi.com.tr\/index.php\/urun\/tiyatro-eserleri\/","title":{"rendered":"Tiyatro Eserleri"},"content":{"rendered":"<p>Kitapta d\u00f6rt piyes var. \u201cNirvana\u201d, i\u00e7kinin delirtti\u011fi bir baban\u0131n yine i\u00e7kiye d\u00fc\u015fk\u00fcn, ak\u0131l sa\u011fl\u0131\u011f\u0131 bozuk o\u011flunun a\u015fk sanat ve ya\u015fam \u00f6n\u00fcndeki k\u00f6t\u00fcmserli\u011fini ele al\u0131yor. \u201cVeda\u201d toplumumuzdaki din ayr\u0131l\u0131\u011f\u0131n\u0131 hesaba katmadan herhangi bir kad\u0131nla s\u00fcrd\u00fcr\u00fclen metres hayat\u0131n\u0131n ta\u015flamas\u0131; \u201cSa\u011fanak\u201d eski ile yeninin, ku\u015faklar\u0131n \u00e7at\u0131\u015fmas\u0131; \u201cMa\u011fara\u201dda ise a\u015fklar\u0131n aras\u0131na engel olarak giren kadere kar\u015f\u0131 g\u00fc\u00e7s\u00fczl\u00fck konusu i\u015fleniyor. Yirminci y\u00fczy\u0131l\u0131n ilk yar\u0131s\u0131nda b\u00fcy\u00fck bir \u00fcretkenlikle dergilere yazd\u0131\u011f\u0131 \u015fiir, \u00f6yk\u00fc, makale ve ele\u015ftri t\u00fcr\u00fc yaz\u0131larla T\u00fcrk edebiyat\u0131 sahnesine ad\u0131m\u0131n\u0131 atan Yakup Kadri Karaosmano\u011flu, romanlar\u0131, hikayeleri, denemeleri, oyunlar\u0131 ve an\u0131lar\u0131yla, en \u00f6nemli edebiyat\u00e7\u0131lar\u0131m\u0131z aras\u0131nda yer al\u0131r. \u00dcslup \u00f6zellikleri bak\u0131m\u0131ndan Yakup Kadri\u2019nin 1910\u2019dan 1974\u2019e dek verdi\u011fi eserler T\u00fcrk\u00e7e\u2019nin ge\u00e7irdi\u011fi b\u00fct\u00fcn evreleri yans\u0131t\u0131r. Eserlerinin konu ve fikir zenginli\u011fi de dil \u00f6zelliklerinin \u00e7e\u015fitlili\u011finden a\u015fa\u011f\u0131 kalmaz. Yakup Kadri\u2019nin Frans\u0131z edebiyat\u0131 etkisinde ba\u015flayan yazarl\u0131\u011f\u0131, 1920\u2019lerden sonra \u00f6zg\u00fcn bir sese kavu\u015farak siyasi ve sosyolojik konulara, tarihe, d\u00f6nem \u00e7at\u0131\u015fmalar\u0131na ve birey psikolojisi irdelemelerine y\u00f6nelir. Fecr-i Ati\u2019den yeti\u015fmi\u015f ama bunu izleyen elli y\u0131l boyunca toplumsal ko\u015fullar, tarihi s\u00fcre\u00e7ler ve bireysel portreleri roman\u0131n dokusuna i\u015flemek i\u00e7in roman tekni\u011fiyle de bo\u011fu\u015fmu\u015f bir yazar olan Karaosmano\u011flu\u2019nun eserleri, hala t\u00fcketilmemi\u015f ayr\u0131nt\u0131lar\u0131n\u0131n tart\u0131\u015f\u0131l\u0131p incelenmesi gereken zengin bir \u201cpanoroma\u201dd\u0131r.<\/p>\n","protected":false},"excerpt":{"rendered":"<p>Kitapta d\u00f6rt piyes var. \u201cNirvana\u201d, i\u00e7kinin delirtti\u011fi bir baban\u0131n yine i\u00e7kiye d\u00fc\u015fk\u00fcn, ak\u0131l sa\u011fl\u0131\u011f\u0131 bozuk o\u011flunun a\u015fk sanat ve ya\u015fam \u00f6n\u00fcndeki k\u00f6t\u00fcmserli\u011fini ele al\u0131yor. \u201cVeda\u201d toplumumuzdaki<span class=\"excerpt-hellip\"> [\u2026]<\/span><\/p>\n","protected":false},"featured_media":0,"template":"","meta":{"_monsterinsights_skip_tracking":false,"_monsterinsights_sitenote_active":false,"_monsterinsights_sitenote_note":"","_monsterinsights_sitenote_category":0},"product_brand":[],"product_cat":[12291,14272],"product_tag":[],"class_list":{"0":"post-689298","1":"product","2":"type-product","3":"status-publish","5":"product_cat-edebiyat","6":"product_cat-tiyatro","7":"pa_cilt-ciltsiz","8":"pa_tur-kitap","9":"pa_yayinevi-iletisim-yayinlari","10":"pa_yazar-yakup-kadri-karaosmanoglu","12":"first","13":"instock","14":"sale","15":"shipping-taxable","16":"purchasable","17":"product-type-simple"},"_links":{"self":[{"href":"https:\/\/roveyayinevi.com.tr\/index.php\/wp-json\/wp\/v2\/product\/689298","targetHints":{"allow":["GET"]}}],"collection":[{"href":"https:\/\/roveyayinevi.com.tr\/index.php\/wp-json\/wp\/v2\/product"}],"about":[{"href":"https:\/\/roveyayinevi.com.tr\/index.php\/wp-json\/wp\/v2\/types\/product"}],"wp:attachment":[{"href":"https:\/\/roveyayinevi.com.tr\/index.php\/wp-json\/wp\/v2\/media?parent=689298"}],"wp:term":[{"taxonomy":"product_brand","embeddable":true,"href":"https:\/\/roveyayinevi.com.tr\/index.php\/wp-json\/wp\/v2\/product_brand?post=689298"},{"taxonomy":"product_cat","embeddable":true,"href":"https:\/\/roveyayinevi.com.tr\/index.php\/wp-json\/wp\/v2\/product_cat?post=689298"},{"taxonomy":"product_tag","embeddable":true,"href":"https:\/\/roveyayinevi.com.tr\/index.php\/wp-json\/wp\/v2\/product_tag?post=689298"}],"curies":[{"name":"wp","href":"https:\/\/api.w.org\/{rel}","templated":true}]}}