{"id":689297,"date":"2025-08-27T13:10:55","date_gmt":"2025-08-27T10:10:55","guid":{"rendered":"https:\/\/roveyayinevi.com.tr\/index.php\/urun\/osmanli-burokrasisi-ve-modernlesme\/"},"modified":"2026-04-16T01:59:13","modified_gmt":"2026-04-15T22:59:13","slug":"osmanli-burokrasisi-ve-modernlesme","status":"publish","type":"product","link":"https:\/\/roveyayinevi.com.tr\/index.php\/urun\/osmanli-burokrasisi-ve-modernlesme\/","title":{"rendered":"Osmanl\u0131 B\u00fcrokrasisi ve Modernle\u015fme"},"content":{"rendered":"<p>Osmanl\u0131 Devleti\u2019nin klasik b\u00fcrokratik yap\u0131s\u0131, modernle\u015fme s\u00fcrecinin etkisiyle 19. y\u00fczy\u0131lda k\u00f6kl\u00fc bir de\u011fi\u015fim ge\u00e7irmi\u015fti. Daha \u00f6nce yay\u0131nlad\u0131\u011f\u0131m\u0131z Para Pul Oldu: Osmanl\u0131\u2019da K\u00e2\u011f\u0131t Para, Maliye ve Toplum adl\u0131 kitab\u0131yla bankac\u0131l\u0131k ve finans tarihi yar\u0131\u015fmas\u0131nda birincilik \u00f6d\u00fcl\u00fc kazanan Ali Aky\u0131ld\u0131z, Osmanl\u0131 B\u00fcrokrasisi ve Modernle\u015fme\u2019de derlenen yaz\u0131lar\u0131nda, 19. y\u00fczy\u0131l boyunca Osmanl\u0131 b\u00fcrokrasisinde ya\u015fanan merkez\u00eele\u015fme, geni\u015fleme ve reform s\u00fcrecini ayr\u0131nt\u0131lar\u0131yla ele al\u0131yor. \u00d6ncelikle b\u00fcrokratik yenile\u015fmeyi zorunlu k\u0131lan nedenleri inceleyen yazar, modernle\u015fmenin ka\u00e7\u0131n\u0131lmaz bir s\u00fcre\u00e7 olarak kendisini nas\u0131l dayatt\u0131\u011f\u0131na dikkat \u00e7ekiyor. Aky\u0131ld\u0131z\u2019a g\u00f6re, Osmanl\u0131 modernle\u015fmesinin ger\u00e7ek ba\u015flang\u0131c\u0131, Tanzimat Ferman\u0131 de\u011fil, idar\u00ee sistemin b\u00fct\u00fcn\u00fcyle yeniden d\u00fczenlendi\u011fi ve bir\u00e7ok yeni kurumun olu\u015fturuldu\u011fu II. Mahmud d\u00f6nemidir. Merkez ve ta\u015fra te\u015fkilat\u0131ndaki reformlar\u0131n ve otorite payla\u015f\u0131m\u0131 m\u00fccadelesinin irdelendi\u011fi kitapta, yenile\u015fmenin billurla\u015ft\u0131\u011f\u0131 modern geli\u015fmeler \u00fczerinde duruluyor: Modern ar\u015fivin kurulmas\u0131, belgelerin dil, \u015fekil ve i\u00e7erik y\u00f6n\u00fcnden de\u011fi\u015fimi, nezaretlerin ve daim\u00ee meclislerin olu\u015fturulmas\u0131&#8230; Ayr\u0131ca, II. Abd\u00fclhamid\u2019in \u00e7al\u0131\u015fma sistemi, y\u00f6netim anlay\u0131\u015f\u0131 ve B\u00e2b\u0131\u00e2li\u2019yle ili\u015fkileri, \u00e7ok zengin ve farkl\u0131 t\u00fcr kaynaklar kullan\u0131larak analiz ediliyor. Osmanl\u0131 B\u00fcrokrasisi ve Modernle\u015fme, son derece kapsaml\u0131 bir ar\u015fiv ara\u015ft\u0131rmas\u0131na dayanan, titiz bir tarih\u00e7ilik \u00f6rne\u011fi&#8230; <\/p>\n","protected":false},"excerpt":{"rendered":"<p>Osmanl\u0131 Devleti\u2019nin klasik b\u00fcrokratik yap\u0131s\u0131, modernle\u015fme s\u00fcrecinin etkisiyle 19. y\u00fczy\u0131lda k\u00f6kl\u00fc bir de\u011fi\u015fim ge\u00e7irmi\u015fti. Daha \u00f6nce yay\u0131nlad\u0131\u011f\u0131m\u0131z Para Pul Oldu: Osmanl\u0131\u2019da K\u00e2\u011f\u0131t Para, Maliye ve Toplum<span class=\"excerpt-hellip\"> [\u2026]<\/span><\/p>\n","protected":false},"featured_media":0,"template":"","meta":{"_monsterinsights_skip_tracking":false,"_monsterinsights_sitenote_active":false,"_monsterinsights_sitenote_note":"","_monsterinsights_sitenote_category":0},"product_brand":[],"product_cat":[13517,12304],"product_tag":[],"class_list":{"0":"post-689297","1":"product","2":"type-product","3":"status-publish","5":"product_cat-osmanli-tarihi","6":"product_cat-tarih","7":"pa_cilt-ciltsiz","8":"pa_tur-kitap","9":"pa_yayinevi-iletisim-yayinlari","10":"pa_yazar-ali-akyildiz","12":"first","13":"instock","14":"sale","15":"shipping-taxable","16":"purchasable","17":"product-type-simple"},"_links":{"self":[{"href":"https:\/\/roveyayinevi.com.tr\/index.php\/wp-json\/wp\/v2\/product\/689297","targetHints":{"allow":["GET"]}}],"collection":[{"href":"https:\/\/roveyayinevi.com.tr\/index.php\/wp-json\/wp\/v2\/product"}],"about":[{"href":"https:\/\/roveyayinevi.com.tr\/index.php\/wp-json\/wp\/v2\/types\/product"}],"wp:attachment":[{"href":"https:\/\/roveyayinevi.com.tr\/index.php\/wp-json\/wp\/v2\/media?parent=689297"}],"wp:term":[{"taxonomy":"product_brand","embeddable":true,"href":"https:\/\/roveyayinevi.com.tr\/index.php\/wp-json\/wp\/v2\/product_brand?post=689297"},{"taxonomy":"product_cat","embeddable":true,"href":"https:\/\/roveyayinevi.com.tr\/index.php\/wp-json\/wp\/v2\/product_cat?post=689297"},{"taxonomy":"product_tag","embeddable":true,"href":"https:\/\/roveyayinevi.com.tr\/index.php\/wp-json\/wp\/v2\/product_tag?post=689297"}],"curies":[{"name":"wp","href":"https:\/\/api.w.org\/{rel}","templated":true}]}}