{"id":689293,"date":"2025-08-27T13:10:54","date_gmt":"2025-08-27T10:10:54","guid":{"rendered":"https:\/\/roveyayinevi.com.tr\/index.php\/urun\/orada-bir-koy-var-uzakta-erken-cumhuriyet-doneminde-koycu-soylem\/"},"modified":"2026-02-25T12:44:07","modified_gmt":"2026-02-25T09:44:07","slug":"orada-bir-koy-var-uzakta-erken-cumhuriyet-doneminde-koycu-soylem","status":"publish","type":"product","link":"https:\/\/roveyayinevi.com.tr\/index.php\/urun\/orada-bir-koy-var-uzakta-erken-cumhuriyet-doneminde-koycu-soylem\/","title":{"rendered":"Orada Bir K\u00f6y Var Uzakta: Erken Cumhuriyet D\u00f6neminde K\u00f6yc\u00fc S\u00f6ylem"},"content":{"rendered":"<p>K\u00f6y ve k\u00f6yl\u00fc romantizmi, T\u00fcrkiye\u2019dde Cumhuriyet\u2019in in\u015fa d\u00f6neminin muteber temalar\u0131ndan biriydi. As\u0131m Kara\u00f6merlio\u011flu, bu romantizmin arkas\u0131n\u0131 kurcal\u0131yor. Cumhuriyet elitinin, bir yandan sanayile\u015fmenin ve kentle\u015fmenin sonu\u00e7lar\u0131ndan duydu\u011fu endi\u015fe sebebiyle k\u00f6yl\u00fcy\u00fc k\u00f6yde tutmaya d\u00f6n\u00fck yollar ararken; bir yandan da k\u00f6yl\u00fclerin \u00f6zerk bir inisiyatif geli\u015ftirmesine mahal vermek istemedi\u011fini g\u00f6steriyor. Yazara yol g\u00f6steren kritik soru \u015fu: Uzun 20. y\u00fczy\u0131lda , neden T\u00fcrkiye\u2019de k\u00f6yl\u00fcl\u00fck \u00f6zellikle uzun s\u00fcrd\u00fc? \ufffcTan\u0131t\u0131m Metni<\/p>\n","protected":false},"excerpt":{"rendered":"<p>K\u00f6y ve k\u00f6yl\u00fc romantizmi, T\u00fcrkiye\u2019dde Cumhuriyet\u2019in in\u015fa d\u00f6neminin muteber temalar\u0131ndan biriydi. As\u0131m Kara\u00f6merlio\u011flu, bu romantizmin arkas\u0131n\u0131 kurcal\u0131yor. Cumhuriyet elitinin, bir yandan sanayile\u015fmenin ve kentle\u015fmenin sonu\u00e7lar\u0131ndan duydu\u011fu<span class=\"excerpt-hellip\"> [\u2026]<\/span><\/p>\n","protected":false},"featured_media":0,"template":"","meta":{"_monsterinsights_skip_tracking":false,"_monsterinsights_sitenote_active":false,"_monsterinsights_sitenote_note":"","_monsterinsights_sitenote_category":0},"product_brand":[],"product_cat":[12304,13493],"product_tag":[],"class_list":{"0":"post-689293","1":"product","2":"type-product","3":"status-publish","5":"product_cat-tarih","6":"product_cat-turkiye-ve-cumhuriyet-tarihi","7":"pa_cilt-ciltsiz","8":"pa_tur-kitap","9":"pa_yayinevi-iletisim-yayinlari","10":"pa_yazar-asim-karaomerlioglu","12":"first","13":"instock","14":"sale","15":"shipping-taxable","16":"purchasable","17":"product-type-simple"},"_links":{"self":[{"href":"https:\/\/roveyayinevi.com.tr\/index.php\/wp-json\/wp\/v2\/product\/689293","targetHints":{"allow":["GET"]}}],"collection":[{"href":"https:\/\/roveyayinevi.com.tr\/index.php\/wp-json\/wp\/v2\/product"}],"about":[{"href":"https:\/\/roveyayinevi.com.tr\/index.php\/wp-json\/wp\/v2\/types\/product"}],"wp:attachment":[{"href":"https:\/\/roveyayinevi.com.tr\/index.php\/wp-json\/wp\/v2\/media?parent=689293"}],"wp:term":[{"taxonomy":"product_brand","embeddable":true,"href":"https:\/\/roveyayinevi.com.tr\/index.php\/wp-json\/wp\/v2\/product_brand?post=689293"},{"taxonomy":"product_cat","embeddable":true,"href":"https:\/\/roveyayinevi.com.tr\/index.php\/wp-json\/wp\/v2\/product_cat?post=689293"},{"taxonomy":"product_tag","embeddable":true,"href":"https:\/\/roveyayinevi.com.tr\/index.php\/wp-json\/wp\/v2\/product_tag?post=689293"}],"curies":[{"name":"wp","href":"https:\/\/api.w.org\/{rel}","templated":true}]}}