{"id":689275,"date":"2025-08-27T13:10:51","date_gmt":"2025-08-27T10:10:51","guid":{"rendered":"https:\/\/roveyayinevi.com.tr\/index.php\/urun\/turk-dis-politikasi-cilt-1-1919-1980-kurtulus-savasindan-bugune-olgular-belgeler-yorumlar\/"},"modified":"2026-04-16T01:58:48","modified_gmt":"2026-04-15T22:58:48","slug":"turk-dis-politikasi-cilt-1-1919-1980-kurtulus-savasindan-bugune-olgular-belgeler-yorumlar","status":"publish","type":"product","link":"https:\/\/roveyayinevi.com.tr\/index.php\/urun\/turk-dis-politikasi-cilt-1-1919-1980-kurtulus-savasindan-bugune-olgular-belgeler-yorumlar\/","title":{"rendered":"T\u00fcrk D\u0131\u015f Politikas\u0131 Cilt 1: 1919-1980 (Kurtulu\u015f Sava\u015f\u0131ndan Bug\u00fcne Olgular, Belgeler, Yorumlar)"},"content":{"rendered":"<p>Uzman bir akademisyen grubu taraf\u0131ndan haz\u0131rlanan bu yap\u0131t, bug\u00fcne de\u011fin yaz\u0131lm\u0131\u015f en hacimli ve ayr\u0131nt\u0131l\u0131 T\u00fcrk D\u0131\u015f Politikas\u0131 kitab\u0131d\u0131r&#8230; Ama bu iki ciltlik \u00e7al\u0131\u015fma yaln\u0131zca meslekten olanlara, uzmanlara hitap etmiyor. \u00c7\u00fcnk\u00fc onu anlamak i\u00e7in uluslararas\u0131 ili\u015fkiler e\u011fitimi g\u00f6rm\u00fc\u015f olmak gerekmiyor; merakl\u0131 bir okur olmak yeterli. \u00d6ncelikle, uzmanl\u0131k jargonundan ka\u00e7\u0131narak, rahat bir dille kaleme al\u0131nd\u0131. \u0130kincisi, d\u0131\u015f politika, toplumsal olaylarla, i\u00e7 politikayla ve uluslararas\u0131 geli\u015fmelerle harmanlanm\u0131\u015f bi\u00e7imde aya\u011f\u0131 yere bast\u0131r\u0131larak anlat\u0131ld\u0131. \u00dc\u00e7\u00fcnc\u00fcs\u00fc, \u00f6zel bilgi gerektirebilecek b\u00fct\u00fcn terim ve kavramlar metinlerin i\u00e7inde yer alan k\u00fc\u00e7\u00fck &#8220;kutu&#8221;larda a\u00e7\u0131kland\u0131. \u0130ktisat\u2019tan hukuk\u2019a, sosyoloji\u2019den co\u011frafya\u2019ya, i\u00e7 politika\u2019dan siyasal tarih\u2019e, strateji\u2019den ekonomi politik\u2019e, dinler tarihi\u2019ne kadar on d\u00f6rt yan dala yay\u0131lan bu kutular\u0131yla ve anlatt\u0131\u011f\u0131 d\u00f6nemlere ili\u015fkin geni\u015f g\u00f6rsel malzemesiyle bu yap\u0131t, bir &#8220;Uluslararas\u0131 \u0130li\u015fkiler Ansiklopedisi&#8221; niteli\u011finde. T\u00fcrk d\u0131\u015f politikas\u0131n\u0131, bir resmi g\u00f6r\u00fc\u015fe ya da herhangi bir siyasal dogmatizme ba\u011fl\u0131 kalmadan, b\u00fct\u00fcn boyutlar\u0131yla, b\u00fct\u00fcn verileri ve ger\u00e7ekli\u011fiyle irdeleyen temel bir ba\u015fvuru kayna\u011f\u0131 sunuyoruz. T\u00fcrk D\u0131\u015f Politikas\u0131 Kurtulu\u015f Sava\u015f\u0131ndan Bug\u00fcne Olgular, Belgeler, Yorumlar Elinizdeki bu cilt, 1919-1980 d\u00f6neminde T\u00fcrkiye\u2019nin d\u0131\u015f politikas\u0131na b\u00fct\u00fcn y\u00f6nleriyle \u0131\u015f\u0131k tutuyor. T\u00fcrkiye Cumhuriyetinin kurulu\u015f ve istikrar kazanma m\u00fccadelesi, \u0130kinci D\u00fcnya Sava\u015f\u0131 ve arifesindeki \u00e7alkant\u0131l\u0131 d\u00f6nem, So\u011fuk Sava\u015f y\u0131llar\u0131n\u0131n b\u00fct\u00fcn d\u0131\u015f politika sorunlar\u0131, bunun yan\u0131nda kendi diplomatik ve politik gelene\u011fini yaratan -kah gergin, kah dostane- ikili ili\u015fkiler ayr\u0131nt\u0131s\u0131yla inceleniyor. D\u0131\u015f politikan\u0131n kimi \u2018mahrem\u2019 kalm\u0131\u015f, kimi eksik-yanl\u0131\u015f aktar\u0131lagelmi\u015f bir\u00e7ok \u00e7arp\u0131c\u0131 olay\u0131n\u0131n ayr\u0131nt\u0131lar\u0131n\u0131 bu ciltte bulacaks\u0131n\u0131z. \ufffcTan\u0131t\u0131m Metni<\/p>\n","protected":false},"excerpt":{"rendered":"<p>Uzman bir akademisyen grubu taraf\u0131ndan haz\u0131rlanan bu yap\u0131t, bug\u00fcne de\u011fin yaz\u0131lm\u0131\u015f en hacimli ve ayr\u0131nt\u0131l\u0131 T\u00fcrk D\u0131\u015f Politikas\u0131 kitab\u0131d\u0131r&#8230; Ama bu iki ciltlik \u00e7al\u0131\u015fma yaln\u0131zca meslekten<span class=\"excerpt-hellip\"> [\u2026]<\/span><\/p>\n","protected":false},"featured_media":0,"template":"","meta":{"_monsterinsights_skip_tracking":false,"_monsterinsights_sitenote_active":false,"_monsterinsights_sitenote_note":"","_monsterinsights_sitenote_category":0},"product_brand":[],"product_cat":[12304,13493],"product_tag":[],"class_list":{"0":"post-689275","1":"product","2":"type-product","3":"status-publish","5":"product_cat-tarih","6":"product_cat-turkiye-ve-cumhuriyet-tarihi","7":"pa_cilt-ciltli","8":"pa_tur-kitap","9":"pa_yayinevi-iletisim-yayinlari","10":"pa_yazar-baskin-oran-ed","12":"first","13":"instock","14":"sale","15":"shipping-taxable","16":"purchasable","17":"product-type-simple"},"_links":{"self":[{"href":"https:\/\/roveyayinevi.com.tr\/index.php\/wp-json\/wp\/v2\/product\/689275","targetHints":{"allow":["GET"]}}],"collection":[{"href":"https:\/\/roveyayinevi.com.tr\/index.php\/wp-json\/wp\/v2\/product"}],"about":[{"href":"https:\/\/roveyayinevi.com.tr\/index.php\/wp-json\/wp\/v2\/types\/product"}],"wp:attachment":[{"href":"https:\/\/roveyayinevi.com.tr\/index.php\/wp-json\/wp\/v2\/media?parent=689275"}],"wp:term":[{"taxonomy":"product_brand","embeddable":true,"href":"https:\/\/roveyayinevi.com.tr\/index.php\/wp-json\/wp\/v2\/product_brand?post=689275"},{"taxonomy":"product_cat","embeddable":true,"href":"https:\/\/roveyayinevi.com.tr\/index.php\/wp-json\/wp\/v2\/product_cat?post=689275"},{"taxonomy":"product_tag","embeddable":true,"href":"https:\/\/roveyayinevi.com.tr\/index.php\/wp-json\/wp\/v2\/product_tag?post=689275"}],"curies":[{"name":"wp","href":"https:\/\/api.w.org\/{rel}","templated":true}]}}